000
CXUS54 KMRX 011000
CF6TYS
PRELIMINARY LOCAL CLIMATOLOGICAL DATA (WS FORM: F-6)
STATION: KNOXVILLE ASOS
MONTH: MARCH
YEAR: 2020
LATITUDE: 35 49 N
LONGITUDE: 83 59 W
TEMPERATURE IN F: :PCPN: SNOW: WIND :SUNSHINE: SKY :PK WND
================================================================================
1 2 3 4 5 6A 6B 7 8 9 10 11 12 13 14 15 16 17 18
12Z AVG MX 2MIN
DY MAX MIN AVG DEP HDD CDD WTR SNW DPTH SPD SPD DIR MIN PSBL S-S WX SPD DR
================================================================================
1 65 24 45 -1 20 0 0.00 0.0 0 5.5 18 230 M M 6 23 230
2 57 48 53 7 12 0 0.60 0.0 0 9.2 17 220 M M 9 1 23 230
3 69 51 60 13 5 0 0.91 0.0 0 9.4 25 210 M M 9 13 32 250
4 65 43 54 7 11 0 0.00 0.0 0 3.7 13 260 M M 9 15 260
5 60 45 53 6 12 0 0.00 0.0 0 6.8 16 220 M M 7 19 220
6 49 38 44 -4 21 0 0.00 0.0 0 11.0 25 280 M M 8 32 280
7 53 35 44 -4 21 0 0.00 0.0 0 7.3 16 20 M M 4 20 20
8 65 29 47 -1 18 0 0.00 0.0 0 3.4 13 240 M M 3 14 240
9 71 36 54 6 11 0 0.00 0.0 0 7.8 26 210 M M 8 29 210
10 64 54 59 10 6 0 0.19 0.0 0 13.4 25 210 M M 10 1 31 210
11 71 56 64 15 1 0 0.00 0.0 0 6.9 22 270 M M 9 1 27 270
12 72 53 63 14 2 0 T 0.0 0 8.5 31 210 M M 10 41 210
13 69 55 62 12 3 0 0.30 0.0 0 9.4 30 210 M M 8 1 39 220
14 59 50 55 5 10 0 T 0.0 0 7.2 20 150 M M 9 24 150
15 54 44 49 -1 16 0 0.16 0.0 0 6.9 16 320 M M 10 18 19 320
16 60 44 52 2 13 0 0.06 0.0 0 2.7 10 290 M M 9 18 13 330
17 62 53 58 7 7 0 0.55 0.0 0 5.3 15 220 M M 10 13 18 220
18 69 55 62 11 3 0 T 0.0 0 5.6 18 180 M M 9 12 22 180
19 80 61 71 20 0 6 0.03 0.0 0 10.5 33 240 M M 9 1 39 220
20 71 60 66 15 0 1 1.68 0.0 0 11.9 24 220 M M 9 13 29 220
21 60 45 53 1 12 0 0.06 0.0 0 8.1 14 350 M M 10 1 17 280
22 61 43 52 0 13 0 0.01 0.0 0 4.7 13 10 M M 10 16 10
23 57 52 55 3 10 0 1.14 0.0 0 4.9 13 230 M M 10 1 16 210
24 57 52 55 3 10 0 0.80 0.0 0 4.9 15 330 M M 10 1 17 330
25 66 50 58 5 7 0 0.00 0.0 0 5.4 13 360 M M 5 1 17 10
26 77 44 61 8 4 0 0.00 0.0 0 7.5 23 240 M M 6 12 28 230
27 82 59 71 18 0 6 T 0.0 0 11.3 23 220 M M 8 8 31 240
28 80 65 73 19 0 8 0.00 0.0 0 12.4 31 230 M M 6 8 35 240
29 77 59 68 14 0 3 0.25 0.0 0 14.8 39 280 M M 8 13 53 270
30 69 50 60 6 5 0 0.00 0.0 0 5.6 15 280 M M 8 19 280
31 56 45 51 -3 14 0 0.55 0.0 0 8.1 18 60 M M 10 1 23 60
================================================================================
SM 2027 1498 267 24 7.29 0.0 240.1 M 256
================================================================================
AV 65.4 48.3 7.7 FASTST M M 8 MAX(MPH)
MISC ----> # 39 280 # 53 270
================================================================================
NOTES:
# LAST OF SEVERAL OCCURRENCES
COLUMN 17 PEAK WIND IN M.P.H.
PRELIMINARY LOCAL CLIMATOLOGICAL DATA (WS FORM: F-6) , PAGE 2
STATION: KNOXVILLE ASOS
MONTH: MARCH
YEAR: 2020
LATITUDE: 35 49 N
LONGITUDE: 83 59 W
[TEMPERATURE DATA] [PRECIPITATION DATA] SYMBOLS USED IN COLUMN 16
AVERAGE MONTHLY: 56.9 TOTAL FOR MONTH: 7.29 1 = FOG OR MIST
DPTR FM NORMAL: 6.6 DPTR FM NORMAL: 2.95 2 = FOG REDUCING VISIBILITY
HIGHEST: 82 ON 27 GRTST 24HR 1.68 ON 20-20 TO 1/4 MILE OR LESS
LOWEST: 24 ON 1 3 = THUNDER
SNOW, ICE PELLETS, HAIL 4 = ICE PELLETS
TOTAL MONTH: 0.0 INCH 5 = HAIL
GRTST 24HR 0.0 6 = FREEZING RAIN OR DRIZZLE
GRTST DEPTH: 0 7 = DUSTSTORM OR SANDSTORM:
VSBY 1/2 MILE OR LESS
8 = SMOKE OR HAZE
[NO. OF DAYS WITH] [WEATHER - DAYS WITH] 9 = BLOWING SNOW
X = TORNADO
MAX 32 OR BELOW: 0 0.01 INCH OR MORE: 15
MAX 90 OR ABOVE: 0 0.10 INCH OR MORE: 11
MIN 32 OR BELOW: 2 0.50 INCH OR MORE: 7
MIN 0 OR BELOW: 0 1.00 INCH OR MORE: 2
[HDD (BASE 65) ]
TOTAL THIS MO. 267 CLEAR (SCALE 0-3) 1
DPTR FM NORMAL -194 PTCLDY (SCALE 4-7) 11
TOTAL FM JUL 1 2667 CLOUDY (SCALE 8-10) 19
DPTR FM NORMAL -690
[CDD (BASE 65) ]
TOTAL THIS MO. 24
DPTR FM NORMAL 19 [PRESSURE DATA]
TOTAL FM JAN 1 27 HIGHEST SLP 30.58 ON 8
DPTR FM NORMAL 22 LOWEST SLP 29.67 ON 31
[REMARKS]
#FINAL-03-20#