000
CXUS54 KMRX 011030
CF6TYS
PRELIMINARY LOCAL CLIMATOLOGICAL DATA (WS FORM: F-6)
STATION: KNOXVILLE MCGHEE TYSON AIRPORT
MONTH: OCTOBER
YEAR: 2023
LATITUDE: 35 49 N
LONGITUDE: 83 59 W
TEMPERATURE IN F: :PCPN: SNOW: WIND :SUNSHINE: SKY :PK WND
================================================================================
1 2 3 4 5 6A 6B 7 8 9 10 11 12 13 14 15 16 17 18
12Z AVG MX 2MIN
DY MAX MIN AVG DEP HDD CDD WTR SNW DPTH SPD SPD DIR MIN PSBL S-S WX SPD DR
================================================================================
1 86 59 73 7 0 8 0.00 0.0 0 3.0 12 50 M M 2 14 40
2 86 58 72 6 0 7 0.00 0.0 0 2.6 13 30 M M 2 17 20
3 86 57 72 6 0 7 0.00 0.0 0 2.2 8 90 M M 2 12 120
4 86 58 72 7 0 7 0.00 0.0 0 2.6 10 340 M M 5 18 340
5 82 62 72 7 0 7 T 0.0 0 3.7 13 230 M M 9 17 230
6 71 62 67 3 0 2 0.23 0.0 0 3.9 12 300 M M 10 12 15 230
7 66 45 56 -8 9 0 0.00 0.0 0 8.7 23 300 M M 3 1 25 310
8 65 40 53 -11 12 0 0.00 0.0 0 4.8 14 300 M M 2 20 270
9 70 43 57 -6 8 0 0.02 0.0 0 6.3 25 200 M M 8 35 210
10 76 51 64 1 1 0 0.01 0.0 0 4.3 18 270 M M 5 1 24 250
11 67 49 58 -4 7 0 0.00 0.0 0 1.4 5 20 M M 10 7 240
12 80 58 69 7 0 4 0.01 0.0 0 5.4 17 30 M M 5 23 40
13 79 53 66 4 0 1 T 0.0 0 3.4 14 200 M M 6 1 20 200
14 77 53 65 4 0 0 0.03 0.0 0 12.9 25 260 M M 9 1 34 290
15 62 49 56 -5 9 0 0.04 0.0 0 8.1 18 10 M M 9 1 26 20
16 57 41 49 -11 16 0 0.05 0.0 0 4.7 13 330 M M 8 1 20 330
17 59 45 52 -8 13 0 0.00 0.0 0 1.3 8 30 M M 9 12 30
18 69 40 55 -5 10 0 0.00 0.0 0 3.1 15 240 M M 4 128 23 250
19 74 47 61 2 4 0 T 0.0 0 8.7 24 210 M M 7 31 200
20 71 50 61 2 4 0 0.08 0.0 0 17.0 22 280 M M 6 3 35 290
21 72 42 57 -1 8 0 0.00 0.0 0 7.6 20 220 M M 0 26 230
22 69 46 58 0 7 0 0.00 0.0 0 5.9 14 10 M M 0 17 360
23 73 41 57 0 8 0 0.00 0.0 0 3.3 7 10 M M 4 M M
24 77 44 61 4 4 0 0.00 0.0 0 2.8 8 290 M M 4 15 40
25 78 43 61 4 4 0 0.00 0.0 0 2.3 9 250 M M 2 13 300
26 81 49 65 9 0 0 0.00 0.0 0 4.9 13 230 M M 4 17 250
27 79 55 67 11 0 2 0.00 0.0 0 2.7 15 240 M M 7 20 250
28 84 57 71 16 0 6 0.00 0.0 0 1.9 10 200 M M 5 14 270
29 79 62 71 16 0 6 0.00 0.0 0 8.7 21 220 M M 6 26 230
30 70 47 59 4 6 0 0.16 0.0 0 9.1 18 270 M M 8 1 23 270
31 56 42 49 -5 16 0 T 0.0 0 9.3 17 330 M M 7 1 25 330
================================================================================
SM 2287 1548 146 57 0.63 0.0 166.6 M 168
================================================================================
AV 73.8 49.9 5.4 FASTST M M 5 MAX(MPH)
MISC ----> # 25 200 35 210
================================================================================
NOTES:
# LAST OF SEVERAL OCCURRENCES
COLUMN 17 PEAK WIND IN M.P.H.
PRELIMINARY LOCAL CLIMATOLOGICAL DATA (WS FORM: F-6) , PAGE 2
STATION: KNOXVILLE MCGHEE TYSON AIRPORT
MONTH: OCTOBER
YEAR: 2023
LATITUDE: 35 49 N
LONGITUDE: 83 59 W
[TEMPERATURE DATA] [PRECIPITATION DATA] SYMBOLS USED IN COLUMN 16
AVERAGE MONTHLY: 61.9 TOTAL FOR MONTH: 0.63 1 = FOG OR MIST
DPTR FM NORMAL: 1.6 DPTR FM NORMAL: -2.18 2 = FOG REDUCING VISIBILITY
HIGHEST: 86 ON 4, 3 GRTST 24HR 0.23 ON 6- 6 TO 1/4 MILE OR LESS
LOWEST: 40 ON 18, 8 3 = THUNDER
SNOW, ICE PELLETS, HAIL 4 = ICE PELLETS
TOTAL MONTH: 0.0 INCH 5 = HAIL
GRTST 24HR 0.0 6 = FREEZING RAIN OR DRIZZLE
GRTST DEPTH: 0 7 = DUSTSTORM OR SANDSTORM:
VSBY 1/2 MILE OR LESS
8 = SMOKE OR HAZE
[NO. OF DAYS WITH] [WEATHER - DAYS WITH] 9 = BLOWING SNOW
X = TORNADO
MAX 32 OR BELOW: 0 0.01 INCH OR MORE: 9
MAX 90 OR ABOVE: 0 0.10 INCH OR MORE: 2
MIN 32 OR BELOW: 0 0.50 INCH OR MORE: 0
MIN 0 OR BELOW: 0 1.00 INCH OR MORE: 0
[HDD (BASE 65) ]
TOTAL THIS MO. 146 CLEAR (SCALE 0-3) 7
DPTR FM NORMAL -42 PTCLDY (SCALE 4-7) 16
TOTAL FM JUL 1 146 CLOUDY (SCALE 8-10) 8
DPTR FM NORMAL -58
[CDD (BASE 65) ]
TOTAL THIS MO. 57
DPTR FM NORMAL 15 [PRESSURE DATA]
TOTAL FM JAN 1 1550 HIGHEST SLP 30.38 ON 25
DPTR FM NORMAL -19 LOWEST SLP 29.62 ON 20
[REMARKS]
#FINAL-10-23#