000
CXUS55 KSEW 010930
CF6UIL
PRELIMINARY LOCAL CLIMATOLOGICAL DATA (WS FORM: F-6)
STATION: QUILLAYUTE WA AIRPORT
MONTH: OCTOBER
YEAR: 2023
LATITUDE: 47 57 N
LONGITUDE: 124 33 W
TEMPERATURE IN F: :PCPN: SNOW: WIND :SUNSHINE: SKY :PK WND
================================================================================
1 2 3 4 5 6A 6B 7 8 9 10 11 12 13 14 15 16 17 18
12Z AVG MX 2MIN
DY MAX MIN AVG DEP HDD CDD WTR SNW DPTH SPD SPD DIR MIN PSBL S-S WX SPD DR
================================================================================
1 67 39 53 -1 12 0 T M M 3.2 14 240 M M 2 18 18 240
2 62 52 57 3 8 0 0.47 M M 4.1 13 40 M M 9 18 17 20
3 64 48 56 2 9 0 0.00 M M 3.4 14 10 M M 7 128 19 360
4 66 56 61 8 4 0 T M M 3.1 9 330 M M 10 18 13 320
5 76 52 64 11 1 0 0.00 M M 4.6 15 20 M M 3 12 20 20
6 84 49 67 14 0 2 0.00 M M 3.6 13 40 M M 0 18 16 290
7 80 51 66 13 0 1 0.00 M M 6.2 15 190 M M 3 1 22 180
8 69 60 65 13 0 0 0.00 M M 7.8 17 140 M M 5 30 170
9 65 55 60 8 5 0 1.08 M M 6.2 22 160 M M 10 1 41 150
10 61 53 57 5 8 0 1.04 M M 8.2 15 130 M M 10 1 27 170
11 64 48 56 4 9 0 0.05 M M 6.0 18 40 M M 5 1 25 50
12 69 46 58 7 7 0 0.00 M M 4.3 10 240 M M 2 14 250
13 68 49 59 8 6 0 0.39 M M 6.1 15 150 M M 5 1 31 150
14 61 57 59 8 6 0 0.42 M M 6.7 14 140 M M 10 1 28 130
15 64 58 61 10 4 0 0.32 M M 5.7 12 150 M M 8 1 21 140
16 64 51 58 8 7 0 1.13 M M 7.2 21 250 M M 8 18 36 190
17 63 50 57 7 8 0 0.29 M M 6.0 14 150 M M 9 18 27 160
18 64 59 62 12 3 0 0.55 M M 5.3 16 140 M M 10 18 29 170
19 64 57 61 11 4 0 0.44 M M 4.7 10 190 M M 10 18 18 180
20 64 50 57 7 8 0 0.00 M M 1.9 8 360 M M 5 18 11 320
21 63 47 55 6 10 0 0.00 M M 1.6 7 230 M M 5 128 9 80
22 66 49 58 9 7 0 0.00 M M 2.0 12 290 M M 5 18 15 290
23 56 45 51 2 14 0 T M M 4.8 13 270 M M 9 23 320
24 50 39 45 -4 20 0 1.83 M M 3.4 13 320 M M 8 1 20 330
25 54 34 44 -4 21 0 0.00 M M 9.5 23 50 M M 0 35 50
26 58 33 46 -2 19 0 0.07 M M 3.5 9 290 M M 2 8 14 80
27 54 32 43 -5 22 0 0.00 M M 9.1 18 40 M M 0 28 20
28 57 29 43 -5 22 0 0.00 M M 3.5 10 260 M M 0 15 80
29 61 29 45 -3 20 0 0.00 M M 1.6 8 10 M M 0 11 70
30 64 29 47 -1 18 0 0.00 M M 0.9 7 250 M M 0 9 240
31 63 33 48 1 17 0 0.00 M M 1.2 8 90 M M 0 14 190
================================================================================
SM 1985 1439 299 3 8.08 M 145.4 M 160
================================================================================
AV 64.0 46.4 4.7 FASTST M M 5 MAX(MPH)
MISC ----> 23 50 41 150
================================================================================
NOTES:
# LAST OF SEVERAL OCCURRENCES
COLUMN 17 PEAK WIND IN M.P.H.
PRELIMINARY LOCAL CLIMATOLOGICAL DATA (WS FORM: F-6) , PAGE 2
STATION: QUILLAYUTE WA AIRPORT
MONTH: OCTOBER
YEAR: 2023
LATITUDE: 47 57 N
LONGITUDE: 124 33 W
[TEMPERATURE DATA] [PRECIPITATION DATA] SYMBOLS USED IN COLUMN 16
AVERAGE MONTHLY: 55.2 TOTAL FOR MONTH: 8.08 1 = FOG OR MIST
DPTR FM NORMAL: 4.6 DPTR FM NORMAL: -2.60 2 = FOG REDUCING VISIBILITY
HIGHEST: 84 ON 6 GRTST 24HR 1.83 ON 24-24 TO 1/4 MILE OR LESS
LOWEST: 29 ON 30,29 3 = THUNDER
SNOW, ICE PELLETS, HAIL 4 = ICE PELLETS
TOTAL MONTH: M 5 = HAIL
GRTST 24HR M ON M 6 = FREEZING RAIN OR DRIZZLE
GRTST DEPTH: M ON M 7 = DUSTSTORM OR SANDSTORM:
VSBY 1/2 MILE OR LESS
8 = SMOKE OR HAZE
[NO. OF DAYS WITH] [WEATHER - DAYS WITH] 9 = BLOWING SNOW
X = TORNADO
MAX 32 OR BELOW: 0 0.01 INCH OR MORE: 13
MAX 90 OR ABOVE: 0 0.10 INCH OR MORE: 11
MIN 32 OR BELOW: 4 0.50 INCH OR MORE: 5
MIN 0 OR BELOW: 0 1.00 INCH OR MORE: 4
[HDD (BASE 65) ]
TOTAL THIS MO. 299 CLEAR (SCALE 0-3) 11
DPTR FM NORMAL -149 PTCLDY (SCALE 4-7) 9
TOTAL FM JUL 1 556 CLOUDY (SCALE 8-10) 11
DPTR FM NORMAL -479
[CDD (BASE 65) ]
TOTAL THIS MO. 3
DPTR FM NORMAL 3 [PRESSURE DATA]
TOTAL FM JAN 1 116 HIGHEST SLP M ON M
DPTR FM NORMAL 94 LOWEST SLP 29.32 ON 10
[REMARKS]
#FINAL-10-23#