000
CXUS53 KUNR 010930
CF6UNR
PRELIMINARY LOCAL CLIMATOLOGICAL DATA (WS FORM: F-6)
STATION: EAST RAPID CITY SD
MONTH: SEPTEMBER
YEAR: 2022
LATITUDE: 44 4 N
LONGITUDE: 103 13 W
TEMPERATURE IN F: :PCPN: SNOW: WIND :SUNSHINE: SKY :PK WND
================================================================================
1 2 3 4 5 6A 6B 7 8 9 10 11 12 13 14 15 16 17 18
12Z AVG MX 2MIN
DY MAX MIN AVG DEP HDD CDD WTR SNW DPTH SPD SPD DIR MIN PSBL S-S WX SPD DR
================================================================================
1 96 70 83 15 0 18 0.00 0.0 0 5.5 14 110 M M M 18 110
2 85 66 76 8 0 11 0.00 0.0 0 6.7 20 330 M M M 28 340
3 89 56 73 5 0 8 0.00 0.0 0 6.4 21 140 M M M 31 160
4 98 62 80 13 0 15 0.00 0.0 0 7.7 18 150 M M M 31 160
5 95 70 83 16 0 18 0.00 0.0 0 4.2 9 120 M M M 15 260
6 93 70 82 15 0 17 0.00 0.0 0 5.9 14 120 M M M 18 120
7 96 63 80 14 0 15 0.00 0.0 0 5.3 14 190 M M M 22 200
8 89 53 71 5 0 6 0.24 0.0 0 12.7 32 10 M M M 8 45 10
9 55 50 53 -12 12 0 0.19 0.0 0 6.7 22 330 M M M 31 330
10 67 47 57 -8 8 0 0.00 0.0 0 4.7 12 130 M M M 16 90
11 77 49 63 -2 2 0 0.00 0.0 0 3.8 12 120 M M M 15 110
12 86 59 73 9 0 8 0.00 0.0 0 5.2 13 350 M M M 20 340
13 80 60 70 6 0 5 0.00 0.0 0 5.1 12 120 M M M 15 120
14 88 58 73 10 0 8 0.00 0.0 0 5.2 21 330 M M M 28 330
15 72 56 64 1 1 0 0.02 0.0 0 8.2 21 360 M M M 26 10
16 75 55 65 3 0 0 0.19 0.0 0 4.4 14 310 M M M 21 110
17 73 53 63 1 2 0 T 0.0 0 3.8 12 30 M M M 16 30
18 85 56 71 9 0 6 0.00 0.0 0 4.1 16 140 M M M 25 150
19 85 56 71 10 0 6 0.00 0.0 0 5.3 13 280 M M M 21 240
20 74 54 64 3 1 0 0.00 0.0 0 10.3 22 340 M M M 31 330
21 59 46 53 -7 12 0 0.05 0.0 0 6.3 17 10 M M M 23 360
22 57 47 52 -8 13 0 T 0.0 0 7.8 18 180 M M M 35 180
23 72 47 60 1 5 0 0.00 0.0 0 8.0 23 310 M M M 35 310
24 73 55 64 5 1 0 0.00 0.0 0 10.1 26 330 M M M 38 330
25 71 54 63 5 2 0 0.00 0.0 0 8.2 21 10 M M M 29 350
26 79 48 64 6 1 0 0.00 0.0 0 7.5 25 10 M M M 33 10
27 75 51 63 6 2 0 0.00 0.0 0 5.9 16 120 M M M 23 120
28 86 47 67 10 0 2 0.00 0.0 0 9.6 22 150 M M M 31 160
29 90 59 75 19 0 10 0.00 0.0 0 5.2 12 300 M M M 18 360
30 80 61 71 15 0 6 0.00 0.0 0 6.9 18 360 M M M 24 10
================================================================================
SM 2400 1678 62 159 0.69 0.0 196.7 M M
================================================================================
AV 80.0 55.9 6.6 FASTST M M M MAX(MPH)
MISC ----> 32 10 45 10
================================================================================
NOTES:
# LAST OF SEVERAL OCCURRENCES
COLUMN 17 PEAK WIND IN M.P.H.
PRELIMINARY LOCAL CLIMATOLOGICAL DATA (WS FORM: F-6) , PAGE 2
STATION: EAST RAPID CITY SD
MONTH: SEPTEMBER
YEAR: 2022
LATITUDE: 44 4 N
LONGITUDE: 103 13 W
[TEMPERATURE DATA] [PRECIPITATION DATA] SYMBOLS USED IN COLUMN 16
AVERAGE MONTHLY: 68.0 TOTAL FOR MONTH: 0.69 1 = FOG OR MIST
DPTR FM NORMAL: 5.6 DPTR FM NORMAL: -0.71 2 = FOG REDUCING VISIBILITY
HIGHEST: 98 ON 4 GRTST 24HR 0.24 ON 8- 8 TO 1/4 MILE OR LESS
LOWEST: 46 ON 21 3 = THUNDER
SNOW, ICE PELLETS, HAIL 4 = ICE PELLETS
TOTAL MONTH: 0.0 INCH 5 = HAIL
GRTST 24HR 0.0 6 = FREEZING RAIN OR DRIZZLE
GRTST DEPTH: 0 7 = DUSTSTORM OR SANDSTORM:
VSBY 1/2 MILE OR LESS
8 = SMOKE OR HAZE
[NO. OF DAYS WITH] [WEATHER - DAYS WITH] 9 = BLOWING SNOW
X = TORNADO
MAX 32 OR BELOW: 0 0.01 INCH OR MORE: 5
MAX 90 OR ABOVE: 6 0.10 INCH OR MORE: 3
MIN 32 OR BELOW: 0 0.50 INCH OR MORE: 0
MIN 0 OR BELOW: 0 1.00 INCH OR MORE: 0
[HDD (BASE 65) ]
TOTAL THIS MO. 62 CLEAR (SCALE 0-3) 0
DPTR FM NORMAL -95 PTCLDY (SCALE 4-7) 0
TOTAL FM JUL 1 62 CLOUDY (SCALE 8-10) 30
DPTR FM NORMAL -123
[CDD (BASE 65) ]
TOTAL THIS MO. 159
DPTR FM NORMAL 80 [PRESSURE DATA]
TOTAL FM JAN 1 1041 HIGHEST SLP M ON M
DPTR FM NORMAL 368 LOWEST SLP 29.45 ON 14
[REMARKS]
#FINAL-09-22#