000
CXUS53 KUNR 010930
CF6UNR
PRELIMINARY LOCAL CLIMATOLOGICAL DATA (WS FORM: F-6)
STATION: EAST RAPID CITY SD
MONTH: MAY
YEAR: 2022
LATITUDE: 44 4 N
LONGITUDE: 103 13 W
TEMPERATURE IN F: :PCPN: SNOW: WIND :SUNSHINE: SKY :PK WND
================================================================================
1 2 3 4 5 6A 6B 7 8 9 10 11 12 13 14 15 16 17 18
12Z AVG MX 2MIN
DY MAX MIN AVG DEP HDD CDD WTR SNW DPTH SPD SPD DIR MIN PSBL S-S WX SPD DR
================================================================================
1 57 39 48 -1 17 0 0.00 0.0 0 6.3 14 10 M M M 18 20
2 56 37 47 -3 18 0 T 0.0 0 6.5 16 110 M M M 22 110
3 60 29 45 -5 20 0 0.00 0.0 0 11.5 25 130 M M M 1 32 150
4 54 40 47 -3 18 0 0.04 0.0 0 5.5 12 120 M M M 16 120
5 67 41 54 3 11 0 0.00 0.0 0 6.1 14 110 M M M 18 120
6 74 43 59 8 6 0 0.09 0.0 0 6.4 25 10 M M M 3 32 10
7 84 48 66 14 0 1 0.00 0.0 0 8.9 23 330 M M M 46 240
8 71 47 59 7 6 0 0.46 0.0 0 10.1 25 170 M M M 40 180
9 64 44 54 2 11 0 0.29 0.0 0 7.5 23 320 M M M 36 300
10 69 45 57 4 8 0 0.00 0.0 0 10.2 23 150 M M M 33 160
11 67 50 59 6 6 0 T 0.0 0 9.9 30 360 M M M 44 360
12 60 49 55 1 10 0 0.28 0.0 0 9.2 24 360 M M M 35 44 350
13 69 47 58 4 7 0 0.00 0.0 0 7.8 24 210 M M M 38 220
14 65 43 54 0 11 0 0.01 0.0 0 6.3 21 360 M M M 30 360
15 68 49 59 4 6 0 0.01 0.0 0 8.1 21 10 M M M 30 360
16 79 49 64 9 1 0 0.03 0.0 0 6.7 15 140 M M M 21 290
17 71 56 64 9 1 0 0.14 0.0 0 6.8 25 360 M M M 3 39 360
18 69 55 62 6 3 0 0.00 0.0 0 9.2 22 10 M M M 30 360
19 59 45 52 -4 13 0 T 0.0 0 11.2 36 330 M M M 52 330
20 46 36 41 -15 24 0 T 0.0 0 14.8 32 330 M M M 49 330
21 47 34 41 -16 24 0 0.03 T 0 8.6 23 330 M M M 4 33 350
22 62 33 48 -9 17 0 T 0.0 0 7.9 22 150 M M M 33 150
23 56 39 48 -10 17 0 0.00 0.0 0 6.5 20 150 M M M 28 150
24 65 36 51 -7 14 0 0.00 0.0 0 5.0 14 140 M M M 18 30
25 70 43 57 -1 8 0 0.00 0.0 0 4.1 13 30 M M M 16 30
26 78 52 65 6 0 0 0.00 0.0 0 6.6 15 30 M M M 21 30
27 93 57 75 16 0 10 T 0.0 0 8.9 30 330 M M M 3 47 320
28 83 55 69 10 0 4 0.01 0.0 0 7.6 23 10 M M M 3 33 10
29 70 51 61 1 4 0 0.27 0.0 0 8.5 21 360 M M M 28 360
30 57 50 54 -6 11 0 0.33 0.0 0 13.0 25 330 M M M 37 360
31 56 48 52 -8 13 0 T 0.0 0 14.8 26 330 M M M 39 340
================================================================================
SM 2046 1390 305 15 1.99 T 260.5 M M
================================================================================
AV 66.0 44.8 8.4 FASTST M M M MAX(MPH)
MISC ----> 36 330 52 330
================================================================================
NOTES:
# LAST OF SEVERAL OCCURRENCES
COLUMN 17 PEAK WIND IN M.P.H.
PRELIMINARY LOCAL CLIMATOLOGICAL DATA (WS FORM: F-6) , PAGE 2
STATION: EAST RAPID CITY SD
MONTH: MAY
YEAR: 2022
LATITUDE: 44 4 N
LONGITUDE: 103 13 W
[TEMPERATURE DATA] [PRECIPITATION DATA] SYMBOLS USED IN COLUMN 16
AVERAGE MONTHLY: 55.4 TOTAL FOR MONTH: 1.99 1 = FOG OR MIST
DPTR FM NORMAL: 0.5 DPTR FM NORMAL: -2.13 2 = FOG REDUCING VISIBILITY
HIGHEST: 93 ON 27 GRTST 24HR 0.46 ON 8- 8 TO 1/4 MILE OR LESS
LOWEST: 29 ON 3 3 = THUNDER
SNOW, ICE PELLETS, HAIL 4 = ICE PELLETS
TOTAL MONTH: T 5 = HAIL
GRTST 24HR T ON 21-21 6 = FREEZING RAIN OR DRIZZLE
GRTST DEPTH: 0 7 = DUSTSTORM OR SANDSTORM:
VSBY 1/2 MILE OR LESS
8 = SMOKE OR HAZE
[NO. OF DAYS WITH] [WEATHER - DAYS WITH] 9 = BLOWING SNOW
X = TORNADO
MAX 32 OR BELOW: 0 0.01 INCH OR MORE: 13
MAX 90 OR ABOVE: 1 0.10 INCH OR MORE: 6
MIN 32 OR BELOW: 1 0.50 INCH OR MORE: 0
MIN 0 OR BELOW: 0 1.00 INCH OR MORE: 0
[HDD (BASE 65) ]
TOTAL THIS MO. 305 CLEAR (SCALE 0-3) 0
DPTR FM NORMAL -22 PTCLDY (SCALE 4-7) 0
TOTAL FM JUL 1 6228 CLOUDY (SCALE 8-10) 31
DPTR FM NORMAL -533
[CDD (BASE 65) ]
TOTAL THIS MO. 15
DPTR FM NORMAL -1 [PRESSURE DATA]
TOTAL FM JAN 1 15 HIGHEST SLP M ON M
DPTR FM NORMAL -2 LOWEST SLP 29.13 ON 9
[REMARKS]
#FINAL-05-22#