775
CXUS56 KSTO 131751
CF6VCB
PRELIMINARY LOCAL CLIMATOLOGICAL DATA (WS FORM: F-6)
STATION: VACAVILLE AIRPORT CA
MONTH: NOVEMBER
YEAR: 2020
LATITUDE: 38 22 N
LONGITUDE: 121 58 W
TEMPERATURE IN F: :PCPN: SNOW: WIND :SUNSHINE: SKY :PK WND
================================================================================
1 2 3 4 5 6A 6B 7 8 9 10 11 12 13 14 15 16 17 18
12Z AVG MX 2MIN
DY MAX MIN AVG DEP HDD CDD WTR SNW DPTH SPD SPD DIR MIN PSBL S-S WX SPD DR
================================================================================
1 82 42 62 3 3 0 0.00 0.0 0 2.8 8 30 M M 0 12 60
2 85 43 64 6 1 0 0.00 0.0 0 2.3 9 20 M M 0 12 20
3 79 42 61 3 4 0 0.00 0.0 0 2.7 9 220 M M 0 12 180
4 81 44 63 5 2 0 0.00 0.0 0 0.9 7 30 M M 0 10 40
5 84 45 65 8 0 0 0.00 0.0 0 1.6 10 190 M M 0 8 14 190
6 66 44 55 -2 10 0 0.00 0.0 0 10.1 28 250 M M 1 35 260
7 64 41 53 -4 12 0 T 0.0 0 5.9 16 220 M M 1 22 230
8 61 47 54 -2 11 0 0.00 0.0 0 12.0 23 360 M M 2 32 290
9 60 37 49 -7 16 0 0.00 0.0 0 9.9 20 350 M M 0 27 350
10 64 30 47 -9 18 0 0.00 0.0 0 3.3 12 180 M M 0 16 180
11 59 35 47 -8 18 0 0.00 0.0 0 5.0 14 360 M M 1 18 30
12 63 30 47 -8 18 0 0.00 0.0 0 1.8 7 160 M M 0 10 150
13 62 47 55 1 10 0 0.32 0.0 0 9.0 20 210 M M 7 1 29 220
14 63 40 52 -2 13 0 0.00 0.0 0 4.3 13 20 M M 1 1 18 360
15 71 35 53 -1 12 0 0.00 0.0 0 1.8 9 360 M M 0 1 13 360
16 69 42 56 2 9 0 0.00 0.0 0 4.6 13 20 M M 0 8 17 20
17 66 45 56 3 9 0 0.21 0.0 0 7.8 24 240 M M 4 1 31 250
18 65 46 56 3 9 0 0.32 0.0 0 8.6 21 220 M M 4 1 28 220
19 66 43 55 3 10 0 0.00 0.0 0 6.0 15 350 M M 0 19 340
20 67 35 51 -1 14 0 0.00 0.0 0 4.1 18 360 M M 0 26 10
21 68 31 50 -2 15 0 0.00 0.0 0 3.5 14 20 M M 0 18 360
22 66 32 49 -2 16 0 0.00 0.0 0 2.2 10 210 M M 1 15 210
23 66 36 51 0 14 0 0.00 0.0 0 1.9 6 220 M M 0 9 340
24 67 36 52 1 13 0 0.00 0.0 0 3.6 20 220 M M 0 26 220
25 65 40 53 3 12 0 0.00 0.0 0 5.9 17 340 M M 0 24 340
26 64 50 57 7 8 0 0.00 0.0 0 18.1 28 360 M M 0 36 360
27 63 34 49 -1 16 0 0.00 0.0 0 4.1 14 350 M M 0 20 350
28 65 30 48 -2 17 0 0.00 0.0 0 3.1 10 360 M M 0 14 20
29 65 30 48 -1 17 0 0.00 0.0 0 1.8 7 20 M M 0 9 30
30 67 31 49 0 16 0 0.00 0.0 0 1.3 7 330 M M 0 9 70
================================================================================
SM 2033 1163 343 0 0.85 0.0 150.0 M 22
================================================================================
AV 67.8 38.8 5.0 FASTST M M 1 MAX(MPH)
MISC ----> # 28 250 # 36 360
================================================================================
NOTES:
# LAST OF SEVERAL OCCURRENCES
COLUMN 17 PEAK WIND IN M.P.H.
PRELIMINARY LOCAL CLIMATOLOGICAL DATA (WS FORM: F-6) , PAGE 2
STATION: VACAVILLE AIRPORT CA
MONTH: NOVEMBER
YEAR: 2020
LATITUDE: 38 22 N
LONGITUDE: 121 58 W
[TEMPERATURE DATA] [PRECIPITATION DATA] SYMBOLS USED IN COLUMN 16
AVERAGE MONTHLY: 53.3 TOTAL FOR MONTH: 0.85 1 = FOG OR MIST
DPTR FM NORMAL: -0.4 DPTR FM NORMAL: -2.09 2 = FOG REDUCING VISIBILITY
HIGHEST: 85 ON 2 GRTST 24HR 0.32 ON 18-18 TO 1/4 MILE OR LESS
LOWEST: 30 ON 29,28 3 = THUNDER
SNOW, ICE PELLETS, HAIL 4 = ICE PELLETS
TOTAL MONTH: 0.0 INCH 5 = HAIL
GRTST 24HR 0.0 6 = FREEZING RAIN OR DRIZZLE
GRTST DEPTH: 0 7 = DUSTSTORM OR SANDSTORM:
VSBY 1/2 MILE OR LESS
8 = SMOKE OR HAZE
[NO. OF DAYS WITH] [WEATHER - DAYS WITH] 9 = BLOWING SNOW
X = TORNADO
MAX 32 OR BELOW: 0 0.01 INCH OR MORE: 3
MAX 90 OR ABOVE: 0 0.10 INCH OR MORE: 3
MIN 32 OR BELOW: 7 0.50 INCH OR MORE: 0
MIN 0 OR BELOW: 0 1.00 INCH OR MORE: 0
[HDD (BASE 65) ]
TOTAL THIS MO. 343 CLEAR (SCALE 0-3) 27
DPTR FM NORMAL 4 PTCLDY (SCALE 4-7) 3
TOTAL FM JUL 1 385 CLOUDY (SCALE 8-10) 0
DPTR FM NORMAL -54
[CDD (BASE 65) ]
TOTAL THIS MO. 0
DPTR FM NORMAL -2 [PRESSURE DATA]
TOTAL FM JAN 1 1834 HIGHEST SLP 30.33 ON 30
DPTR FM NORMAL 537 LOWEST SLP 29.66 ON 6
[REMARKS]
#FINAL-11-20#