296
CXUS55 KVEF 011051
CF6VGT
PRELIMINARY LOCAL CLIMATOLOGICAL DATA (WS FORM: F-6)
STATION: NORTH_LAS_VEGAS NV
MONTH: JANUARY
YEAR: 2021
LATITUDE: 36 12 N
LONGITUDE: 115 12 W
TEMPERATURE IN F: :PCPN: SNOW: WIND :SUNSHINE: SKY :PK WND
================================================================================
1 2 3 4 5 6A 6B 7 8 9 10 11 12 13 14 15 16 17 18
12Z AVG MX 2MIN
DY MAX MIN AVG DEP HDD CDD WTR SNW DPTH SPD SPD DIR MIN PSBL S-S WX SPD DR
================================================================================
1 59 41 50 4 15 0 0.00 M M 9.7 22 330 M M 0 28 330
2 56 35 46 0 19 0 0.00 M M 2.5 9 290 M M 0 10 290
3 57 37 47 1 18 0 0.00 M M 3.2 10 340 M M 0 13 330
4 61 39 50 4 15 0 0.00 M M 4.5 12 330 M M 0 14 330
5 64 41 53 7 12 0 0.00 M M 6.4 16 350 M M 0 20 350
6 60 39 50 3 15 0 0.00 M M 3.6 14 300 M M 0 16 300
7 58 39 49 2 16 0 0.00 M M 3.8 17 320 M M 0 21 320
8 63 38 51 4 14 0 0.00 M M 5.3 14 330 M M 0 15 320
9 61 44 53 6 12 0 0.00 M M 14.3 28 310 M M 0 33 310
10 57 41 49 2 16 0 0.00 M M 6.6 17 330 M M 0 22 320
11 59 35 47 0 18 0 0.00 M M 5.0 10 330 M M 0 15 320
12 57 33 45 -2 20 0 0.00 M M 3.6 12 320 M M 0 13 320
13 64 38 51 3 14 0 0.00 M M 3.8 13 310 M M 0 15 310
14 70 43 57 9 8 0 0.00 M M 5.7 15 80 M M 0 17 80
15 68 43 56 8 9 0 0.00 M M 5.0 13 360 M M 0 16 340
16 74 48 61 13 4 0 0.00 M M 7.4 18 70 M M 0 23 80
17 68 45 57 9 8 0 0.00 M M 3.7 13 20 M M 0 15 350
18 70 48 59 11 6 0 0.00 M M 12.8 25 320 M M 0 33 330
19 61 47 54 6 11 0 T M M 15.3 25 320 M M 4 35 310
20 62 49 56 7 9 0 0.00 M M 4.1 12 340 M M 7 14 120
21 66 45 56 7 9 0 0.00 M M 4.1 14 330 M M 1 16 330
22 65 45 55 6 10 0 T M M 10.8 26 250 M M 1 3 34 240
23 55 41 48 -1 17 0 T M M 5.7 26 250 M M 3 35 260
24 58 40 49 0 16 0 0.00 M M 8.1 17 200 M M 0 23 200
25 50 38 44 -5 21 0 0.19 M M 10.9 26 190 M M 10 35 180
26 43 35 39 -10 26 0 0.11 M M 3.9 13 180 M M 9 1 15 180
27 49 37 43 -7 22 0 0.00 M M 7.6 18 90 M M 8 21 80
28 56 40 48 -2 17 0 0.00 M M 5.0 12 140 M M 0 13 120
29 56 42 49 -1 16 0 0.01 M M 9.6 26 240 M M 4 32 240
30 57 36 47 -3 18 0 0.00 M M 4.5 9 100 M M 0 13 120
31 60 36 48 -2 17 0 0.00 M M 4.0 9 120 M M 0 14 120
================================================================================
SM 1864 1258 448 0 0.31 M 200.5 M 47
================================================================================
AV 60.1 40.6 6.5 FASTST M M 2 MAX(MPH)
MISC ----> 28 310 # 35 310
================================================================================
NOTES:
# LAST OF SEVERAL OCCURRENCES
COLUMN 17 PEAK WIND IN M.P.H.
PRELIMINARY LOCAL CLIMATOLOGICAL DATA (WS FORM: F-6) , PAGE 2
STATION: NORTH_LAS_VEGAS NV
MONTH: JANUARY
YEAR: 2021
LATITUDE: 36 12 N
LONGITUDE: 115 12 W
[TEMPERATURE DATA] [PRECIPITATION DATA] SYMBOLS USED IN COLUMN 16
AVERAGE MONTHLY: 50.4 TOTAL FOR MONTH: 0.31 1 = FOG OR MIST
DPTR FM NORMAL: 2.4 DPTR FM NORMAL: -0.39 2 = FOG REDUCING VISIBILITY
HIGHEST: 74 ON 16 GRTST 24HR 0.38 ON 25-26 TO 1/4 MILE OR LESS
LOWEST: 33 ON 12 3 = THUNDER
SNOW, ICE PELLETS, HAIL 4 = ICE PELLETS
TOTAL MONTH: M 5 = HAIL
GRTST 24HR M ON M 6 = FREEZING RAIN OR DRIZZLE
GRTST DEPTH: M ON M 7 = DUSTSTORM OR SANDSTORM:
VSBY 1/2 MILE OR LESS
8 = SMOKE OR HAZE
[NO. OF DAYS WITH] [WEATHER - DAYS WITH] 9 = BLOWING SNOW
X = TORNADO
MAX 32 OR BELOW: 0 0.01 INCH OR MORE: 3
MAX 90 OR ABOVE: 0 0.10 INCH OR MORE: 2
MIN 32 OR BELOW: 0 0.50 INCH OR MORE: 0
MIN 0 OR BELOW: 0 1.00 INCH OR MORE: 0
[HDD (BASE 65) ]
TOTAL THIS MO. 448 CLEAR (SCALE 0-3) 25
DPTR FM NORMAL -79 PTCLDY (SCALE 4-7) 4
TOTAL FM JUL 1 1168 CLOUDY (SCALE 8-10) 2
DPTR FM NORMAL -239
[CDD (BASE 65) ]
TOTAL THIS MO. 0
DPTR FM NORMAL 0 [PRESSURE DATA]
TOTAL FM JAN 1 0 HIGHEST SLP 30.45 ON 12
DPTR FM NORMAL 0 LOWEST SLP 29.48 ON 25
[REMARKS]
#FINAL-01-21#