000
CXUS53 KSGF 010810
CF6VIH
PRELIMINARY LOCAL CLIMATOLOGICAL DATA (WS FORM: F-6)
STATION: VICHY-ROLLA MO
MONTH: FEBRUARY
YEAR: 2022
LATITUDE: 38 7 N
LONGITUDE: 91 46 W
TEMPERATURE IN F: :PCPN: SNOW: WIND :SUNSHINE: SKY :PK WND
================================================================================
1 2 3 4 5 6A 6B 7 8 9 10 11 12 13 14 15 16 17 18
12Z AVG MX 2MIN
DY MAX MIN AVG DEP HDD CDD WTR SNW DPTH SPD SPD DIR MIN PSBL S-S WX SPD DR
================================================================================
1 62 33 48 15 17 0 1.34 M M 10.7 20 10 M M 6 1 25 20
2 33 14 24 -9 41 0 0.37 M M 15.2 22 10 M M 10 16 31 360
3 16 12 14 -19 51 0 M M M 13.1 21 10 M M 10 1 29 360
4 27 6 17 -16 48 0 0.00 M M 7.9 16 240 M M 2 22 230
5 39 0 20 -14 45 0 0.00 M M 9.2 17 190 M M 0 24 190
6 43 21 32 -2 33 0 0.00 M M 10.3 17 210 M M 0 23 210
7 42 21 32 -2 33 0 0.00 M M 8.5 15 220 M M 3 1 20 230
8 57 34 46 12 19 0 0.00 M M 11.8 24 220 M M 0 32 220
9 54 30 42 8 23 0 0.00 M M 10.2 24 260 M M 3 34 250
10 50 28 39 4 26 0 0.00 M M 9.4 18 260 M M 1 26 270
11 52 29 41 6 24 0 0.00 M M 12.9 22 330 M M 6 31 330
12 29 15 22 -13 43 0 0.00 M M 9.9 21 320 M M 2 28 300
13 37 15 26 -10 39 0 0.00 M M 9.5 18 300 M M 1 27 300
14 55 18 37 1 28 0 0.00 M M 6.3 14 260 M M 1 8 21 260
15 66 30 48 12 17 0 0.00 M M 15.7 28 180 M M 0 8 39 170
16 63 51 57 21 8 0 0.13 M M 18.9 32 200 M M 6 1 46 200
17 55 14 35 -2 30 0 1.22 M M 14.4 29 330 M M 9 1236 40 330
18 40 11 26 -11 39 0 0.00 M M 10.3 22 230 M M 0 28 240
19 40 26 33 -4 32 0 0.00 M M 9.1 18 180 M M 0 24 190
20 61 34 48 10 17 0 0.00 M M 16.9 29 210 M M 0 43 200
21 69 42 56 18 9 0 T M M 16.5 26 200 M M 2 35 190
22 64 19 42 4 23 0 0.12 M M 15.7 25 200 M M 8 1 35 190
23 20 14 17 -21 48 0 0.18 M M 11.0 16 310 M M 10 16 24 310
24 26 17 22 -17 43 0 0.23 M M 8.2 18 290 M M 10 1236 26 320
25 22 14 18 -21 47 0 T M M 7.1 20 300 M M 8 1 26 300
26 37 14 26 -14 39 0 0.00 M M 3.0 8 80 M M 0 1 11 140
27 48 21 35 -5 30 0 0.00 M M 5.3 13 250 M M 0 16 250
28 61 31 46 6 19 0 0.00 M M 10.8 20 210 M M 0 24 210
================================================================================
SM 1268 614 871 0 3.59 M 307.8 M 98
================================================================================
AV 45.3 21.9 11.0 FASTST M M 4 MAX(MPH)
MISC ----> 32 200 46 200
================================================================================
NOTES:
# LAST OF SEVERAL OCCURRENCES
COLUMN 17 PEAK WIND IN M.P.H.
PRELIMINARY LOCAL CLIMATOLOGICAL DATA (WS FORM: F-6) , PAGE 2
STATION: VICHY-ROLLA MO
MONTH: FEBRUARY
YEAR: 2022
LATITUDE: 38 7 N
LONGITUDE: 91 46 W
[TEMPERATURE DATA] [PRECIPITATION DATA] SYMBOLS USED IN COLUMN 16
AVERAGE MONTHLY: 33.6 TOTAL FOR MONTH: 3.59 1 = FOG OR MIST
DPTR FM NORMAL: -2.5 DPTR FM NORMAL: 1.53 2 = FOG REDUCING VISIBILITY
HIGHEST: 69 ON 21 GRTST 24HR 1.69 ON 1- 2 TO 1/4 MILE OR LESS
LOWEST: 0 ON 5 3 = THUNDER
SNOW, ICE PELLETS, HAIL 4 = ICE PELLETS
TOTAL MONTH: M 5 = HAIL
GRTST 24HR M ON M 6 = FREEZING RAIN OR DRIZZLE
GRTST DEPTH: M ON M 7 = DUSTSTORM OR SANDSTORM:
VSBY 1/2 MILE OR LESS
8 = SMOKE OR HAZE
[NO. OF DAYS WITH] [WEATHER - DAYS WITH] 9 = BLOWING SNOW
X = TORNADO
MAX 32 OR BELOW: 6 0.01 INCH OR MORE: 7
MAX 90 OR ABOVE: 0 0.10 INCH OR MORE: 7
MIN 32 OR BELOW: 23 0.50 INCH OR MORE: 2
MIN 0 OR BELOW: 1 1.00 INCH OR MORE: 2
[HDD (BASE 65) ]
TOTAL THIS MO. 871 CLEAR (SCALE 0-3) 17
DPTR FM NORMAL 61 PTCLDY (SCALE 4-7) 6
TOTAL FM JUL 1 3045 CLOUDY (SCALE 8-10) 5
DPTR FM NORMAL -652
[CDD (BASE 65) ]
TOTAL THIS MO. 0
DPTR FM NORMAL 0 [PRESSURE DATA]
TOTAL FM JAN 1 0 HIGHEST SLP M ON M
DPTR FM NORMAL 0 LOWEST SLP 29.63 ON 22
[REMARKS]
#FINAL-02-22#