000
CXUS52 KTAE 010800
CF6VLD
PRELIMINARY LOCAL CLIMATOLOGICAL DATA (WS FORM: F-6)
STATION: VALDOSTA
MONTH: MARCH
YEAR: 2023
LATITUDE: 30 46 N
LONGITUDE: 83 17 W
TEMPERATURE IN F: :PCPN: SNOW: WIND :SUNSHINE: SKY :PK WND
================================================================================
1 2 3 4 5 6A 6B 7 8 9 10 11 12 13 14 15 16 17 18
12Z AVG MX 2MIN
DY MAX MIN AVG DEP HDD CDD WTR SNW DPTH SPD SPD DIR MIN PSBL S-S WX SPD DR
================================================================================
1 86 68 77 20 0 12 0.00 M M 3.2 10 210 M M 6 1 18 220
2 85 63 74 16 0 9 0.00 0.0 0 3.6 13 190 M M 5 18 20 220
3 84 63 74 16 0 9 0.01 0.0 0 9.6 26 190 M M 6 1 42 200
4 86 58 72 14 0 7 0.08 0.0 0 1.2 9 230 M M 6 1 18 220
5 84 55 70 12 0 5 0.00 0.0 0 4.2 9 120 M M 0 1 13 110
6 87 55 71 13 0 6 0.00 0.0 0 1.2 8 30 M M 3 12 12 30
7 85 63 74 16 0 9 0.00 0.0 0 1.3 13 10 M M 3 18 16 10
8 76 55 66 7 0 1 0.00 0.0 M 6.9 17 60 M M 1 1 24 60
9 76 49 63 4 2 0 0.00 0.0 0 3.3 10 160 M M 6 14 160
10 78 59 69 10 0 4 0.87 0.0 0 3.6 16 360 M M 4 123 22 10
11 76 45 61 2 4 0 0.01 0.0 M 1.6 13 10 M M 0 1 15 10
12 81 50 66 7 0 1 0.86 0.0 0 5.2 16 200 M M 5 123 30 200
13 72 47 60 0 5 0 0.28 0.0 0 2.7 18 360 M M 6 1 23 360
14 63 39 51 -9 14 0 0.00 0.0 0 5.4 18 10 M M 0 23 10
15 64 39 52 -8 13 0 0.00 0.0 0 5.2 14 360 M M 0 18 40
16 74 35 55 -5 10 0 0.00 0.0 0 3.7 13 170 M M 0 1 20 140
17 79 47 63 3 2 0 0.90 0.0 0 6.9 20 190 M M 6 13 27 180
18 69 45 57 -3 8 0 0.57 0.0 0 2.6 17 360 M M 9 1 20 10
19 59 38 49 -11 16 0 0.00 0.0 M 2.8 16 360 M M 1 22 360
20 58 31 45 -16 20 0 0.00 0.0 M 3.2 15 20 M M 0 19 10
21 71 34 53 -8 12 0 0.00 0.0 M 4.7 12 30 M M 3 18 50
22 82 56 69 8 0 4 0.00 0.0 M 2.3 10 170 M M 5 12 14 200
23 86 53 70 9 0 5 0.00 M M 3.8 15 180 M M 0 21 190
24 85 57 71 10 0 6 0.00 0.0 0 4.2 13 180 M M 3 12 17 200
25 85 63 74 12 0 9 0.01 0.0 0 6.9 16 190 M M 8 1 27 200
26 85 71 78 16 0 13 T 0.0 0 6.9 15 180 M M 6 25 190
27 86 67 77 15 0 12 0.36 0.0 0 4.9 20 360 M M 7 13 25 360
28 82 64 73 11 0 8 0.44 0.0 0 0.9 8 210 M M 8 13 14 220
29 71 52 62 0 3 0 0.00 0.0 M 7.3 16 20 M M 2 1 23 20
30 78 45 62 -1 3 0 0.00 0.0 0 4.4 12 120 M M 0 1 18 40
31 85 53 69 6 0 4 0.00 0.0 M 5.0 21 170 M M 1 26 170
================================================================================
SM 2418 1619 112 124 4.39 0.0 128.7 M 110
================================================================================
AV 78.0 52.2 4.2 FASTST M M 4 MAX(MPH)
MISC ----> 26 190 42 200
================================================================================
NOTES:
# LAST OF SEVERAL OCCURRENCES
COLUMN 17 PEAK WIND IN M.P.H.
PRELIMINARY LOCAL CLIMATOLOGICAL DATA (WS FORM: F-6) , PAGE 2
STATION: VALDOSTA
MONTH: MARCH
YEAR: 2023
LATITUDE: 30 46 N
LONGITUDE: 83 17 W
[TEMPERATURE DATA] [PRECIPITATION DATA] SYMBOLS USED IN COLUMN 16
AVERAGE MONTHLY: 65.1 TOTAL FOR MONTH: 4.39 1 = FOG OR MIST
DPTR FM NORMAL: 5.0 DPTR FM NORMAL: 0.66 2 = FOG REDUCING VISIBILITY
HIGHEST: 87 ON 6 GRTST 24HR 1.46 ON 17-18 TO 1/4 MILE OR LESS
LOWEST: 31 ON 20 3 = THUNDER
SNOW, ICE PELLETS, HAIL 4 = ICE PELLETS
TOTAL MONTH: 0.0 INCH 5 = HAIL
GRTST 24HR 0.0 6 = FREEZING RAIN OR DRIZZLE
GRTST DEPTH: 0 7 = DUSTSTORM OR SANDSTORM:
VSBY 1/2 MILE OR LESS
8 = SMOKE OR HAZE
[NO. OF DAYS WITH] [WEATHER - DAYS WITH] 9 = BLOWING SNOW
X = TORNADO
MAX 32 OR BELOW: 0 0.01 INCH OR MORE: 11
MAX 90 OR ABOVE: 0 0.10 INCH OR MORE: 7
MIN 32 OR BELOW: 1 0.50 INCH OR MORE: 4
MIN 0 OR BELOW: 0 1.00 INCH OR MORE: 0
[HDD (BASE 65) ]
TOTAL THIS MO. 112 CLEAR (SCALE 0-3) 13
DPTR FM NORMAL -78 PTCLDY (SCALE 4-7) 15
TOTAL FM JUL 1 989 CLOUDY (SCALE 8-10) 3
DPTR FM NORMAL -592
[CDD (BASE 65) ]
TOTAL THIS MO. 124
DPTR FM NORMAL 87 [PRESSURE DATA]
TOTAL FM JAN 1 255 HIGHEST SLP 30.41 ON 21
DPTR FM NORMAL 200 LOWEST SLP 29.71 ON 3
[REMARKS]
#FINAL-03-23#