075
CXUS52 KMLB 011250
CF6VRB
PRELIMINARY LOCAL CLIMATOLOGICAL DATA (WS FORM: F-6)
STATION: VERO BEACH
MONTH: APRIL
YEAR: 2020
LATITUDE: 27 39 N
LONGITUDE: 80 25 W
TEMPERATURE IN F: :PCPN: SNOW: WIND :SUNSHINE: SKY :PK WND
================================================================================
1 2 3 4 5 6A 6B 7 8 9 10 11 12 13 14 15 16 17 18
12Z AVG MX 2MIN
DY MAX MIN AVG DEP HDD CDD WTR SNW DPTH SPD SPD DIR MIN PSBL S-S WX SPD DR
================================================================================
1 77 65 71 2 0 6 0.31 0.0 0 11.4 29 280 M M 2 18 37 280
2 77 54 66 -3 0 1 0.00 0.0 0 6.0 16 60 M M 1 20 30
3 79 52 66 -3 0 1 0.00 0.0 0 4.5 14 80 M M 1 20 60
4 84 56 70 1 0 5 0.00 0.0 0 6.7 17 140 M M 0 21 140
5 74 67 71 2 0 6 0.49 0.0 0 6.0 16 50 M M 8 18 21 50
6 79 68 74 4 0 9 0.23 0.0 0 9.3 20 90 M M 10 18 25 100
7 83 64 74 4 0 9 0.00 0.0 0 6.9 17 120 M M 3 18 22 100
8 90 70 80 10 0 15 0.00 0.0 0 8.0 17 280 M M 2 23 270
9 93 71 82 12 0 17 0.00 0.0 0 14.6 25 280 M M 3 33 270
10 88 69 79 9 0 14 T 0.0 0 10.9 22 270 M M 6 18 27 260
11 82 64 73 3 0 8 0.00 0.0 0 10.5 17 130 M M 6 23 110
12 86 76 81 11 0 16 0.00 0.0 0 17.8 30 140 M M 8 38 130
13 97 77 87 17 0 22 0.00 0.0 0 13.3 24 210 M M 5 31 220
14 93 74 84 14 0 19 0.31 0.0 0 9.9 23 130 M M 1 13 30 140
15 94 72 83 12 0 18 0.01 0.0 0 11.3 28 290 M M 3 33 300
16 75 67 71 0 0 6 0.15 0.0 0 10.2 21 20 M M 9 18 27 10
17 82 70 76 5 0 11 0.18 0.0 0 11.5 20 80 M M 10 18 25 70
18 84 69 77 6 0 12 0.55 0.0 0 7.5 35 300 M M 4 13 41 290
19 88 65 77 6 0 12 0.01 0.0 0 7.2 21 170 M M 2 18 27 170
20 87 73 80 9 0 15 T 0.0 0 12.6 25 240 M M 4 13 33 230
21 86 64 75 3 0 10 0.00 0.0 0 5.3 14 290 M M 2 1 19 280
22 84 60 72 0 0 7 0.00 0.0 0 7.9 15 40 M M 0 20 40
23 88 74 81 9 0 16 0.00 0.0 0 15.5 30 140 M M 2 37 150
24 82 68 75 3 0 10 0.87 0.0 0 11.3 26 220 M M 5 13 36 230
25 87 69 78 6 0 13 0.04 0.0 0 6.5 26 190 M M 5 3 33 230
26 78 70 74 2 0 9 0.01 0.0 0 7.5 17 220 M M 3 13 22 220
27 76 58 67 -5 0 2 0.00 0.0 0 9.1 18 360 M M 0 24 340
28 81 56 69 -4 0 4 0.00 0.0 0 8.7 16 70 M M 2 20 130
29 84 71 78 5 0 13 0.00 0.0 0 14.0 25 140 M M 2 32 130
30 82 63 73 0 0 8 0.06 0.0 0 9.6 21 230 M M 4 1 28 230
================================================================================
SM 2520 1996 0 314 3.22 0.0 291.5 M 113
================================================================================
AV 84.0 66.5 9.7 FASTST M M 4 MAX(MPH)
MISC ----> 35 300 41 290
================================================================================
NOTES:
# LAST OF SEVERAL OCCURRENCES
COLUMN 17 PEAK WIND IN M.P.H.
PRELIMINARY LOCAL CLIMATOLOGICAL DATA (WS FORM: F-6) , PAGE 2
STATION: VERO BEACH
MONTH: APRIL
YEAR: 2020
LATITUDE: 27 39 N
LONGITUDE: 80 25 W
[TEMPERATURE DATA] [PRECIPITATION DATA] SYMBOLS USED IN COLUMN 16
AVERAGE MONTHLY: 75.3 TOTAL FOR MONTH: 3.22 1 = FOG OR MIST
DPTR FM NORMAL: 4.4 DPTR FM NORMAL: 0.50 2 = FOG REDUCING VISIBILITY
HIGHEST: 97 ON 13 GRTST 24HR 0.91 ON 24-25 TO 1/4 MILE OR LESS
LOWEST: 52 ON 3 3 = THUNDER
SNOW, ICE PELLETS, HAIL 4 = ICE PELLETS
TOTAL MONTH: 0.0 INCH 5 = HAIL
GRTST 24HR 0.0 6 = FREEZING RAIN OR DRIZZLE
GRTST DEPTH: 0 7 = DUSTSTORM OR SANDSTORM:
VSBY 1/2 MILE OR LESS
8 = SMOKE OR HAZE
[NO. OF DAYS WITH] [WEATHER - DAYS WITH] 9 = BLOWING SNOW
X = TORNADO
MAX 32 OR BELOW: 0 0.01 INCH OR MORE: 13
MAX 90 OR ABOVE: 5 0.10 INCH OR MORE: 8
MIN 32 OR BELOW: 0 0.50 INCH OR MORE: 2
MIN 0 OR BELOW: 0 1.00 INCH OR MORE: 0
[HDD (BASE 65) ]
TOTAL THIS MO. 0 CLEAR (SCALE 0-3) 17
DPTR FM NORMAL -15 PTCLDY (SCALE 4-7) 9
TOTAL FM JUL 1 226 CLOUDY (SCALE 8-10) 4
DPTR FM NORMAL -227
[CDD (BASE 65) ]
TOTAL THIS MO. 314
DPTR FM NORMAL 124 [PRESSURE DATA]
TOTAL FM JAN 1 846 HIGHEST SLP 30.20 ON 28
DPTR FM NORMAL 388 LOWEST SLP 29.68 ON 1
[REMARKS]
#FINAL-04-20#