000
CXUS51 KBTV 010700
CF6VSF
PRELIMINARY LOCAL CLIMATOLOGICAL DATA (WS FORM: F-6)
STATION: SPRINGFIELD VT
MONTH: JUNE
YEAR: 2023
LATITUDE: 43 19 N
LONGITUDE: 72 31 W
TEMPERATURE IN F: :PCPN: SNOW: WIND :SUNSHINE: SKY :PK WND
================================================================================
1 2 3 4 5 6A 6B 7 8 9 10 11 12 13 14 15 16 17 18
12Z AVG MX 2MIN
DY MAX MIN AVG DEP HDD CDD WTR SNW DPTH SPD SPD DIR MIN PSBL S-S WX SPD DR
================================================================================
1 93 51 72 12 0 7 0.00 M M 1.5 14 360 M M 1 22 360
2 90 56 73 13 0 8 0.11 M M 3.6 14 360 M M 2 13 20 360
3 63 50 57 -4 8 0 0.03 M M 3.3 12 90 M M 10 18 18 90
4 56 48 52 -9 13 0 0.01 M M 3.2 13 360 M M 10 20 20
5 70 48 59 -2 6 0 T M M 4.3 17 360 M M 6 29 10
6 72 45 59 -3 6 0 0.03 M M 6.2 18 290 M M 5 128 26 280
7 61 52 57 -5 8 0 0.00 M M 6.2 17 320 M M 8 25 320
8 64 50 57 -5 8 0 0.23 M M 1.8 10 60 M M 10 12 18 360
9 66 49 58 -4 7 0 0.12 M M 2.3 9 60 M M 9 12 M M
10 69 48 59 -4 6 0 0.08 M M 3.2 13 40 M M 8 12 19 360
11 80 45 63 0 2 0 0.00 M M 1.2 8 150 M M 5 12 12 140
12 82 58 70 7 0 5 0.08 M M 3.9 15 180 M M 4 1 22 180
13 78 62 70 6 0 5 1.25 M M 2.4 13 60 M M 9 1 16 50
14 76 58 67 3 0 2 0.38 M M 3.0 15 220 M M 8 13 24 190
15 79 57 68 4 0 3 0.03 M M 2.5 15 290 M M 8 1 20 290
16 76 55 66 2 0 1 0.05 M M 2.5 16 270 M M 7 12 29 280
17 65 58 62 -3 3 0 1.48 M M 2.0 9 290 M M 10 1 13 330
18 69 56 63 -2 2 0 T M M 6.1 18 280 M M 9 1 23 280
19 74 50 62 -3 3 0 0.00 M M 1.6 8 70 M M 6 12 130
20 80 55 68 2 0 3 0.00 M M 3.3 14 110 M M 7 19 110
21 76 53 65 -1 0 0 0.00 M M 2.3 12 160 M M 5 16 150
22 81 50 66 0 0 1 0.00 M M 2.0 10 120 M M 3 128 13 120
23 84 52 68 2 0 3 0.01 M M 2.5 13 150 M M 4 128 17 150
24 78 67 73 6 0 8 0.09 M M 3.1 13 290 M M 9 1 16 280
25 86 66 76 9 0 11 0.01 M M 3.1 12 60 M M 6 13 15 50
26 84 67 76 9 0 11 1.18 M M 2.9 23 120 M M 9 123 34 110
27 77 66 72 5 0 7 0.90 M M 2.0 18 150 M M 9 13 24 150
28 78 64 71 3 0 6 0.13 M M 1.6 7 50 M M 9 13 11 70
29 77 61 69 1 0 4 0.00 M M 1.3 9 230 M M 9 12 10 60
30 83 60 72 4 0 7 0.00 M M 2.3 12 150 M M 5 128 14 160
================================================================================
SM 2267 1657 72 92 6.20 M 87.2 M 210
================================================================================
AV 75.6 55.2 2.9 FASTST M M 7 MAX(MPH)
MISC ----> 23 120 34 110
================================================================================
NOTES:
# LAST OF SEVERAL OCCURRENCES
COLUMN 17 PEAK WIND IN M.P.H.
PRELIMINARY LOCAL CLIMATOLOGICAL DATA (WS FORM: F-6) , PAGE 2
STATION: SPRINGFIELD VT
MONTH: JUNE
YEAR: 2023
LATITUDE: 43 19 N
LONGITUDE: 72 31 W
[TEMPERATURE DATA] [PRECIPITATION DATA] SYMBOLS USED IN COLUMN 16
AVERAGE MONTHLY: 65.4 TOTAL FOR MONTH: 6.20 1 = FOG OR MIST
DPTR FM NORMAL: 1.2 DPTR FM NORMAL: 2.42 2 = FOG REDUCING VISIBILITY
HIGHEST: 93 ON 1 GRTST 24HR 1.91 ON 26-27 TO 1/4 MILE OR LESS
LOWEST: 45 ON 11, 6 3 = THUNDER
SNOW, ICE PELLETS, HAIL 4 = ICE PELLETS
TOTAL MONTH: M 5 = HAIL
GRTST 24HR M ON M 6 = FREEZING RAIN OR DRIZZLE
GRTST DEPTH: M ON M 7 = DUSTSTORM OR SANDSTORM:
VSBY 1/2 MILE OR LESS
8 = SMOKE OR HAZE
[NO. OF DAYS WITH] [WEATHER - DAYS WITH] 9 = BLOWING SNOW
X = TORNADO
MAX 32 OR BELOW: 0 0.01 INCH OR MORE: 19
MAX 90 OR ABOVE: 2 0.10 INCH OR MORE: 9
MIN 32 OR BELOW: 0 0.50 INCH OR MORE: 4
MIN 0 OR BELOW: 0 1.00 INCH OR MORE: 3
[HDD (BASE 65) ]
TOTAL THIS MO. 72 CLEAR (SCALE 0-3) 3
DPTR FM NORMAL -19 PTCLDY (SCALE 4-7) 14
TOTAL FM JUL 1 6288 CLOUDY (SCALE 8-10) 13
DPTR FM NORMAL -1142
[CDD (BASE 65) ]
TOTAL THIS MO. 92
DPTR FM NORMAL 25 [PRESSURE DATA]
TOTAL FM JAN 1 102 HIGHEST SLP M ON M
DPTR FM NORMAL 21 LOWEST SLP 29.47 ON 14
[REMARKS]
#FINAL-06-23#