000
CXUS56 KPQR 011155
CF6VUO
PRELIMINARY LOCAL CLIMATOLOGICAL DATA (WS FORM: F-6)
STATION: VANCOUVER WA
MONTH: OCTOBER
YEAR: 2022
LATITUDE: 45 37 N
LONGITUDE: 122 39 W
TEMPERATURE IN F: :PCPN: SNOW: WIND :SUNSHINE: SKY :PK WND
================================================================================
1 2 3 4 5 6A 6B 7 8 9 10 11 12 13 14 15 16 17 18
12Z AVG MX 2MIN
DY MAX MIN AVG DEP HDD CDD WTR SNW DPTH SPD SPD DIR MIN PSBL S-S WX SPD DR
================================================================================
1 85 53 69 10 0 4 0.00 M M 5.6 22 80 M M 0 28 80
2 88 52 70 11 0 5 0.00 M M 3.3 10 260 M M 0 1 13 270
3 82 54 68 10 0 3 0.00 M M 1.5 8 240 M M 2 18 9 250
4 68 55 62 4 3 0 0.00 M M 2.0 8 130 M M 5 1 11 320
5 71 54 63 5 2 0 0.00 M M 3.5 9 300 M M 6 1 13 360
6 81 50 66 9 0 1 0.00 M M 2.3 8 300 M M 3 12 14 280
7 81 50 66 9 0 1 0.00 M M 2.0 9 250 M M 2 128 13 230
8 87 49 68 11 0 3 0.00 M M 2.6 10 310 M M 0 12 16 320
9 85 51 68 12 0 3 0.00 M M 2.0 8 300 M M 0 18 14 300
10 76 49 63 7 2 0 0.00 M M 3.3 10 290 M M 2 18 14 330
11 72 47 60 4 5 0 0.00 M M 2.9 12 300 M M 1 17 330
12 79 45 62 7 3 0 0.00 M M 2.1 9 290 M M 0 12 300
13 85 46 66 11 0 1 0.00 M M 1.8 8 290 M M 0 18 11 280
14 81 46 64 9 1 0 0.00 M M 2.2 13 300 M M 0 18 16 320
15 87 46 67 13 0 2 0.00 M M 6.0 21 90 M M 0 30 70
16 86 49 68 14 0 3 0.00 M M 3.4 12 120 M M 0 18 110
17 70 46 58 4 7 0 0.00 M M 1.1 8 280 M M 2 128 12 270
18 70 47 59 5 6 0 0.00 M M 1.6 7 250 M M 6 128 9 260
19 75 45 60 7 5 0 0.00 M M 1.8 8 310 M M 4 128 12 320
20 69 45 57 4 8 0 0.00 M M 2.9 8 320 M M 4 18 13 310
21 54 45 50 -3 15 0 0.45 M M 3.0 15 320 M M 7 1 21 310
22 60 45 53 1 12 0 0.09 M M 3.7 13 300 M M 7 1 17 330
23 60 46 53 1 12 0 0.00 M M 2.6 8 120 M M 7 11 120
24 57 44 51 -1 14 0 0.14 M M 3.7 13 210 M M 8 18 19 220
25 56 41 49 -2 16 0 0.33 M M 4.3 14 250 M M 7 128 19 240
26 56 47 52 1 13 0 0.37 M M 1.4 9 330 M M 8 1 13 360
27 61 45 53 2 12 0 0.00 M M 4.0 10 120 M M 3 14 140
28 54 50 52 1 13 0 0.49 M M 3.5 13 100 M M 8 1 17 110
29 58 52 55 5 10 0 0.06 M M 0.6 6 310 M M 10 18 12 260
30 59 53 56 6 9 0 0.01 M M 4.3 10 120 M M 10 1 15 220
31 58 48 53 3 12 0 0.75 M M 3.5 10 180 M M 10 1 16 160
================================================================================
SM 2211 1495 180 26 2.69 M 88.5 M 122
================================================================================
AV 71.3 48.2 2.9 FASTST M M 4 MAX(MPH)
MISC ----> 22 80 30 70
================================================================================
NOTES:
# LAST OF SEVERAL OCCURRENCES
COLUMN 17 PEAK WIND IN M.P.H.
PRELIMINARY LOCAL CLIMATOLOGICAL DATA (WS FORM: F-6) , PAGE 2
STATION: VANCOUVER WA
MONTH: OCTOBER
YEAR: 2022
LATITUDE: 45 37 N
LONGITUDE: 122 39 W
[TEMPERATURE DATA] [PRECIPITATION DATA] SYMBOLS USED IN COLUMN 16
AVERAGE MONTHLY: 59.8 TOTAL FOR MONTH: 2.69 1 = FOG OR MIST
DPTR FM NORMAL: 5.6 DPTR FM NORMAL: -0.72 2 = FOG REDUCING VISIBILITY
HIGHEST: 88 ON 2 GRTST 24HR 0.75 ON 31-31 TO 1/4 MILE OR LESS
LOWEST: 41 ON 25 3 = THUNDER
SNOW, ICE PELLETS, HAIL 4 = ICE PELLETS
TOTAL MONTH: M 5 = HAIL
GRTST 24HR M ON M 6 = FREEZING RAIN OR DRIZZLE
GRTST DEPTH: M ON M 7 = DUSTSTORM OR SANDSTORM:
VSBY 1/2 MILE OR LESS
8 = SMOKE OR HAZE
[NO. OF DAYS WITH] [WEATHER - DAYS WITH] 9 = BLOWING SNOW
X = TORNADO
MAX 32 OR BELOW: 0 0.01 INCH OR MORE: 9
MAX 90 OR ABOVE: 0 0.10 INCH OR MORE: 6
MIN 32 OR BELOW: 0 0.50 INCH OR MORE: 1
MIN 0 OR BELOW: 0 1.00 INCH OR MORE: 0
[HDD (BASE 65) ]
TOTAL THIS MO. 180 CLEAR (SCALE 0-3) 16
DPTR FM NORMAL -155 PTCLDY (SCALE 4-7) 9
TOTAL FM JUL 1 196 CLOUDY (SCALE 8-10) 6
DPTR FM NORMAL -252
[CDD (BASE 65) ]
TOTAL THIS MO. 26
DPTR FM NORMAL 24 [PRESSURE DATA]
TOTAL FM JAN 1 701 HIGHEST SLP 30.33 ON 29
DPTR FM NORMAL 302 LOWEST SLP 29.56 ON 21
[REMARKS]
#FINAL-10-22#