000
CXUS51 KAKQ 040921
CF6WAL
PRELIMINARY LOCAL CLIMATOLOGICAL DATA (WS FORM: F-6)
STATION: WALLOPS ISLAND VA
MONTH: MARCH
YEAR: 2020
LATITUDE: 37 55 N
LONGITUDE: 75 28 W
TEMPERATURE IN F: :PCPN: SNOW: WIND :SUNSHINE: SKY :PK WND
================================================================================
1 2 3 4 5 6A 6B 7 8 9 10 11 12 13 14 15 16 17 18
12Z AVG MX 2MIN
DY MAX MIN AVG DEP HDD CDD WTR SNW DPTH SPD SPD DIR MIN PSBL S-S WX SPD DR
================================================================================
1 45 26 36 -5 29 0 0.00 0.0 0 7.8 21 320 M M 0 28 320
2 56 37 47 5 18 0 T 0.0 0 15.7 24 190 M M 2 31 200
3 63 46 55 13 10 0 T 0.0 0 12.2 23 250 M M 3 39 250
4 62 43 53 11 12 0 0.00 0.0 0 9.5 17 300 M M 2 29 160
5 53 42 48 6 17 0 0.00 0.0 0 8.9 20 360 M M 2 27 10
6 48 39 44 2 21 0 0.50 0.0 0 11.5 23 320 M M 9 1 33 320
7 48 29 39 -4 26 0 0.05 0.0 0 11.7 28 320 M M 4 36 310
8 55 26 41 -2 24 0 0.00 0.0 0 7.7 16 210 M M 0 22 150
9 69 38 54 11 11 0 0.00 0.0 0 9.4 18 250 M M 1 24 240
10 70 48 59 16 6 0 0.01 0.0 0 14.3 28 220 M M 4 38 210
11 63 46 55 11 10 0 0.00 0.0 0 8.9 17 260 M M 5 24 250
12 56 46 51 7 14 0 0.00 0.0 0 10.2 17 50 M M 7 21 60
13 78 52 65 21 0 0 0.30 0.0 0 10.5 21 260 M M 4 1 29 240
14 59 46 53 9 12 0 T 0.0 0 7.0 20 140 M M 3 23 130
15 49 34 42 -3 23 0 0.01 0.0 0 10.2 18 50 M M 7 22 40
16 50 32 41 -4 24 0 T 0.0 0 13.3 21 60 M M 7 1 26 50
17 60 40 50 5 15 0 0.00 0.0 0 6.9 16 190 M M 6 1 21 200
18 54 47 51 5 14 0 0.01 0.0 0 11.5 23 60 M M 8 27 60
19 73 53 63 17 2 0 0.36 0.0 0 8.8 21 200 M M 8 12 26 200
20 81 53 67 21 0 2 T 0.0 0 11.2 24 210 M M 2 36 220
21 73 41 57 11 8 0 0.14 0.0 0 10.1 18 60 M M 8 1 26 10
22 53 39 46 -1 19 0 T 0.0 0 15.4 26 70 M M 5 32 60
23 57 43 50 3 15 0 0.97 0.0 0 16.3 31 60 M M 10 1 38 50
24 56 43 50 3 15 0 0.00 0.0 0 8.2 17 360 M M 5 22 360
25 50 41 46 -2 19 0 0.57 0.0 0 18.0 31 50 M M 10 1 37 60
26 54 34 44 -4 21 0 0.00 0.0 0 9.1 17 180 M M 0 22 200
27 71 50 61 13 4 0 0.02 0.0 0 8.0 17 190 M M 5 21 270
28 58 51 55 7 10 0 0.27 0.0 0 6.8 18 90 M M 10 123 23 90
29 60 51 56 7 9 0 0.00 0.0 0 5.8 15 10 M M 8 12 18 10
30 62 48 55 6 10 0 0.00 0.0 0 9.0 23 50 M M 5 12 27 50
31 51 40 46 -3 19 0 0.43 0.0 0 14.4 33 60 M M 8 1 39 60
================================================================================
SM 1837 1304 437 2 3.64 0.0 328.3 M 158
================================================================================
AV 59.3 42.1 10.6 FASTST M M 5 MAX(MPH)
MISC ----> # 33 60 # 39 250
================================================================================
NOTES:
# LAST OF SEVERAL OCCURRENCES
COLUMN 17 PEAK WIND IN M.P.H.
PRELIMINARY LOCAL CLIMATOLOGICAL DATA (WS FORM: F-6) , PAGE 2
STATION: WALLOPS ISLAND VA
MONTH: MARCH
YEAR: 2020
LATITUDE: 37 55 N
LONGITUDE: 75 28 W
[TEMPERATURE DATA] [PRECIPITATION DATA] SYMBOLS USED IN COLUMN 16
AVERAGE MONTHLY: 50.7 TOTAL FOR MONTH: 3.64 1 = FOG OR MIST
DPTR FM NORMAL: 5.7 DPTR FM NORMAL: -0.36 2 = FOG REDUCING VISIBILITY
HIGHEST: 81 ON 20 GRTST 24HR 0.97 ON 23-23 TO 1/4 MILE OR LESS
LOWEST: 26 ON 8, 1 3 = THUNDER
SNOW, ICE PELLETS, HAIL 4 = ICE PELLETS
TOTAL MONTH: 0.0 INCH 5 = HAIL
GRTST 24HR 0.0 6 = FREEZING RAIN OR DRIZZLE
GRTST DEPTH: 0 7 = DUSTSTORM OR SANDSTORM:
VSBY 1/2 MILE OR LESS
8 = SMOKE OR HAZE
[NO. OF DAYS WITH] [WEATHER - DAYS WITH] 9 = BLOWING SNOW
X = TORNADO
MAX 32 OR BELOW: 0 0.01 INCH OR MORE: 13
MAX 90 OR ABOVE: 0 0.10 INCH OR MORE: 8
MIN 32 OR BELOW: 4 0.50 INCH OR MORE: 3
MIN 0 OR BELOW: 0 1.00 INCH OR MORE: 0
[HDD (BASE 65) ]
TOTAL THIS MO. 437 CLEAR (SCALE 0-3) 9
DPTR FM NORMAL -182 PTCLDY (SCALE 4-7) 16
TOTAL FM JUL 1 3105 CLOUDY (SCALE 8-10) 6
DPTR FM NORMAL -594
[CDD (BASE 65) ]
TOTAL THIS MO. 2
DPTR FM NORMAL 1 [PRESSURE DATA]
TOTAL FM JAN 1 2 HIGHEST SLP 30.59 ON 8
DPTR FM NORMAL 1 LOWEST SLP 29.54 ON 3
[REMARKS]
#FINAL-03-20#