000
CXUS56 KLOX 011255
CF6WJF
PRELIMINARY LOCAL CLIMATOLOGICAL DATA (WS FORM: F-6)
STATION: LANCASTER FOX FIELD CA
MONTH: FEBRUARY
YEAR: 2024
LATITUDE: 34 43 N
LONGITUDE: 118 13 W
TEMPERATURE IN F: :PCPN: SNOW: WIND :SUNSHINE: SKY :PK WND
================================================================================
1 2 3 4 5 6A 6B 7 8 9 10 11 12 13 14 15 16 17 18
12Z AVG MX 2MIN
DY MAX MIN AVG DEP HDD CDD WTR SNW DPTH SPD SPD DIR MIN PSBL S-S WX SPD DR
================================================================================
1 50 43 47 1 18 0 0.58 M M 6.6 20 290 M M 9 1 32 180
2 54 40 47 1 18 0 0.00 M M 17.6 30 290 M M 1 38 280
3 54 37 46 0 19 0 0.09 M M 14.0 25 280 M M 4 33 280
4 50 41 46 0 19 0 0.58 M M 4.8 14 80 M M 10 1 30 30
5 49 45 47 1 18 0 1.49 M M 6.3 21 100 M M 10 1 27 90
6 49 40 45 -2 20 0 0.43 M M 7.5 18 240 M M 10 1 24 250
7 53 38 46 -1 19 0 0.17 M M 17.9 31 220 M M 4 1 46 260
8 50 35 43 -4 22 0 0.00 M M 17.1 29 280 M M 3 36 270
9 52 31 42 -5 23 0 0.00 M M 8.2 28 280 M M 1 34 260
10 55 30 43 -4 22 0 0.00 M M 7.4 24 50 M M 0 30 70
11 54 26 40 -7 25 0 0.00 M M 4.8 12 40 M M 0 17 60
12 58 26 42 -5 23 0 0.00 M M 3.9 10 60 M M 0 17 50
13 63 27 45 -3 20 0 0.00 M M 7.6 21 250 M M 0 30 250
14 61 45 53 5 12 0 0.00 M M 13.8 22 220 M M 0 29 250
15 63 40 52 4 13 0 0.00 M M 15.4 29 270 M M 2 35 260
16 62 32 47 -1 18 0 0.00 M M 2.1 12 290 M M 0 12 290
17 66 35 51 3 14 0 0.01 M M 6.9 22 260 M M 2 28 240
18 61 45 53 5 12 0 0.10 M M 13.0 23 240 M M 4 1 32 250
19 57 50 54 5 11 0 0.08 M M 9.3 22 220 M M 9 1 30 200
20 56 47 52 3 13 0 0.17 M M 6.2 17 270 M M 8 1 22 270
21 60 41 51 2 14 0 0.17 M M 10.2 25 280 M M 3 1 31 280
22 62 33 48 -1 17 0 0.00 M M 4.7 13 70 M M 0 17 30
23 65 35 50 1 15 0 0.00 M M 6.9 22 70 M M 0 29 70
24 66 38 52 2 13 0 0.00 M M 3.3 9 80 M M 0 14 90
25 68 36 52 2 13 0 0.00 M M 5.2 18 250 M M 0 22 250
26 62 48 55 5 10 0 T M M 14.5 25 220 M M 3 35 240
27 64 39 52 2 13 0 0.00 M M 13.6 25 280 M M 0 32 280
28 69 33 51 1 14 0 0.00 M M 5.0 18 250 M M 0 23 250
29 60 43 52 1 13 0 0.00 M M 17.4 29 240 M M 1 39 250
================================================================================
SM 1693 1099 481 0 3.87 M 271.2 M 84
================================================================================
AV 58.4 37.9 9.4 FASTST M M 3 MAX(MPH)
MISC ----> 31 220 46 260
================================================================================
NOTES:
# LAST OF SEVERAL OCCURRENCES
COLUMN 17 PEAK WIND IN M.P.H.
PRELIMINARY LOCAL CLIMATOLOGICAL DATA (WS FORM: F-6) , PAGE 2
STATION: LANCASTER FOX FIELD CA
MONTH: FEBRUARY
YEAR: 2024
LATITUDE: 34 43 N
LONGITUDE: 118 13 W
[TEMPERATURE DATA] [PRECIPITATION DATA] SYMBOLS USED IN COLUMN 16
AVERAGE MONTHLY: 48.1 TOTAL FOR MONTH: 3.87 1 = FOG OR MIST
DPTR FM NORMAL: 0.1 DPTR FM NORMAL: 2.11 2 = FOG REDUCING VISIBILITY
HIGHEST: 69 ON 28 GRTST 24HR 1.67 ON 4- 5 TO 1/4 MILE OR LESS
LOWEST: 26 ON 12,11 3 = THUNDER
SNOW, ICE PELLETS, HAIL 4 = ICE PELLETS
TOTAL MONTH: M 5 = HAIL
GRTST 24HR M ON M 6 = FREEZING RAIN OR DRIZZLE
GRTST DEPTH: M ON M 7 = DUSTSTORM OR SANDSTORM:
VSBY 1/2 MILE OR LESS
8 = SMOKE OR HAZE
[NO. OF DAYS WITH] [WEATHER - DAYS WITH] 9 = BLOWING SNOW
X = TORNADO
MAX 32 OR BELOW: 0 0.01 INCH OR MORE: 11
MAX 90 OR ABOVE: 0 0.10 INCH OR MORE: 8
MIN 32 OR BELOW: 6 0.50 INCH OR MORE: 3
MIN 0 OR BELOW: 0 1.00 INCH OR MORE: 1
[HDD (BASE 65) ]
TOTAL THIS MO. 481 CLEAR (SCALE 0-3) 19
DPTR FM NORMAL 5 PTCLDY (SCALE 4-7) 5
TOTAL FM JUL 1 2082 CLOUDY (SCALE 8-10) 5
DPTR FM NORMAL -253
[CDD (BASE 65) ]
TOTAL THIS MO. 0
DPTR FM NORMAL 0 [PRESSURE DATA]
TOTAL FM JAN 1 0 HIGHEST SLP 30.33 ON 11
DPTR FM NORMAL 0 LOWEST SLP 29.60 ON 6
[REMARKS]
#FINAL-02-24#