000
CXUS55 KRIW 151305
CF6WRL
PRELIMINARY LOCAL CLIMATOLOGICAL DATA (WS FORM: F-6)
STATION: WORLAND WY
MONTH: SEPTEMBER
YEAR: 2022
LATITUDE: 43 58 N
LONGITUDE: 107 57 W
TEMPERATURE IN F: :PCPN: SNOW: WIND :SUNSHINE: SKY :PK WND
================================================================================
1 2 3 4 5 6A 6B 7 8 9 10 11 12 13 14 15 16 17 18
12Z AVG MX 2MIN
DY MAX MIN AVG DEP HDD CDD WTR SNW DPTH SPD SPD DIR MIN PSBL S-S WX SPD DR
================================================================================
1 97 52 75 10 0 10 0.00 M M 5.0 16 10 M M M 24 10
2 92 52 72 7 0 7 0.00 M M 5.1 13 90 M M M 17 120
3 98 50 74 10 0 9 0.00 M M 5.9 14 140 M M M 32 210
4 102 53 78 14 0 13 0.00 M M 5.5 14 120 M M M 17 120
5 98 52 75 11 0 10 0.00 M M 5.7 13 140 M M M 14 140
6 94 51 73 10 0 8 0.00 M M 4.4 12 180 M M M 13 50
7 101 50 76 13 0 11 0.00 M M 5.4 28 280 M M M 42 280
8 89 52 71 9 0 6 0.52 M M 10.3 39 270 M M 6 138 59 260
9 54 43 49 -13 16 0 0.11 M M 6.3 20 310 M M 8 1 24 330
10 67 36 52 -10 13 0 0.00 M M 4.2 10 120 M M 0 15 50
11 81 38 60 -1 5 0 0.00 M M 5.3 9 10 M M 0 13 360
12 82 41 62 1 3 0 0.00 M M 3.5 10 170 M M 0 8 12 170
13 88 42 65 4 0 0 T M M 8.0 22 180 M M 1 30 180
14 72 56 64 4 1 0 T M M 7.1 17 320 M M 8 24 330
15 67 53 60 0 5 0 0.01 M M 5.7 13 160 M M 6 16 160
16 71 44 58 -1 7 0 M M M 6.7 26 300 M M 4 13 39 300
17 73 41 57 -2 8 0 0.00 M M 3.9 13 320 M M 2 12 21 310
18 82 43 63 5 2 0 0.00 M M 5.9 17 190 M M 1 25 190
19 87 43 65 7 0 0 0.00 M M 6.0 21 200 M M 0 30 200
20 71 42 57 -1 8 0 0.00 M M 7.6 18 340 M M 0 26 340
21 65 47 56 -1 9 0 0.04 M M 3.8 9 150 M M 7 138 13 340
22 72 44 58 1 7 0 0.06 M M 6.9 35 240 M M 2 13 45 250
23 73 43 58 2 7 0 0.00 M M 4.1 10 130 M M 2 15 50
24 75 36 56 0 9 0 0.00 M M 4.6 12 40 M M 0 18 10
25 76 38 57 2 8 0 0.00 M M 4.1 10 170 M M 0 13 50
26 79 39 59 4 6 0 0.00 M M 4.0 12 170 M M 0 15 120
27 87 40 64 10 1 0 0.00 M M 4.8 13 190 M M 0 18 170
28 85 43 64 10 1 0 0.00 M M 4.2 13 160 M M 0 16 160
29 82 44 63 10 2 0 T M M 6.5 33 330 M M 1 55 340
30 63 50 57 4 8 0 0.20 M M 6.7 21 330 M M 8 1 30 110
================================================================================
SM 2423 1358 126 74 0.94 M 167.2 M 56
================================================================================
AV 80.8 45.3 5.6 FASTST M M 2 MAX(MPH)
MISC ----> 39 270 59 260
================================================================================
NOTES:
# LAST OF SEVERAL OCCURRENCES
COLUMN 17 PEAK WIND IN M.P.H.
PRELIMINARY LOCAL CLIMATOLOGICAL DATA (WS FORM: F-6) , PAGE 2
STATION: WORLAND WY
MONTH: SEPTEMBER
YEAR: 2022
LATITUDE: 43 58 N
LONGITUDE: 107 57 W
[TEMPERATURE DATA] [PRECIPITATION DATA] SYMBOLS USED IN COLUMN 16
AVERAGE MONTHLY: 63.0 TOTAL FOR MONTH: 0.94 1 = FOG OR MIST
DPTR FM NORMAL: 3.7 DPTR FM NORMAL: 0.01 2 = FOG REDUCING VISIBILITY
HIGHEST: 102 ON 4 GRTST 24HR 0.63 ON 8- 9 TO 1/4 MILE OR LESS
LOWEST: 36 ON 24,10 3 = THUNDER
SNOW, ICE PELLETS, HAIL 4 = ICE PELLETS
TOTAL MONTH: M 5 = HAIL
GRTST 24HR M ON M 6 = FREEZING RAIN OR DRIZZLE
GRTST DEPTH: M ON M 7 = DUSTSTORM OR SANDSTORM:
VSBY 1/2 MILE OR LESS
8 = SMOKE OR HAZE
[NO. OF DAYS WITH] [WEATHER - DAYS WITH] 9 = BLOWING SNOW
X = TORNADO
MAX 32 OR BELOW: 0 0.01 INCH OR MORE: 6
MAX 90 OR ABOVE: 7 0.10 INCH OR MORE: 3
MIN 32 OR BELOW: 0 0.50 INCH OR MORE: 1
MIN 0 OR BELOW: 0 1.00 INCH OR MORE: 0
[HDD (BASE 65) ]
TOTAL THIS MO. 126 CLEAR (SCALE 0-3) 16
DPTR FM NORMAL -76 PTCLDY (SCALE 4-7) 6
TOTAL FM JUL 1 131 CLOUDY (SCALE 8-10) 8
DPTR FM NORMAL -109
[CDD (BASE 65) ]
TOTAL THIS MO. 74
DPTR FM NORMAL 43 [PRESSURE DATA]
TOTAL FM JAN 1 689 HIGHEST SLP 30.36 ON 25
DPTR FM NORMAL 161 LOWEST SLP 29.63 ON 14
[REMARKS]
#FINAL-09-22#