000
CXUS56 KMTR 011528
CF6WVI
PRELIMINARY LOCAL CLIMATOLOGICAL DATA (WS FORM: F-6)
STATION: WATSONVILLE AIRPORT
MONTH: JANUARY
YEAR: 2021
LATITUDE: 36 55 N
LONGITUDE: 121 47 W
TEMPERATURE IN F: :PCPN: SNOW: WIND :SUNSHINE: SKY :PK WND
================================================================================
1 2 3 4 5 6A 6B 7 8 9 10 11 12 13 14 15 16 17 18
12Z AVG MX 2MIN
DY MAX MIN AVG DEP HDD CDD WTR SNW DPTH SPD SPD DIR MIN PSBL S-S WX SPD DR
================================================================================
1 60 36 48 -2 17 0 0.00 M M 2.3 7 330 M M 1 8 270
2 52 45 49 -1 16 0 0.18 M M 1.3 6 70 M M 9 1 9 330
3 63 47 55 5 10 0 T M M 2.1 13 180 M M 6 12 15 180
4 57 43 50 0 15 0 0.29 M M 4.0 20 220 M M 6 1 26 200
5 62 41 52 2 13 0 0.00 M M 2.1 8 50 M M 4 128 11 310
6 62 38 50 0 15 0 T M M 3.9 10 120 M M 0 12 130
7 67 41 54 4 11 0 0.00 M M 3.0 10 70 M M 0 14 60
8 64 43 54 4 11 0 0.00 M M 3.3 16 120 M M 1 1 20 130
9 61 38 50 0 15 0 0.00 M M 3.7 12 250 M M 0 14 250
10 63 36 50 0 15 0 0.00 M M 2.5 9 230 M M 0 10 200
11 67 40 54 4 11 0 0.00 M M 2.8 15 270 M M 0 17 280
12 61 42 52 2 13 0 0.00 M M 2.2 12 270 M M 3 16 270
13 72 42 57 7 8 0 0.00 M M 2.0 8 320 M M 0 9 320
14 75 48 62 12 3 0 0.00 M M 4.2 16 100 M M 0 20 80
15 76 44 60 10 5 0 0.00 M M 1.8 8 140 M M 0 10 330
16 72 45 59 9 6 0 0.00 M M 2.0 9 170 M M 1 12 10 170
17 79 44 62 12 3 0 0.00 M M 2.5 12 90 M M 0 14 80
18 79 42 61 11 4 0 0.00 M M 3.3 13 250 M M 0 19 30
19 69 44 57 7 8 0 0.00 M M 9.4 28 30 M M 0 42 40
20 72 38 55 4 10 0 0.00 M M 2.5 8 220 M M 0 10 180
21 64 36 50 -1 15 0 0.00 M M 1.8 10 210 M M 2 12 220
22 54 43 49 -2 16 0 0.34 M M 3.7 16 320 M M 9 1 25 320
23 57 37 47 -4 18 0 0.00 M M 3.4 12 210 M M 3 1 14 230
24 53 38 46 -5 19 0 0.10 M M 4.3 17 290 M M 8 1 26 280
25 55 35 45 -6 20 0 0.00 M M 6.9 20 290 M M 1 27 290
26 51 30 41 -10 24 0 0.32 M M 6.6 21 130 M M 5 27 150
27 52 44 48 -3 17 0 2.76 M M 6.7 23 140 M M 9 1 33 150
28 52 47 50 -1 15 0 2.37 M M 5.5 14 160 M M 10 1 17 170
29 56 41 49 -2 16 0 0.24 M M 2.9 10 260 M M 3 1 13 250
30 59 43 51 0 14 0 0.00 M M 2.1 9 260 M M 6 12 250
31 62 40 51 0 14 0 0.00 M M 2.1 8 280 M M 2 9 280
================================================================================
SM 1948 1271 397 0 6.60 M 106.9 M 89
================================================================================
AV 62.8 41.0 3.4 FASTST M M 3 MAX(MPH)
MISC ----> 28 30 42 40
================================================================================
NOTES:
# LAST OF SEVERAL OCCURRENCES
COLUMN 17 PEAK WIND IN M.P.H.
PRELIMINARY LOCAL CLIMATOLOGICAL DATA (WS FORM: F-6) , PAGE 2
STATION: WATSONVILLE AIRPORT
MONTH: JANUARY
YEAR: 2021
LATITUDE: 36 55 N
LONGITUDE: 121 47 W
[TEMPERATURE DATA] [PRECIPITATION DATA] SYMBOLS USED IN COLUMN 16
AVERAGE MONTHLY: 51.9 TOTAL FOR MONTH: 6.60 1 = FOG OR MIST
DPTR FM NORMAL: 1.5 DPTR FM NORMAL: 2.79 2 = FOG REDUCING VISIBILITY
HIGHEST: 79 ON 18,17 GRTST 24HR 2.76 ON 27-27 TO 1/4 MILE OR LESS
LOWEST: 30 ON 26 3 = THUNDER
SNOW, ICE PELLETS, HAIL 4 = ICE PELLETS
TOTAL MONTH: M 5 = HAIL
GRTST 24HR M ON M 6 = FREEZING RAIN OR DRIZZLE
GRTST DEPTH: M ON M 7 = DUSTSTORM OR SANDSTORM:
VSBY 1/2 MILE OR LESS
8 = SMOKE OR HAZE
[NO. OF DAYS WITH] [WEATHER - DAYS WITH] 9 = BLOWING SNOW
X = TORNADO
MAX 32 OR BELOW: 0 0.01 INCH OR MORE: 8
MAX 90 OR ABOVE: 0 0.10 INCH OR MORE: 8
MIN 32 OR BELOW: 1 0.50 INCH OR MORE: 2
MIN 0 OR BELOW: 0 1.00 INCH OR MORE: 2
[HDD (BASE 65) ]
TOTAL THIS MO. 397 CLEAR (SCALE 0-3) 19
DPTR FM NORMAL -56 PTCLDY (SCALE 4-7) 8
TOTAL FM JUL 1 1361 CLOUDY (SCALE 8-10) 4
DPTR FM NORMAL -247
[CDD (BASE 65) ]
TOTAL THIS MO. 0
DPTR FM NORMAL 0 [PRESSURE DATA]
TOTAL FM JAN 1 0 HIGHEST SLP 30.40 ON 13
DPTR FM NORMAL 0 LOWEST SLP 29.71 ON 27
[REMARKS]
#FINAL-01-21#