000
CXUS54 KFWD 010730
CF6XBP
PRELIMINARY LOCAL CLIMATOLOGICAL DATA (WS FORM: F-6)
STATION: BRIDGEPORT
MONTH: SEPTEMBER
YEAR: 2023
LATITUDE: 33 10 N
LONGITUDE: 96 30 W
TEMPERATURE IN F: :PCPN: SNOW: WIND :SUNSHINE: SKY :PK WND
================================================================================
1 2 3 4 5 6A 6B 7 8 9 10 11 12 13 14 15 16 17 18
12Z AVG MX 2MIN
DY MAX MIN AVG DEP HDD CDD WTR SNW DPTH SPD SPD DIR MIN PSBL S-S WX SPD DR
================================================================================
1 99 67 83 3 0 18 0.00 M M 6.0 12 120 M M 0 16 120
2 98 64 81 1 0 16 0.00 M M 4.7 13 110 M M 0 17 50
3 103 71 87 8 0 22 0.00 M M 7.4 16 140 M M 0 24 160
4 101 75 88 9 0 23 0.00 M M 9.6 16 180 M M 0 24 180
5 104 81 93 14 0 28 0.00 M M 10.1 15 170 M M 0 22 180
6 103 76 90 12 0 25 0.00 M M 2.7 7 310 M M 1 M M
7 107 73 90 12 0 25 0.00 M M 4.2 13 190 M M 0 16 140
8 109 74 92 14 0 27 0.00 M M 6.6 16 M M M 0 3 39 190
9 96 73 85 8 0 20 0.00 M M 6.7 12 110 M M 0 18 110
10 94 65 80 3 0 15 0.00 M M 4.5 10 110 M M 0 17 120
11 90 65 78 1 0 13 0.21 M M 5.9 13 180 M M 3 3 31 300
12 76 67 72 -4 0 7 0.13 M M 4.0 9 20 M M 6 M M
13 83 67 75 -1 0 10 0.00 M M 2.3 7 90 M M 6 M M
14 76 70 73 -2 0 8 0.10 M M 5.1 8 120 M M 6 M M
15 82 68 75 0 0 10 0.01 M M 4.2 9 110 M M 5 M M
16 84 64 74 -1 0 9 0.00 M M 0.4 3 330 M M 2 22 310
17 90 61 76 2 0 11 0.00 M M 1.8 7 330 M M 0 M M
18 93 57 75 1 0 10 0.00 M M 3.8 10 160 M M 0 18 110
19 96 66 81 8 0 16 0.00 M M 9.6 18 170 M M 1 3 26 170
20 97 68 83 10 0 18 0.45 M M 7.8 14 200 M M 0 21 200
21 95 74 85 12 0 20 0.00 M M 7.9 13 170 M M 1 22 160
22 99 76 88 16 0 23 0.00 M M 8.0 12 180 M M 0 22 210
23 101 75 88 16 0 23 0.00 M M 7.8 15 200 M M 0 24 200
24 99 77 88 17 0 23 0.00 M M 9.1 20 50 M M 1 25 190
25 92 68 80 9 0 15 0.00 M M 3.6 9 90 M M 3 17 80
26 95 61 78 7 0 13 0.00 M M 1.6 7 330 M M 0 M M
27 96 62 79 9 0 14 0.00 M M 3.1 8 230 M M 1 M M
28 97 62 80 10 0 15 0.00 M M 4.7 12 130 M M 0 20 110
29 96 67 82 13 0 17 0.00 M M 6.7 13 130 M M 0 20 170
30 94 67 81 12 0 16 0.00 M M 5.8 13 150 M M 0 26 140
================================================================================
SM 2845 2061 0 510 0.90 M 165.6 M 36
================================================================================
AV 94.8 68.7 5.5 FASTST M M 1 MAX(MPH)
MISC ----> 20 50 39 190
================================================================================
NOTES:
# LAST OF SEVERAL OCCURRENCES
COLUMN 17 PEAK WIND IN M.P.H.
PRELIMINARY LOCAL CLIMATOLOGICAL DATA (WS FORM: F-6) , PAGE 2
STATION: BRIDGEPORT
MONTH: SEPTEMBER
YEAR: 2023
LATITUDE: 33 10 N
LONGITUDE: 96 30 W
[TEMPERATURE DATA] [PRECIPITATION DATA] SYMBOLS USED IN COLUMN 16
AVERAGE MONTHLY: 81.8 TOTAL FOR MONTH: 0.90 1 = FOG OR MIST
DPTR FM NORMAL: 7.1 DPTR FM NORMAL: -2.16 2 = FOG REDUCING VISIBILITY
HIGHEST: 109 ON 8 GRTST 24HR 0.45 ON 20-20 TO 1/4 MILE OR LESS
LOWEST: 57 ON 18 3 = THUNDER
SNOW, ICE PELLETS, HAIL 4 = ICE PELLETS
TOTAL MONTH: M 5 = HAIL
GRTST 24HR M ON M 6 = FREEZING RAIN OR DRIZZLE
GRTST DEPTH: M ON M 7 = DUSTSTORM OR SANDSTORM:
VSBY 1/2 MILE OR LESS
8 = SMOKE OR HAZE
[NO. OF DAYS WITH] [WEATHER - DAYS WITH] 9 = BLOWING SNOW
X = TORNADO
MAX 32 OR BELOW: 0 0.01 INCH OR MORE: 5
MAX 90 OR ABOVE: 25 0.10 INCH OR MORE: 4
MIN 32 OR BELOW: 0 0.50 INCH OR MORE: 0
MIN 0 OR BELOW: 0 1.00 INCH OR MORE: 0
[HDD (BASE 65) ]
TOTAL THIS MO. 0 CLEAR (SCALE 0-3) 25
DPTR FM NORMAL -16 PTCLDY (SCALE 4-7) 5
TOTAL FM JUL 1 0 CLOUDY (SCALE 8-10) 0
DPTR FM NORMAL -13
[CDD (BASE 65) ]
TOTAL THIS MO. 510
DPTR FM NORMAL 203 [PRESSURE DATA]
TOTAL FM JAN 1 2835 HIGHEST SLP M ON M
DPTR FM NORMAL 768 LOWEST SLP M ON M
[REMARKS]
#FINAL-09-23#