000
CXUS54 KTSA 011205
CF6XNA
PRELIMINARY LOCAL CLIMATOLOGICAL DATA (WS FORM: F-6)
STATION: HIGHFILL ARKANSAS
MONTH: FEBRUARY
YEAR: 2023
LATITUDE: 36 16 N
LONGITUDE: 94 19 W
TEMPERATURE IN F: :PCPN: SNOW: WIND :SUNSHINE: SKY :PK WND
================================================================================
1 2 3 4 5 6A 6B 7 8 9 10 11 12 13 14 15 16 17 18
12Z AVG MX 2MIN
DY MAX MIN AVG DEP HDD CDD WTR SNW DPTH SPD SPD DIR MIN PSBL S-S WX SPD DR
================================================================================
1 31 19 25 -13 40 0 0.00 0.0 M 3.1 9 130 M M 1 13 130
2 39 26 33 -5 32 0 0.00 0.0 M 3.4 10 330 M M 5 13 330
3 43 21 32 -6 33 0 0.00 0.0 M 6.6 13 360 M M 0 17 10
4 50 33 42 3 23 0 0.00 0.0 M 12.3 21 180 M M 0 29 190
5 62 36 49 10 16 0 0.00 0.0 M 4.6 15 210 M M 0 1 24 220
6 68 34 51 12 14 0 T 0.0 M 11.6 36 180 M M 3 48 170
7 57 41 49 10 16 0 0.36 0.0 M 8.0 22 310 M M 9 1 35 310
8 52 41 47 7 18 0 1.30 0.0 M 10.0 25 210 M M 10 1 42 200
9 56 36 46 6 19 0 0.01 M M 9.8 24 260 M M 5 1 36 240
10 41 28 35 -5 30 0 0.00 0.0 M 9.1 16 350 M M 9 1 20 360
11 53 23 38 -2 27 0 0.00 0.0 M 3.9 9 30 M M 0 16 60
12 62 24 43 3 22 0 0.00 0.0 M 6.7 17 190 M M 0 23 190
13 63 33 48 7 17 0 0.00 0.0 M 5.1 12 230 M M 0 17 220
14 60 48 54 13 11 0 0.33 0.0 M 16.4 30 190 M M 8 1 45 210
15 73 38 56 15 9 0 0.59 0.0 M 7.3 24 240 M M 4 13 38 200
16 51 26 39 -2 26 0 0.09 0.0 M 12.4 20 310 M M 10 13 30 320
17 44 24 34 -8 31 0 0.00 0.0 M 5.9 18 340 M M 3 23 350
18 51 26 39 -3 26 0 0.00 0.0 M 10.6 23 190 M M 2 30 190
19 62 41 52 10 13 0 0.00 0.0 M 11.5 22 210 M M 0 33 210
20 67 45 56 14 9 0 0.00 0.0 M 8.0 20 270 M M 2 25 260
21 65 38 52 9 13 0 0.00 0.0 M 8.1 23 170 M M 0 30 170
22 68 54 61 18 4 0 0.62 0.0 M 15.1 29 200 M M 5 13 42 180
23 56 29 43 0 22 0 T M M 9.6 25 310 M M 2 34 320
24 47 28 38 -6 27 0 T 0.0 M 8.9 18 70 M M 5 27 70
25 52 37 45 1 20 0 0.09 0.0 M 4.5 12 200 M M 10 13 16 220
26 65 46 56 12 9 0 0.28 0.0 M 10.6 33 170 M M 10 123 55 170
27 69 43 56 12 9 0 0.38 0.0 M 15.0 38 240 M M 3 18 56 250
28 76 40 58 13 7 0 0.00 0.0 M 8.6 23 180 M M 0 31 190
================================================================================
SM 1583 958 543 0 4.05 0.0 246.7 M 106
================================================================================
AV 56.5 34.2 8.8 FASTST M M 4 MAX(MPH)
MISC ----> 38 240 56 250
================================================================================
NOTES:
# LAST OF SEVERAL OCCURRENCES
COLUMN 17 PEAK WIND IN M.P.H.
PRELIMINARY LOCAL CLIMATOLOGICAL DATA (WS FORM: F-6) , PAGE 2
STATION: HIGHFILL ARKANSAS
MONTH: FEBRUARY
YEAR: 2023
LATITUDE: 36 16 N
LONGITUDE: 94 19 W
[TEMPERATURE DATA] [PRECIPITATION DATA] SYMBOLS USED IN COLUMN 16
AVERAGE MONTHLY: 45.4 TOTAL FOR MONTH: 4.05 1 = FOG OR MIST
DPTR FM NORMAL: 4.3 DPTR FM NORMAL: 1.81 2 = FOG REDUCING VISIBILITY
HIGHEST: 76 ON 28 GRTST 24HR 1.42 ON 7- 8 TO 1/4 MILE OR LESS
LOWEST: 19 ON 1 3 = THUNDER
SNOW, ICE PELLETS, HAIL 4 = ICE PELLETS
TOTAL MONTH: 0.0 INCH 5 = HAIL
GRTST 24HR 0.0 6 = FREEZING RAIN OR DRIZZLE
GRTST DEPTH: M ON M 7 = DUSTSTORM OR SANDSTORM:
VSBY 1/2 MILE OR LESS
8 = SMOKE OR HAZE
[NO. OF DAYS WITH] [WEATHER - DAYS WITH] 9 = BLOWING SNOW
X = TORNADO
MAX 32 OR BELOW: 1 0.01 INCH OR MORE: 10
MAX 90 OR ABOVE: 0 0.10 INCH OR MORE: 7
MIN 32 OR BELOW: 11 0.50 INCH OR MORE: 3
MIN 0 OR BELOW: 0 1.00 INCH OR MORE: 1
[HDD (BASE 65) ]
TOTAL THIS MO. 543 CLEAR (SCALE 0-3) 15
DPTR FM NORMAL -126 PTCLDY (SCALE 4-7) 7
TOTAL FM JUL 1 2784 CLOUDY (SCALE 8-10) 6
DPTR FM NORMAL -280
[CDD (BASE 65) ]
TOTAL THIS MO. 0
DPTR FM NORMAL -1 [PRESSURE DATA]
TOTAL FM JAN 1 0 HIGHEST SLP M ON M
DPTR FM NORMAL 0 LOWEST SLP 29.34 ON 14
[REMARKS]
#FINAL-02-23#