000
CXUS54 KTSA 010850
CF6XNA
PRELIMINARY LOCAL CLIMATOLOGICAL DATA (WS FORM: F-6)
STATION: HIGHFILL ARKANSAS
MONTH: MARCH
YEAR: 2022
LATITUDE: 36 16 N
LONGITUDE: 94 19 W
TEMPERATURE IN F: :PCPN: SNOW: WIND :SUNSHINE: SKY :PK WND
================================================================================
1 2 3 4 5 6A 6B 7 8 9 10 11 12 13 14 15 16 17 18
12Z AVG MX 2MIN
DY MAX MIN AVG DEP HDD CDD WTR SNW DPTH SPD SPD DIR MIN PSBL S-S WX SPD DR
================================================================================
1 71 38 55 10 10 0 0.00 0.0 M 7.6 16 230 M M 0 22 230
2 77 36 57 12 8 0 0.00 0.0 M 6.1 17 210 M M 0 23 210
3 79 38 59 13 6 0 0.00 0.0 M 3.2 9 190 M M 0 15 210
4 72 40 56 10 9 0 0.00 0.0 M 9.5 24 190 M M 0 8 33 180
5 65 59 62 16 3 0 T 0.0 M 15.5 28 190 M M 7 18 38 170
6 62 37 50 3 15 0 0.57 0.0 M 9.8 25 290 M M 9 13 34 290
7 40 29 35 -12 30 0 0.08 M M 11.3 21 330 M M 10 1 30 310
8 42 28 35 -12 30 0 0.00 0.0 M 5.2 12 40 M M 7 24 50
9 54 26 40 -8 25 0 0.00 0.0 M 4.6 12 30 M M 1 1 16 340
10 58 28 43 -5 22 0 0.00 0.0 M 8.1 22 360 M M 2 28 350
11 30 22 26 -22 39 0 0.14 M M 11.5 21 20 M M 8 12 27 20
12 42 15 29 -19 36 0 0.00 0.0 M 6.8 15 340 M M 0 20 340
13 64 36 50 1 15 0 0.00 0.0 M 14.1 23 180 M M 0 32 180
14 64 44 54 5 11 0 T 0.0 M 12.8 25 180 M M 6 36 190
15 68 46 57 8 8 0 0.00 0.0 M 4.5 14 50 M M 5 20 50
16 73 39 56 6 9 0 0.00 0.0 M 6.8 18 180 M M 1 12 25 180
17 77 46 62 12 3 0 0.03 0.0 M 9.8 22 150 M M 2 8 28 170
18 57 37 47 -3 18 0 0.48 0.0 M 12.5 28 260 M M 9 13 37 290
19 66 34 50 0 15 0 0.00 0.0 M 7.7 20 260 M M 0 27 250
20 76 37 57 6 8 0 0.00 0.0 M 7.8 20 170 M M 0 26 220
21 64 48 56 5 9 0 1.69 0.0 M 12.1 24 150 M M 5 13 31 150
22 61 40 51 0 14 0 0.08 0.0 M 12.7 26 170 M M 6 1 36 170
23 41 37 39 -13 26 0 0.02 0.0 M 11.7 21 280 M M 10 1 33 280
24 51 34 43 -9 22 0 T 0.0 M 8.0 16 340 M M 8 23 340
25 62 30 46 -6 19 0 0.00 0.0 M 6.8 17 350 M M 2 26 340
26 64 37 51 -2 14 0 0.00 0.0 M 5.2 12 10 M M 0 20 10
27 62 40 51 -2 14 0 0.00 0.0 M 10.6 21 70 M M 0 31 60
28 71 44 58 5 7 0 0.00 0.0 M 11.4 18 160 M M 0 24 140
29 77 52 65 12 0 0 T 0.0 M 17.8 31 180 M M 2 43 180
30 69 38 54 0 11 0 1.28 0.0 M 11.0 22 190 M M 10 13 34 310
31 42 30 36 -18 29 0 T M M 8.4 18 290 M M 5 1 27 310
================================================================================
SM 1901 1145 485 0 4.37 0.0 290.9 M 115
================================================================================
AV 61.3 36.9 9.4 FASTST M M 4 MAX(MPH)
MISC ----> 31 180 43 180
================================================================================
NOTES:
# LAST OF SEVERAL OCCURRENCES
COLUMN 17 PEAK WIND IN M.P.H.
PRELIMINARY LOCAL CLIMATOLOGICAL DATA (WS FORM: F-6) , PAGE 2
STATION: HIGHFILL ARKANSAS
MONTH: MARCH
YEAR: 2022
LATITUDE: 36 16 N
LONGITUDE: 94 19 W
[TEMPERATURE DATA] [PRECIPITATION DATA] SYMBOLS USED IN COLUMN 16
AVERAGE MONTHLY: 49.1 TOTAL FOR MONTH: 4.37 1 = FOG OR MIST
DPTR FM NORMAL: -0.5 DPTR FM NORMAL: 0.84 2 = FOG REDUCING VISIBILITY
HIGHEST: 79 ON 3 GRTST 24HR 1.73 ON 21-22 TO 1/4 MILE OR LESS
LOWEST: 15 ON 12 3 = THUNDER
SNOW, ICE PELLETS, HAIL 4 = ICE PELLETS
TOTAL MONTH: 0.0 INCH 5 = HAIL
GRTST 24HR 0.0 6 = FREEZING RAIN OR DRIZZLE
GRTST DEPTH: M ON M 7 = DUSTSTORM OR SANDSTORM:
VSBY 1/2 MILE OR LESS
8 = SMOKE OR HAZE
[NO. OF DAYS WITH] [WEATHER - DAYS WITH] 9 = BLOWING SNOW
X = TORNADO
MAX 32 OR BELOW: 1 0.01 INCH OR MORE: 9
MAX 90 OR ABOVE: 0 0.10 INCH OR MORE: 5
MIN 32 OR BELOW: 8 0.50 INCH OR MORE: 3
MIN 0 OR BELOW: 0 1.00 INCH OR MORE: 2
[HDD (BASE 65) ]
TOTAL THIS MO. 485 CLEAR (SCALE 0-3) 17
DPTR FM NORMAL 2 PTCLDY (SCALE 4-7) 9
TOTAL FM JUL 1 3203 CLOUDY (SCALE 8-10) 5
DPTR FM NORMAL -345
[CDD (BASE 65) ]
TOTAL THIS MO. 0
DPTR FM NORMAL -6 [PRESSURE DATA]
TOTAL FM JAN 1 0 HIGHEST SLP M ON M
DPTR FM NORMAL -7 LOWEST SLP 29.36 ON 30
[REMARKS]
#FINAL-03-22#