000
CXUS56 KPDT 030032
CF6YKM
PRELIMINARY LOCAL CLIMATOLOGICAL DATA (WS FORM: F-6)
STATION: YAKIMA WA
MONTH: JUNE
YEAR: 2023
LATITUDE: 46 34 N
LONGITUDE: 120 32 W
TEMPERATURE IN F: :PCPN: SNOW: WIND :SUNSHINE: SKY :PK WND
================================================================================
1 2 3 4 5 6A 6B 7 8 9 10 11 12 13 14 15 16 17 18
12Z AVG MX 2MIN
DY MAX MIN AVG DEP HDD CDD WTR SNW DPTH SPD SPD DIR MIN PSBL S-S WX SPD DR
================================================================================
1 76 39 58 -4 7 0 0.00 M M 4.4 13 350 M M 0 19 340
2 82 44 63 1 2 0 0.00 M M 5.3 14 310 M M 0 18 160
3 87 53 70 7 0 5 0.00 M M 5.5 14 340 M M 0 20 340
4 89 60 75 12 0 10 0.00 M M 9.2 18 310 M M 0 25 340
5 90 56 73 10 0 8 0.00 M M 6.6 15 320 M M 0 21 300
6 91 49 70 7 0 5 0.00 M M 6.6 14 270 M M 0 15 250
7 94 52 73 10 0 8 0.00 M M 6.3 12 170 M M 1 17 180
8 87 61 74 10 0 9 0.01 M M 4.9 14 160 M M 3 16 140
9 72 62 67 3 0 2 0.02 M M 6.3 15 320 M M 10 20 320
10 77 59 68 4 0 3 0.00 M M 6.8 18 310 M M 7 26 300
11 88 50 69 5 0 4 0.00 M M 5.6 15 360 M M 0 19 10
12 95 65 80 16 0 15 0.00 M M 4.7 18 320 M M 3 27 310
13 89 54 72 8 0 7 0.00 M M 11.7 31 270 M M 0 43 280
14 76 49 63 -1 2 0 0.00 M M 12.1 23 320 M M 0 8 32 300
15 81 54 68 3 0 3 0.00 M M 7.1 18 320 M M 0 25 320
16 86 50 68 3 0 3 0.02 M M 7.2 26 270 M M 2 34 270
17 80 54 67 2 0 2 0.00 M M 10.5 23 270 M M 0 31 280
18 69 48 59 -6 6 0 0.00 M M 9.4 24 190 M M 1 32 190
19 69 35 52 -14 13 0 0.01 M M 7.3 23 320 M M 3 29 320
20 66 50 58 -8 7 0 0.01 M M 4.7 13 290 M M 7 19 300
21 76 41 59 -7 6 0 0.00 M M 3.6 10 130 M M 3 16 170
22 81 48 65 -1 0 0 0.00 M M 6.5 23 320 M M 1 34 320
23 86 47 67 0 0 2 T M M 6.2 24 290 M M 1 38 33 290
24 87 46 67 0 0 2 0.00 M M 5.4 17 330 M M 0 22 310
25 90 53 72 5 0 7 0.00 M M 6.0 21 320 M M 1 3 29 320
26 87 61 74 6 0 9 T M M 8.4 22 340 M M 0 29 330
27 90 55 73 5 0 8 0.00 M M 6.4 20 320 M M 1 3 26 360
28 91 62 77 9 0 12 0.00 M M 6.2 20 270 M M 0 29 250
29 96 61 79 11 0 14 0.00 M M 6.6 17 340 M M 0 22 330
30 96 55 76 7 0 11 0.00 M M 6.2 20 330 M M 0 27 350
================================================================================
SM 2524 1573 43 149 0.07 M 203.7 M 44
================================================================================
AV 84.1 52.4 6.8 FASTST M M 1 MAX(MPH)
MISC ----> 31 270 43 280
================================================================================
NOTES:
# LAST OF SEVERAL OCCURRENCES
COLUMN 17 PEAK WIND IN M.P.H.
PRELIMINARY LOCAL CLIMATOLOGICAL DATA (WS FORM: F-6) , PAGE 2
STATION: YAKIMA WA
MONTH: JUNE
YEAR: 2023
LATITUDE: 46 34 N
LONGITUDE: 120 32 W
[TEMPERATURE DATA] [PRECIPITATION DATA] SYMBOLS USED IN COLUMN 16
AVERAGE MONTHLY: 68.3 TOTAL FOR MONTH: 0.07 1 = FOG OR MIST
DPTR FM NORMAL: 3.2 DPTR FM NORMAL: -0.43 2 = FOG REDUCING VISIBILITY
HIGHEST: 96 ON 30,29 GRTST 24HR 0.03 ON 8- 9 TO 1/4 MILE OR LESS
LOWEST: 35 ON 19 3 = THUNDER
SNOW, ICE PELLETS, HAIL 4 = ICE PELLETS
TOTAL MONTH: M 5 = HAIL
GRTST 24HR M ON M 6 = FREEZING RAIN OR DRIZZLE
GRTST DEPTH: M ON M 7 = DUSTSTORM OR SANDSTORM:
VSBY 1/2 MILE OR LESS
8 = SMOKE OR HAZE
[NO. OF DAYS WITH] [WEATHER - DAYS WITH] 9 = BLOWING SNOW
X = TORNADO
MAX 32 OR BELOW: 0 0.01 INCH OR MORE: 5
MAX 90 OR ABOVE: 9 0.10 INCH OR MORE: 0
MIN 32 OR BELOW: 0 0.50 INCH OR MORE: 0
MIN 0 OR BELOW: 0 1.00 INCH OR MORE: 0
[HDD (BASE 65) ]
TOTAL THIS MO. 43 CLEAR (SCALE 0-3) 26
DPTR FM NORMAL -39 PTCLDY (SCALE 4-7) 3
TOTAL FM JUL 1 5823 CLOUDY (SCALE 8-10) 1
DPTR FM NORMAL 67
[CDD (BASE 65) ]
TOTAL THIS MO. 149
DPTR FM NORMAL 64 [PRESSURE DATA]
TOTAL FM JAN 1 244 HIGHEST SLP 30.20 ON 21
DPTR FM NORMAL 131 LOWEST SLP 29.70 ON 18
[REMARKS]
#FINAL-06-23#