000
CXUS56 KPDT 011910
CF6YKM
PRELIMINARY LOCAL CLIMATOLOGICAL DATA (WS FORM: F-6)
STATION: YAKIMA WA
MONTH: DECEMBER
YEAR: 2022
LATITUDE: 46 34 N
LONGITUDE: 120 32 W
TEMPERATURE IN F: :PCPN: SNOW: WIND :SUNSHINE: SKY :PK WND
================================================================================
1 2 3 4 5 6A 6B 7 8 9 10 11 12 13 14 15 16 17 18
12Z AVG MX 2MIN
DY MAX MIN AVG DEP HDD CDD WTR SNW DPTH SPD SPD DIR MIN PSBL S-S WX SPD DR
================================================================================
1 38 10 24 -9 41 0 0.00 M M 3.8 13 310 M M 3 1 14 310
2 28 4 16 -17 49 0 0.00 M M 2.3 9 260 M M 5 11 270
3 36 17 27 -6 38 0 T M M 8.8 15 270 M M 1 20 360
4 31 21 26 -6 39 0 0.17 M M 5.7 14 260 M M 8 12 17 260
5 30 22 26 -6 39 0 0.04 M M 1.8 6 200 M M 10 1 8 150
6 28 22 25 -7 40 0 T M M 3.3 8 240 M M 10 18 11 250
7 26 19 23 -9 42 0 T M M 2.8 9 250 M M 10 128 12 240
8 27 15 21 -11 44 0 0.05 M M 2.0 7 270 M M 9 18 9 290
9 28 18 23 -8 42 0 0.41 M M 1.7 8 240 M M 9 128 10 240
10 35 21 28 -3 37 0 0.22 M M 1.5 8 300 M M 9 128 8 260
11 39 24 32 1 33 0 0.12 M M 5.8 10 270 M M 10 16 12 270
12 45 17 31 0 34 0 0.00 M M 4.6 10 280 M M 3 12 260
13 35 13 24 -7 41 0 0.00 M M 3.1 10 280 M M 1 11 280
14 38 14 26 -4 39 0 T M M 2.5 9 300 M M 4 18 10 300
15 28 6 17 -13 48 0 0.00 M M 2.9 9 250 M M 2 18 12 260
16 22 17 20 -10 45 0 T M M 4.4 10 250 M M 10 18 13 250
17 21 19 20 -10 45 0 0.00 M M 4.1 8 250 M M 10 18 11 240
18 21 16 19 -11 46 0 0.00 M M 4.6 9 240 M M 10 18 12 230
19 22 16 19 -11 46 0 0.01 M M 3.0 8 60 M M 10 18 9 70
20 21 15 18 -12 47 0 T M M 2.1 8 260 M M 10 10 260
21 18 9 14 -16 51 0 T M M 3.4 15 20 M M 10 18 19 10
22 12 2 7 -23 58 0 0.02 M M 7.2 13 350 M M 4 8 17 60
23 13 7 10 -20 55 0 0.05 M M 2.8 8 240 M M 10 8 11 280
24 18 13 16 -14 49 0 0.07 M M 1.3 12 120 M M 10 18 15 130
25 27 10 19 -11 46 0 T M M 2.5 8 80 M M 9 168 11 90
26 33 24 29 -1 36 0 0.54 M M 2.9 10 260 M M 10 1268 15 250
27 46 32 39 9 26 0 0.07 M M 7.9 29 200 M M 8 1268 39 190
28 47 24 36 6 29 0 0.00 M M 4.6 12 290 M M 0 20 240
29 36 20 28 -2 37 0 0.19 M M 1.6 7 290 M M 7 18 9 280
30 36 32 34 4 31 0 0.21 M M 2.7 8 270 M M 10 12 10 250
31 34 17 26 -4 39 0 0.00 M M 3.1 8 320 M M 6 128 9 260
================================================================================
SM 919 516 1292 0 2.17 M 110.8 M 228
================================================================================
AV 29.6 16.6 3.6 FASTST M M 7 MAX(MPH)
MISC ----> 29 200 39 190
================================================================================
NOTES:
# LAST OF SEVERAL OCCURRENCES
COLUMN 17 PEAK WIND IN M.P.H.
PRELIMINARY LOCAL CLIMATOLOGICAL DATA (WS FORM: F-6) , PAGE 2
STATION: YAKIMA WA
MONTH: DECEMBER
YEAR: 2022
LATITUDE: 46 34 N
LONGITUDE: 120 32 W
[TEMPERATURE DATA] [PRECIPITATION DATA] SYMBOLS USED IN COLUMN 16
AVERAGE MONTHLY: 23.1 TOTAL FOR MONTH: 2.17 1 = FOG OR MIST
DPTR FM NORMAL: -7.5 DPTR FM NORMAL: 0.73 2 = FOG REDUCING VISIBILITY
HIGHEST: 47 ON 28 GRTST 24HR 0.63 ON 9-10 TO 1/4 MILE OR LESS
LOWEST: 2 ON 22 3 = THUNDER
SNOW, ICE PELLETS, HAIL 4 = ICE PELLETS
TOTAL MONTH: M 5 = HAIL
GRTST 24HR M ON M 6 = FREEZING RAIN OR DRIZZLE
GRTST DEPTH: M ON M 7 = DUSTSTORM OR SANDSTORM:
VSBY 1/2 MILE OR LESS
8 = SMOKE OR HAZE
[NO. OF DAYS WITH] [WEATHER - DAYS WITH] 9 = BLOWING SNOW
X = TORNADO
MAX 32 OR BELOW: 18 0.01 INCH OR MORE: 14
MAX 90 OR ABOVE: 0 0.10 INCH OR MORE: 7
MIN 32 OR BELOW: 31 0.50 INCH OR MORE: 1
MIN 0 OR BELOW: 0 1.00 INCH OR MORE: 0
[HDD (BASE 65) ]
TOTAL THIS MO. 1292 CLEAR (SCALE 0-3) 5
DPTR FM NORMAL 227 PTCLDY (SCALE 4-7) 7
TOTAL FM JUL 1 2575 CLOUDY (SCALE 8-10) 19
DPTR FM NORMAL 70
[CDD (BASE 65) ]
TOTAL THIS MO. 0
DPTR FM NORMAL 0 [PRESSURE DATA]
TOTAL FM JAN 1 789 HIGHEST SLP 30.85 ON 22
DPTR FM NORMAL 183 LOWEST SLP 29.05 ON 27
[REMARKS]
#FINAL-12-22#