000
CXUS54 KHGX 010755
CF611R
PRELIMINARY LOCAL CLIMATOLOGICAL DATA (WS FORM: F-6)

                                          STATION:   BRENHAM
                                          MONTH:     SEPTEMBER
                                          YEAR:      2014
                                          LATITUDE:   30 13 N
                                          LONGITUDE:  96 22 W

  TEMPERATURE IN F:       :PCPN:    SNOW:  WIND      :SUNSHINE: SKY     :PK WND
================================================================================
1   2   3   4   5  6A  6B    7    8   9   10  11  12  13   14  15   16   17  18
                                     12Z  AVG MX 2MIN
DY MAX MIN AVG DEP HDD CDD  WTR  SNW DPTH SPD SPD DIR MIN PSBL S-S WX    SPD DR
================================================================================

 1  98  76  87   M   0  22 0.00  0.0    0  7.0 15 160   M    M   4 1      21 150
 2  98  76  87   M   0  22 0.00  0.0    0  8.5 17 170   M    M   3 1      23 160
 3  99  76  88   M   0  23 0.00  0.0    0  6.7 15 150   M    M   2 1      23 140
 4  95  75  85   M   0  20 0.00  0.0    0  5.2 17 160   M    M   3 12     30 160
 5  97  74  86   M   0  21 0.00  0.0    0  4.3 14 110   M    M   1 13     22 110
 6  97  73  85   M   0  20 0.07  0.0    0  2.1  9  50   M    M   2 13      M  M
 7  93  73  83   M   0  18 0.03  0.0    0  3.5 14 330   M    M   3 3      17 100
 8  95  73  84   M   0  19 0.00  0.0    0  2.0  7 120   M    M   0         M  M
 9  98  75  87   M   0  22 0.00  0.0    0  5.8 12 140   M    M   0 1      16 160
10 100  76  88   M   0  23 0.00  0.0    0  9.0 16 200   M    M   2        21 210
11  99  76  88   M   0  23 0.00  0.0    0  4.4  9 120   M    M   2 1       M  M
12  95  72  84   M   0  19 0.84  0.0    0  5.9 16 360   M    M   3 3      22 320
13  72  65  69   M   0   4 0.20  0.0    0  8.4 14 350   M    M  10 1      21  10
14  78  66  72   M   0   7 0.00  0.0    0  3.7  7 350   M    M   8 1       M  M
15  91  69  80   M   0  15 0.00  0.0    0  2.2  6  60   M    M   2 1       M  M
16  94  76  85   M   0  20 0.15  0.0    0  3.6  8 120   M    M   2 138    16 120
17  92  76  84   M   0  19 0.01  0.0    0  2.9 15 150   M    M   6 123    21 150
18  87  77  82   M   0  17 0.40  0.0    0  2.9 10 100   M    M   6 13      M  M
19  88  75  82   M   0  17 0.00  0.0    0  3.7  7 100   M    M   6         M  M
20  91  74  83   M   0  18 0.00  0.0    0  4.0 10 100   M    M   2 1       M  M
21  92  73  83   M   0  18 0.00  0.0    0  2.7  8  70   M    M   1         M  M
22  92  71  82   M   0  17 0.00  0.0    0  4.4 10 360   M    M   0        16 360
23  85  62  74   M   0   9 0.00  0.0    0  3.0  8  90   M    M   0         M  M
24  86  62  74   M   0   9 0.00  0.0    0  1.6  9 100   M    M   0         M  M
25  83  64  74   M   0   9 0.00  0.0    0  5.8 13 110   M    M   2        18 100
26  88  68  78   M   0  13 0.00  0.0    0  3.3  8 100   M    M   0         M  M
27  86  72  79   M   0  14 0.03  0.0    0  2.8  9  80   M    M   0         M  M
28  90  68  79   M   0  14 0.00  0.0    0  3.5  9  90   M    M   2         M  M
29  90  69  80   M   0  15 0.00  0.0    0  2.4  9 350   M    M   0 1      22  10
30  91  70  81   M   0  16 0.00  0.0    0  1.8  7 150   M    M   1         M  M
================================================================================
SM 2740 2152         0 503  1.73     0.0 127.1          M       73
================================================================================
AV 91.3 71.7                               4.2 FASTST   M    M   2    MAX(MPH)
                                 MISC ---->    17   M                 30    M
================================================================================
NOTES:
# LAST OF SEVERAL OCCURRENCES

COLUMN 17 PEAK WIND IN M.P.H.

PRELIMINARY LOCAL CLIMATOLOGICAL DATA (WS FORM: F-6) , PAGE 2

                                          STATION:  BRENHAM
                                          MONTH:    SEPTEMBER
                                          YEAR:     2014
                                          LATITUDE:   30 13 N
                                          LONGITUDE:  96 22 W

[TEMPERATURE DATA]      [PRECIPITATION DATA]       SYMBOLS USED IN COLUMN 16

AVERAGE MONTHLY: 81.5   TOTAL FOR MONTH:   1.73    1 = FOG OR MIST
DPTR FM NORMAL:  29.1   DPTR FM NORMAL:   -2.02    2 = FOG REDUCING VISIBILITY
HIGHEST:   100 ON 10    GRTST 24HR  0.84 ON 12-12      TO 1/4 MILE OR LESS
LOWEST:     62 ON 24,23                            3 = THUNDER
                        SNOW, ICE PELLETS, HAIL    4 = ICE PELLETS
                        TOTAL MONTH:   0.0 INCH    5 = HAIL
                        GRTST 24HR     0.0         6 = FREEZING RAIN OR DRIZZLE
                        GRTST DEPTH:   0           7 = DUSTSTORM OR SANDSTORM:
                                                       VSBY 1/2 MILE OR LESS
                                                   8 = SMOKE OR HAZE
[NO. OF DAYS WITH]      [WEATHER - DAYS WITH]      9 = BLOWING SNOW
                                                   X = TORNADO
MAX 32 OR BELOW:   0    0.01 INCH OR MORE:   8
MAX 90 OR ABOVE:  21    0.10 INCH OR MORE:   4
MIN 32 OR BELOW:   0    0.50 INCH OR MORE:   1
MIN  0 OR BELOW:   0    1.00 INCH OR MORE:   0

[HDD (BASE 65) ]
TOTAL THIS MO.     0    CLEAR  (SCALE 0-3)  23
DPTR FM NORMAL     M    PTCLDY (SCALE 4-7)   6
TOTAL FM JUL 1     0    CLOUDY (SCALE 8-10)  1
DPTR FM NORMAL     M

[CDD (BASE 65) ]
TOTAL THIS MO.   503
DPTR FM NORMAL     M    [PRESSURE DATA]
TOTAL FM JAN 1  2693    HIGHEST SLP M ON M
DPTR FM NORMAL     M    LOWEST  SLP M ON M

[REMARKS]
#FINAL-09-14#
