000
CXUS51 KBTV 260700
CF61V4
PRELIMINARY LOCAL CLIMATOLOGICAL DATA (WS FORM: F-6)

                                          STATION:   ST. JOHNSBURY VT
                                          MONTH:     MAY
                                          YEAR:      2016
                                          LATITUDE:   44 25 N
                                          LONGITUDE:  72  1 W

  TEMPERATURE IN F:       :PCPN:    SNOW:  WIND      :SUNSHINE: SKY     :PK WND
================================================================================
1   2   3   4   5  6A  6B    7    8   9   10  11  12  13   14  15   16   17  18
                                     12Z  AVG MX 2MIN
DY MAX MIN AVG DEP HDD CDD  WTR  SNW DPTH SPD SPD DIR MIN PSBL S-S WX    SPD DR
================================================================================

 1  53  36  45  -6  20   0 0.32    M    0   M   M   M   M    M   0         M  M
 2  47  40  44  -7  21   0 0.49    M    0   M   M   M   M    M   0         M  M
 3  50  42  46  -6  19   0 0.00  0.0    0   M   M   M   M    M   0         M  M
 4  52  39  46  -6  19   0 0.07    M    0   M   M   M   M    M   0         M  M
 5  59  44  52  -1  13   0 0.00  0.0    0   M   M   M   M    M   0         M  M
 6  76  44  60   7   5   0 0.00  0.0    0   M   M   M   M    M   0         M  M
 7  67  53  60   7   5   0 0.00  0.0    0   M   M   M   M    M   0         M  M
 8  55  36  46  -8  19   0 0.28    M    0   M   M   M   M    M   0         M  M
 9  51  32  42 -12  23   0 0.00  0.0    0   M   M   M   M    M   0         M  M
10  67  29  48  -6  17   0 0.00  0.0    0   M   M   M   M    M   0         M  M
11  71  34  53  -2  12   0 0.00  0.0    0   M   M   M   M    M   0         M  M
12  82  37  60   5   5   0 0.00  0.0    0   M   M   M   M    M   0         M  M
13  71  44  58   3   7   0 0.40    M    0   M   M   M   M    M   0         M  M
14  72  48  60   4   5   0 0.24    M    0   M   M   M   M    M   0         M  M
15  55  37  46 -10  19   0 0.43    M    0   M   M   M   M    M   0         M  M
16  47  35  41 -15  24   0 0.00  0.0    0   M   M   M   M    M   0         M  M
17  64  30  47 -10  18   0 0.00  0.0    0   M   M   M   M    M   0         M  M
18  67  40  54  -3  11   0 0.00  0.0    0   M   M   M   M    M   0         M  M
19  67  45  56  -2   9   0 0.24    M    0   M   M   M   M    M   0         M  M
20  74  44  59   1   6   0 0.00  0.0    0   M   M   M   M    M   0         M  M
21  77  41  59   1   6   0 0.00  0.0    0   M   M   M   M    M   0         M  M
22  76  52  64   6   1   0 0.17  0.0    0   M   M   M   M    M   0         M  M
23  80  48  64   5   1   0 0.00  0.0    0   M   M   M   M    M   0         M  M
24  77  46  62   3   3   0 0.37    M    0   M   M   M   M    M   0         M  M
25  83  55  69  10   0   4 0.00  0.0    0   M   M   M   M    M   0         M  M
================================================================================
SM 1640 1031       288   4  3.01     0.0     M          M        0
================================================================================
AV 65.6 41.2                                 M FASTST   M    M   0    MAX(MPH)
                                 MISC ---->     M   M                  M    M
================================================================================
NOTES:
# LAST OF SEVERAL OCCURRENCES

COLUMN 17 PEAK WIND IN M.P.H.

PRELIMINARY LOCAL CLIMATOLOGICAL DATA (WS FORM: F-6) , PAGE 2

                                          STATION:  ST. JOHNSBURY VT
                                          MONTH:    MAY
                                          YEAR:     2016
                                          LATITUDE:   44 25 N
                                          LONGITUDE:  72  1 W

[TEMPERATURE DATA]      [PRECIPITATION DATA]       SYMBOLS USED IN COLUMN 16

AVERAGE MONTHLY: 53.4   TOTAL FOR MONTH:   3.01    1 = FOG OR MIST
DPTR FM NORMAL:  -1.9   DPTR FM NORMAL:    0.34    2 = FOG REDUCING VISIBILITY
HIGHEST:    83 ON 25    GRTST 24HR  0.49 ON  2- 2      TO 1/4 MILE OR LESS
LOWEST:     29 ON 10                               3 = THUNDER
                        SNOW, ICE PELLETS, HAIL    4 = ICE PELLETS
                        TOTAL MONTH:   0.0 INCH    5 = HAIL
                        GRTST 24HR     0.0         6 = FREEZING RAIN OR DRIZZLE
                        GRTST DEPTH:   0           7 = DUSTSTORM OR SANDSTORM:
                                                       VSBY 1/2 MILE OR LESS
                                                   8 = SMOKE OR HAZE
[NO. OF DAYS WITH]      [WEATHER - DAYS WITH]      9 = BLOWING SNOW
                                                   X = TORNADO
MAX 32 OR BELOW:   0    0.01 INCH OR MORE:  10
MAX 90 OR ABOVE:   0    0.10 INCH OR MORE:   9
MIN 32 OR BELOW:   3    0.50 INCH OR MORE:   0
MIN  0 OR BELOW:   0    1.00 INCH OR MORE:   0

[HDD (BASE 65) ]
TOTAL THIS MO.   288    CLEAR  (SCALE 0-3)  25
DPTR FM NORMAL    37    PTCLDY (SCALE 4-7)   0
TOTAL FM JUL 1  6837    CLOUDY (SCALE 8-10)  0
DPTR FM NORMAL  -833

[CDD (BASE 65) ]
TOTAL THIS MO.     4
DPTR FM NORMAL    -4    [PRESSURE DATA]
TOTAL FM JAN 1     4    HIGHEST SLP M ON M
DPTR FM NORMAL    -5    LOWEST  SLP M ON M

[REMARKS]
