000
CXUS53 KUNR 220945
CF62WX
PRELIMINARY LOCAL CLIMATOLOGICAL DATA (WS FORM: F-6)

                                          STATION:   BUFFALO SD
                                          MONTH:     SEPTEMBER
                                          YEAR:      2017
                                          LATITUDE:   45 35 N
                                          LONGITUDE: 103 33 W

  TEMPERATURE IN F:       :PCPN:    SNOW:  WIND      :SUNSHINE: SKY     :PK WND
================================================================================
1   2   3   4   5  6A  6B    7    8   9   10  11  12  13   14  15   16   17  18
                                     12Z  AVG MX 2MIN
DY MAX MIN AVG DEP HDD CDD  WTR  SNW DPTH SPD SPD DIR MIN PSBL S-S WX    SPD DR
================================================================================

 1  86  61  74   8   0   9 0.00    M    M 12.0 30 330   M    M   M        35 320
 2  93  54  74   9   0   9 0.00    M    M  5.2 18 280   M    M   M        24 280
 3  91  59  75  10   0  10 0.00    M    M 14.6 39 310   M    M   M        46 310
 4  74  45  60  -4   5   0 0.00    M    M 18.6 37 330   M    M   M        46 340
 5  73  43  58  -6   7   0 0.00    M    M 10.3 22 330   M    M   M        29 330
 6  82  47  65   2   0   0 0.00    M    M  4.8 10 130   M    M   M        16 210
 7  89  46  68   5   0   3 0.00    M    M  5.4 15  80   M    M   M        17  70
 8  88  51  70   8   0   5 0.00    M    M 15.6 29 130   M    M   M        40 130
 9  92  62  77  15   0  12 0.00    M    M 13.1 24 140   M    M   M        33 140
10  93  56  75  14   0  10 0.00    M    M 10.2 23 340   M    M   M        28 330
11  93  57  75  14   0  10 0.00    M    M 11.0 29 150   M    M   M        34 150
12  98  59  79  19   0  14 0.00    M    M  7.4 20 330   M    M   M        24 310
13  93  53  73  13   0   8 0.17    M    M 10.4 30  60   M    M   M        36  60
14  73  53  63   4   2   0 0.01    M    M 14.2 22  30   M    M   M        27  40
15  53  42  48 -11  17   0 1.86    M    M 19.2 33  40   M    M   M        38  40
16  48  40  44 -14  21   0 0.04    M    M 10.9 18 310   M    M   M        22 310
17  65  35  50  -8  15   0 0.00    M    M  7.9 20 160   M    M   M        25 150
18  79  39  59   2   6   0 0.00    M    M  9.7 30 130   M    M   M        40 120
19  65  41  53  -4  12   0 0.02    M    M 12.6 29 260   M    M   M        38 270
20  71  40  56   0   9   0 0.00    M    M 14.1 30 200   M    M   M        40 210
21  73  52  63   7   2   0 0.00    M    M 14.9 37 200   M    M   M        46 200
================================================================================
SM 1672 1035        96  90  2.10    M    242.1          M        M
================================================================================
AV 79.6 49.3                              11.5 FASTST   M    M   1    MAX(MPH)
                                 MISC ---->  # 39 310               # 46  310
================================================================================
NOTES:
# LAST OF SEVERAL OCCURRENCES

COLUMN 17 PEAK WIND IN M.P.H.

PRELIMINARY LOCAL CLIMATOLOGICAL DATA (WS FORM: F-6) , PAGE 2

                                          STATION:  BUFFALO SD
                                          MONTH:    SEPTEMBER
                                          YEAR:     2017
                                          LATITUDE:   45 35 N
                                          LONGITUDE: 103 33 W

[TEMPERATURE DATA]      [PRECIPITATION DATA]       SYMBOLS USED IN COLUMN 16

AVERAGE MONTHLY: 64.5   TOTAL FOR MONTH:   2.10    1 = FOG OR MIST
DPTR FM NORMAL:   3.7   DPTR FM NORMAL:    1.22    2 = FOG REDUCING VISIBILITY
HIGHEST:    98 ON 12    GRTST 24HR  1.86 ON 15-15      TO 1/4 MILE OR LESS
LOWEST:     35 ON 17                               3 = THUNDER
                        SNOW, ICE PELLETS, HAIL    4 = ICE PELLETS
                        TOTAL MONTH:    M          5 = HAIL
                        GRTST 24HR    M  ON   M    6 = FREEZING RAIN OR DRIZZLE
                        GRTST DEPTH:  M  ON   M    7 = DUSTSTORM OR SANDSTORM:
                                                       VSBY 1/2 MILE OR LESS
                                                   8 = SMOKE OR HAZE
[NO. OF DAYS WITH]      [WEATHER - DAYS WITH]      9 = BLOWING SNOW
                                                   X = TORNADO
MAX 32 OR BELOW:   0    0.01 INCH OR MORE:   5
MAX 90 OR ABOVE:   7    0.10 INCH OR MORE:   2
MIN 32 OR BELOW:   0    0.50 INCH OR MORE:   1
MIN  0 OR BELOW:   0    1.00 INCH OR MORE:   1

[HDD (BASE 65) ]
TOTAL THIS MO.    96    CLEAR  (SCALE 0-3)   0
DPTR FM NORMAL   -34    PTCLDY (SCALE 4-7)   0
TOTAL FM JUL 1   107    CLOUDY (SCALE 8-10)  0
DPTR FM NORMAL   -75

[CDD (BASE 65) ]
TOTAL THIS MO.    90
DPTR FM NORMAL    50    [PRESSURE DATA]
TOTAL FM JAN 1   740    HIGHEST SLP M ON M
DPTR FM NORMAL   229    LOWEST  SLP 29.25 ON 19

[REMARKS]
