000
CXUS55 KBOU 260757
CF633V
PRELIMINARY LOCAL CLIMATOLOGICAL DATA (WS FORM: F-6)

                                          STATION:   Walden
                                          MONTH:     JUNE
                                          YEAR:      2017
                                          LATITUDE:   40 45 N
                                          LONGITUDE: 106 16 W

  TEMPERATURE IN F:       :PCPN:    SNOW:  WIND      :SUNSHINE: SKY     :PK WND
================================================================================
1   2   3   4   5  6A  6B    7    8   9   10  11  12  13   14  15   16   17  18
                                     12Z  AVG MX 2MIN
DY MAX MIN AVG DEP HDD CDD  WTR  SNW DPTH SPD SPD DIR MIN PSBL S-S WX    SPD DR
================================================================================

 1  66  34  50   M  15   0    M    M    M  6.4 28 110   M    M   3        32 110
 2  64  37  51   M  14   0    M    M    M  7.6 14 270   M    M   4        20 310
 3  70  32  51   M  14   0    M    M    M  3.4  8  70   M    M   1         M  M
 4  75  36  56   M   9   0    M    M    M  4.8  9 130   M    M   0         M  M
 5  73  39  56   M   9   0    M    M    M  7.5 16 100   M    M   4        23 100
 6  72  41  57   M   8   0    M    M    M  6.4 22 330   M    M   4        30 330
 7  72  41  57   M   8   0    M    M    M  4.6 12  10   M    M   2        17  10
 8  77  37  57   M   8   0    M    M    M  7.2 21 250   M    M   1        27 240
 9  75  37  56   M   9   0    M    M    M 12.9 27 210   M    M   0        32 210
10  77  46  62   M   3   0    M    M    M 14.1 27 230   M    M   0        35 230
11  75  41  58   M   7   0    M    M    M 10.0 21 210   M    M   0        29 210
12  77  39  58   M   7   0    M    M    M 11.7 29 220   M    M   0        44 210
13  57  32  45   M  20   0    M    M    M 14.9 33 230   M    M   4        41 230
14  70  39  55   M  10   0    M    M    M 13.2 24 250   M    M   3        31 260
15  72  34  53   M  12   0    M    M    M  9.4 21 270   M    M   0        28 270
16  75  39  57   M   8   0    M    M    M 11.9 31 240   M    M   2        35 240
17  68  50  59   M   6   0    M    M    M  9.6 25 300   M    M   5        31 300
18  73  39  56   M   9   0    M    M    M  8.7 17 300   M    M   1        27 300
19  75  39  57   M   8   0    M    M    M  5.1  9 260   M    M   0        18 270
20  81  41  61   M   4   0    M    M    M  8.1 28 290   M    M   1        37 290
21  79  50  65   M   0   0    M    M    M 10.6 27 250   M    M   1        37 250
22  81  43  62   M   3   0    M    M    M 12.2 22 300   M    M   2        32 280
23  72  39  56   M   9   0    M    M    M  7.0 18 290   M    M   1        22 290
24  70  32  51   M  14   0    M    M    M  7.7 20 330   M    M   0        25 330
25  75  34  55   M  10   0    M    M    M  6.5 18 340   M    M   1        23 340
================================================================================
SM 1821  971       224   0    M     M    221.5          M       40
================================================================================
AV 72.8 38.8                               8.9 FASTST   M    M   2    MAX(MPH)
                                 MISC ---->  # 33 230               # 44  210
================================================================================
NOTES:
# LAST OF SEVERAL OCCURRENCES

COLUMN 17 PEAK WIND IN M.P.H.

PRELIMINARY LOCAL CLIMATOLOGICAL DATA (WS FORM: F-6) , PAGE 2

                                          STATION:  Walden
                                          MONTH:    JUNE
                                          YEAR:     2017
                                          LATITUDE:   40 45 N
                                          LONGITUDE: 106 16 W

[TEMPERATURE DATA]      [PRECIPITATION DATA]       SYMBOLS USED IN COLUMN 16

AVERAGE MONTHLY: 55.8   TOTAL FOR MONTH:      M    1 = FOG OR MIST
DPTR FM NORMAL:     M   DPTR FM NORMAL:       M    2 = FOG REDUCING VISIBILITY
HIGHEST:    81 ON 22,20 GRTST 24HR    M  ON   M        TO 1/4 MILE OR LESS
LOWEST:     32 ON 24,13                            3 = THUNDER
                        SNOW, ICE PELLETS, HAIL    4 = ICE PELLETS
                        TOTAL MONTH:    M          5 = HAIL
                        GRTST 24HR    M  ON   M    6 = FREEZING RAIN OR DRIZZLE
                        GRTST DEPTH:  M  ON   M    7 = DUSTSTORM OR SANDSTORM:
                                                       VSBY 1/2 MILE OR LESS
                                                   8 = SMOKE OR HAZE
[NO. OF DAYS WITH]      [WEATHER - DAYS WITH]      9 = BLOWING SNOW
                                                   X = TORNADO
MAX 32 OR BELOW:   0    0.01 INCH OR MORE:   0
MAX 90 OR ABOVE:   0    0.10 INCH OR MORE:   0
MIN 32 OR BELOW:   3    0.50 INCH OR MORE:   0
MIN  0 OR BELOW:   0    1.00 INCH OR MORE:   0

[HDD (BASE 65) ]
TOTAL THIS MO.   224    CLEAR  (SCALE 0-3)  20
DPTR FM NORMAL     M    PTCLDY (SCALE 4-7)   5
TOTAL FM JUL 1  7813    CLOUDY (SCALE 8-10)  0
DPTR FM NORMAL     M

[CDD (BASE 65) ]
TOTAL THIS MO.     0
DPTR FM NORMAL     M    [PRESSURE DATA]
TOTAL FM JAN 1     0    HIGHEST SLP M ON M
DPTR FM NORMAL     M    LOWEST  SLP M ON M

[REMARKS]
