000
CXUS56 KMFR 171000
CF6AAT
PRELIMINARY LOCAL CLIMATOLOGICAL DATA (WS FORM: F-6)

                                          STATION:   ALTURAS CA
                                          MONTH:     DECEMBER
                                          YEAR:      2017
                                          LATITUDE:   41 29 N
                                          LONGITUDE: 120 34 W

  TEMPERATURE IN F:       :PCPN:    SNOW:  WIND      :SUNSHINE: SKY     :PK WND
================================================================================
1   2   3   4   5  6A  6B    7    8   9   10  11  12  13   14  15   16   17  18
                                     12Z  AVG MX 2MIN
DY MAX MIN AVG DEP HDD CDD  WTR  SNW DPTH SPD SPD DIR MIN PSBL S-S WX    SPD DR
================================================================================

 1  51  20  36   5  29   0 0.00    M    M  2.0 12 290   M    M   1 18     14 290
 2  51  21  36   5  29   0 0.01    M    M  4.9 17 270   M    M   4 1      22 280
 3  35  19  27  -4  38   0 0.08    M    M  5.8 15 310   M    M   6 1      21 310
 4  33  14  24  -7  41   0 0.00    M    M  1.3  9  10   M    M   3 1      12  20
 5  43  10  27  -3  38   0 0.00    M    M  1.9  7 170   M    M   0 18     10  30
 6  48  13  31   1  34   0 0.00    M    M  1.5  6 140   M    M   0 18      8  50
 7  53  11  32   2  33   0 0.00    M    M  1.9  9  70   M    M   0 18     12  70
 8  56  14  35   5  30   0 0.00    M    M  1.8  9  70   M    M   0 18     11  80
 9  56  13  35   5  30   0 0.00    M    M  2.3  9  70   M    M   0 18     11  70
10  56  12  34   4  31   0 0.00    M    M  2.1 10  60   M    M   0 18     13  60
11  57  13  35   5  30   0 0.00    M    M  2.3  9  70   M    M   0 18     12 190
12  50   9  30   0  35   0 0.00    M    M  1.8  7  70   M    M   0 18      8  80
13  51  13  32   3  33   0 0.00    M    M  1.4  7 140   M    M   0 18      8  90
14  53  12  33   4  32   0 0.00    M    M  2.3 18 160   M    M   0 18     23 170
15  47  17  32   3  33   0 0.11    M    M  1.8 13 320   M    M   2 18     18 320
16  38  20  29   0  36   0 0.00    M    M  7.3 20  10   M    M   1 8      26  10
================================================================================
SM  778  231       532   0  0.20    M     42.4          M       17
================================================================================
AV 48.6 14.4                               2.6 FASTST   M    M   1    MAX(MPH)
                                 MISC ---->  # 20  10               # 26   10
================================================================================
NOTES:
# LAST OF SEVERAL OCCURRENCES

COLUMN 17 PEAK WIND IN M.P.H.

PRELIMINARY LOCAL CLIMATOLOGICAL DATA (WS FORM: F-6) , PAGE 2

                                          STATION:  ALTURAS CA
                                          MONTH:    DECEMBER
                                          YEAR:     2017
                                          LATITUDE:   41 29 N
                                          LONGITUDE: 120 34 W

[TEMPERATURE DATA]      [PRECIPITATION DATA]       SYMBOLS USED IN COLUMN 16

AVERAGE MONTHLY: 31.5   TOTAL FOR MONTH:   0.20    1 = FOG OR MIST
DPTR FM NORMAL:   1.5   DPTR FM NORMAL:   -0.66    2 = FOG REDUCING VISIBILITY
HIGHEST:    57 ON 11    GRTST 24HR  0.11 ON 15-15      TO 1/4 MILE OR LESS
LOWEST:      9 ON 12                               3 = THUNDER
                        SNOW, ICE PELLETS, HAIL    4 = ICE PELLETS
                        TOTAL MONTH:    M          5 = HAIL
                        GRTST 24HR    M  ON   M    6 = FREEZING RAIN OR DRIZZLE
                        GRTST DEPTH:  M  ON   M    7 = DUSTSTORM OR SANDSTORM:
                                                       VSBY 1/2 MILE OR LESS
                                                   8 = SMOKE OR HAZE
[NO. OF DAYS WITH]      [WEATHER - DAYS WITH]      9 = BLOWING SNOW
                                                   X = TORNADO
MAX 32 OR BELOW:   0    0.01 INCH OR MORE:   3
MAX 90 OR ABOVE:   0    0.10 INCH OR MORE:   1
MIN 32 OR BELOW:  16    0.50 INCH OR MORE:   0
MIN  0 OR BELOW:   0    1.00 INCH OR MORE:   0

[HDD (BASE 65) ]
TOTAL THIS MO.   532    CLEAR  (SCALE 0-3)  13
DPTR FM NORMAL   -27    PTCLDY (SCALE 4-7)   3
TOTAL FM JUL 1  2086    CLOUDY (SCALE 8-10)  0
DPTR FM NORMAL  -283

[CDD (BASE 65) ]
TOTAL THIS MO.     0
DPTR FM NORMAL     0    [PRESSURE DATA]
TOTAL FM JAN 1   516    HIGHEST SLP M ON M
DPTR FM NORMAL   360    LOWEST  SLP 29.96 ON  2

[REMARKS]
