000
CXUS54 KSJT 191210
CF6ABI
PRELIMINARY LOCAL CLIMATOLOGICAL DATA (WS FORM: F-6)

                                          STATION:   ABILENE
                                          MONTH:     SEPTEMBER
                                          YEAR:      2017
                                          LATITUDE:   32 25 N
                                          LONGITUDE:  99 41 W

  TEMPERATURE IN F:       :PCPN:    SNOW:  WIND      :SUNSHINE: SKY     :PK WND
================================================================================
1   2   3   4   5  6A  6B    7    8   9   10  11  12  13   14  15   16   17  18
                                     12Z  AVG MX 2MIN
DY MAX MIN AVG DEP HDD CDD  WTR  SNW DPTH SPD SPD DIR MIN PSBL S-S WX    SPD DR
================================================================================

 1  90  58  74  -6   0   9 0.00  0.0    0  3.5 10 190   M    M   0        13 140
 2  93  66  80   0   0  15 0.00  0.0    0 10.4 36 360   M    M   1 138    47  10
 3  90  62  76  -4   0  11 0.00  0.0    0  5.9 16 200   M    M   0        20 200
 4  91  68  80   1   0  15 0.00  0.0    0  7.7 14 210   M    M   0        17 210
 5  87  66  77  -2   0  12 0.00  0.0    0 10.5 21 350   M    M   1        26 350
 6  84  59  72  -7   0   7 0.00  0.0    0  6.1 13  60   M    M   1        18  70
 7  85  57  71  -7   0   6 0.00  0.0    0  8.7 18 130   M    M   0        23 140
 8  84  56  70  -8   0   5 0.00  0.0    0  9.8 18 140   M    M   0        26 140
 9  84  57  71  -7   0   6 0.00  0.0    0  8.5 17 130   M    M   0        21 140
10  84  58  71  -6   0   6 0.00  0.0    0  6.2 13  90   M    M   0        17  60
11  87  55  71  -6   0   6 0.00  0.0    0  4.7 18 340   M    M   0        22 340
12  90  56  73  -4   0   8 0.00  0.0    0  5.6 15 340   M    M   0        17 350
13  95  60  78   2   0  13 0.00  0.0    0  7.5 15 140   M    M   0        20 140
14 100  67  84   8   0  19 0.00  0.0    0 13.5 22 150   M    M   0        29 150
15  95  70  83   7   0  18 0.00  0.0    0 13.5 24 210   M    M   0        31 200
16  96  72  84   9   0  19 0.00  0.0    0 10.4 17 170   M    M   0        23 230
17  93  74  84   9   0  19 0.00  0.0    0 10.9 21 210   M    M   0        27 200
18  94  67  81   6   0  16 0.00  0.0    0 10.1 22 140   M    M   0        24 130
================================================================================
SM 1622 1128         0 210  0.00     0.0 153.5          M        3
================================================================================
AV 90.1 62.7                               8.5 FASTST   M    M   0    MAX(MPH)
                                 MISC ---->  # 36 360               # 47   10
================================================================================
NOTES:
# LAST OF SEVERAL OCCURRENCES

COLUMN 17 PEAK WIND IN M.P.H.

PRELIMINARY LOCAL CLIMATOLOGICAL DATA (WS FORM: F-6) , PAGE 2

                                          STATION:  ABILENE
                                          MONTH:    SEPTEMBER
                                          YEAR:     2017
                                          LATITUDE:   32 25 N
                                          LONGITUDE:  99 41 W

[TEMPERATURE DATA]      [PRECIPITATION DATA]       SYMBOLS USED IN COLUMN 16

AVERAGE MONTHLY: 76.4   TOTAL FOR MONTH:   0.00    1 = FOG OR MIST
DPTR FM NORMAL:  -1.1   DPTR FM NORMAL:   -1.38    2 = FOG REDUCING VISIBILITY
HIGHEST:   100 ON 14    GRTST 24HR  0.00 ON 18-18      TO 1/4 MILE OR LESS
LOWEST:     55 ON 11                               3 = THUNDER
                        SNOW, ICE PELLETS, HAIL    4 = ICE PELLETS
                        TOTAL MONTH:   0.0 INCH    5 = HAIL
                        GRTST 24HR     0.0         6 = FREEZING RAIN OR DRIZZLE
                        GRTST DEPTH:   0           7 = DUSTSTORM OR SANDSTORM:
                                                       VSBY 1/2 MILE OR LESS
                                                   8 = SMOKE OR HAZE
[NO. OF DAYS WITH]      [WEATHER - DAYS WITH]      9 = BLOWING SNOW
                                                   X = TORNADO
MAX 32 OR BELOW:   0    0.01 INCH OR MORE:   0
MAX 90 OR ABOVE:  11    0.10 INCH OR MORE:   0
MIN 32 OR BELOW:   0    0.50 INCH OR MORE:   0
MIN  0 OR BELOW:   0    1.00 INCH OR MORE:   0

[HDD (BASE 65) ]
TOTAL THIS MO.     0    CLEAR  (SCALE 0-3)  18
DPTR FM NORMAL     0    PTCLDY (SCALE 4-7)   0
TOTAL FM JUL 1     0    CLOUDY (SCALE 8-10)  0
DPTR FM NORMAL     0

[CDD (BASE 65) ]
TOTAL THIS MO.   210
DPTR FM NORMAL   -17    [PRESSURE DATA]
TOTAL FM JAN 1  2126    HIGHEST SLP M ON M
DPTR FM NORMAL   -46    LOWEST  SLP 29.65 ON 14

[REMARKS]
