000
CXUS54 KSJT 301210
CF6ABI
PRELIMINARY LOCAL CLIMATOLOGICAL DATA (WS FORM: F-6)

                                          STATION:   ABILENE
                                          MONTH:     AUGUST
                                          YEAR:      2016
                                          LATITUDE:   32 25 N
                                          LONGITUDE:  99 41 W

  TEMPERATURE IN F:       :PCPN:    SNOW:  WIND      :SUNSHINE: SKY     :PK WND
================================================================================
1   2   3   4   5  6A  6B    7    8   9   10  11  12  13   14  15   16   17  18
                                     12Z  AVG MX 2MIN
DY MAX MIN AVG DEP HDD CDD  WTR  SNW DPTH SPD SPD DIR MIN PSBL S-S WX    SPD DR
================================================================================

 1 100  77  89   5   0  24 0.00  0.0    0 14.3 22 180   M    M   0        36 210
 2 101  75  88   4   0  23 0.00  0.0    0 12.5 22 150   M    M   0        29 140
 3 100  77  89   5   0  24 0.00  0.0    0 10.3 17 140   M    M   0        22 130
 4 101  78  90   6   0  25 0.00  0.0    0 12.0 23 210   M    M   0        27 210
 5 100  77  89   5   0  24 0.00  0.0    0 11.5 20 130   M    M   0        24 210
 6 100  77  89   5   0  24 0.00  0.0    0  9.7 17 130   M    M   1        23 140
 7 100  79  90   6   0  25 0.00  0.0    0  9.6 17 150   M    M   1        22 190
 8 102  78  90   6   0  25 0.00  0.0    0 10.5 24 350   M    M   1        27 350
 9  96  73  85   1   0  20 0.01  0.0    0 11.0 21  30   M    M   2        33  30
10 101  77  89   5   0  24 0.00  0.0    0 10.5 18 120   M    M   1        26 140
11 103  79  91   7   0  26 0.00  0.0    0 10.5 20 140   M    M   1        24 140
12 101  73  87   3   0  22 0.42  0.0    0  7.2 30  40   M    M   3 13     41  40
13  92  73  83  -1   0  18 0.22  0.0    0  8.5 18  40   M    M   3 1      25  20
14  90  69  80  -3   0  15 0.00  0.0    0  9.1 20  20   M    M   1        29  20
15  90  68  79  -4   0  14 0.00  0.0    0  8.1 17  90   M    M   1        21  90
16  88  63  76  -7   0  11 0.00  0.0    0  6.8 18 110   M    M   0        25 110
17  89  70  80  -3   0  15    T  0.0    0  5.7 20 120   M    M   5 1      22 110
18  83  71  77  -6   0  12 0.11  0.0    0 11.4 22 160   M    M   6 1      29 160
19  87  73  80  -3   0  15    T  0.0    0 12.3 24 210   M    M   6        32 220
20  80  66  73 -10   0   8 2.54  0.0    0  6.4 16 350   M    M   7 13     23  20
21  84  67  76  -6   0  11 0.00  0.0    0  6.0 15  80   M    M   5        22  90
22  87  68  78  -4   0  13 0.97  0.0    0  5.8 29 230   M    M   6 13     41 240
23  93  73  83   1   0  18    T  0.0    0 15.3 29 200   M    M   1        38 190
24  93  71  82   0   0  17 0.00  0.0    0 13.6 23 210   M    M   1        29 180
25  93  71  82   0   0  17 0.00  0.0    0 11.2 20 180   M    M   0        23 150
26  92  70  81  -1   0  16 0.06  0.0    0  5.7 16 270   M    M   2 38     20 270
27  92  70  81   0   0  16 0.26  0.0    0  7.2 26 160   M    M   1 13     33 160
28  87  70  79  -2   0  14 0.68  0.0    0  6.6 31  80   M    M   2 18     37  80
29  88  68  78  -3   0  13    T  0.0    0  6.4 23 110   M    M   3        29 110
================================================================================
SM 2713 2101         0 529  5.27     0.0 275.7          M       60
================================================================================
AV 93.6 72.4                               9.5 FASTST   M    M   2    MAX(MPH)
                                 MISC ---->  # 31  80               # 41   40
================================================================================
NOTES:
# LAST OF SEVERAL OCCURRENCES

COLUMN 17 PEAK WIND IN M.P.H.

PRELIMINARY LOCAL CLIMATOLOGICAL DATA (WS FORM: F-6) , PAGE 2

                                          STATION:  ABILENE
                                          MONTH:    AUGUST
                                          YEAR:     2016
                                          LATITUDE:   32 25 N
                                          LONGITUDE:  99 41 W

[TEMPERATURE DATA]      [PRECIPITATION DATA]       SYMBOLS USED IN COLUMN 16

AVERAGE MONTHLY: 83.0   TOTAL FOR MONTH:   5.27    1 = FOG OR MIST
DPTR FM NORMAL:  -0.0   DPTR FM NORMAL:    2.87    2 = FOG REDUCING VISIBILITY
HIGHEST:   103 ON 11    GRTST 24HR  2.54 ON 20-20      TO 1/4 MILE OR LESS
LOWEST:     63 ON 16                               3 = THUNDER
                        SNOW, ICE PELLETS, HAIL    4 = ICE PELLETS
                        TOTAL MONTH:   0.0 INCH    5 = HAIL
                        GRTST 24HR     0.0         6 = FREEZING RAIN OR DRIZZLE
                        GRTST DEPTH:   0           7 = DUSTSTORM OR SANDSTORM:
                                                       VSBY 1/2 MILE OR LESS
                                                   8 = SMOKE OR HAZE
[NO. OF DAYS WITH]      [WEATHER - DAYS WITH]      9 = BLOWING SNOW
                                                   X = TORNADO
MAX 32 OR BELOW:   0    0.01 INCH OR MORE:   9
MAX 90 OR ABOVE:  20    0.10 INCH OR MORE:   7
MIN 32 OR BELOW:   0    0.50 INCH OR MORE:   3
MIN  0 OR BELOW:   0    1.00 INCH OR MORE:   1

[HDD (BASE 65) ]
TOTAL THIS MO.     0    CLEAR  (SCALE 0-3)  22
DPTR FM NORMAL     0    PTCLDY (SCALE 4-7)   7
TOTAL FM JUL 1     0    CLOUDY (SCALE 8-10)  0
DPTR FM NORMAL     0

[CDD (BASE 65) ]
TOTAL THIS MO.   529
DPTR FM NORMAL     7    [PRESSURE DATA]
TOTAL FM JAN 1  1969    HIGHEST SLP M ON M
DPTR FM NORMAL    54    LOWEST  SLP 29.73 ON  8

[REMARKS]
