000
CXUS55 KABQ 271000
CF6ABQ
PRELIMINARY LOCAL CLIMATOLOGICAL DATA (WS FORM: F-6)

                                          STATION:   ALBUQUERQUE  NM
                                          MONTH:     AUGUST
                                          YEAR:      2016
                                          LATITUDE:   35  2 N
                                          LONGITUDE: 106 37 W

  TEMPERATURE IN F:       :PCPN:    SNOW:  WIND      :SUNSHINE: SKY     :PK WND
================================================================================
1   2   3   4   5  6A  6B    7    8   9   10  11  12  13   14  15   16   17  18
                                     12Z  AVG MX 2MIN
DY MAX MIN AVG DEP HDD CDD  WTR  SNW DPTH SPD SPD DIR MIN PSBL S-S WX    SPD DR
================================================================================

 1  91  68  80   3   0  15 0.00  0.0    0  6.6 16 250   M    M   6         M  M
 2  89  67  78   1   0  13    T  0.0    0  7.2 36 150   M    M   7 3      45 150
 3  90  69  80   3   0  15 0.00  0.0    0 11.0 30 170   M    M   6        34 170
 4  89  67  78   1   0  13 0.45  0.0    0  7.7 22 120   M    M   6 13     47 170
 5  86  67  77   0   0  12 0.01  0.0    0 10.3 24  90   M    M   7 3      32  90
 6  88  64  76  -1   0  11 0.05  0.0    0  5.3 31 290   M    M   7 3      37 300
 7  89  64  77   0   0  12    T  0.0    0  7.7 29 190   M    M   5 3      37 190
 8  89  66  78   1   0  13 0.03  0.0    0  5.0 31 300   M    M   4 3      37 310
 9  91  66  79   2   0  14    T  0.0    0  5.0 16 190   M    M   6        21 290
10  86  65  76  -1   0  11    T  0.0    0  8.3 20 200   M    M   8        24 180
11  91  67  79   2   0  14 0.00  0.0    0  7.9 20 300   M    M   6        23 320
12  93  64  79   2   0  14 0.00  0.0    0 10.3 32  90   M    M   2        42  90
13  85  64  75  -2   0  10 0.00  0.0    0 13.3 28  90   M    M   7        36 100
14  84  62  73  -3   0   8 0.00  0.0    0  8.5 23 130   M    M   4 3      30 120
15  91  59  75  -1   0  10 0.00  0.0    0  3.8 13 140   M    M   2 8      14 140
16  89  67  78   2   0  13 0.00  0.0    0  7.5 30 230   M    M   4 3      39 230
17  87  64  76   0   0  11 0.00  0.0    0  7.3 24  60   M    M   4        28  60
18  88  60  74  -2   0   9 0.03  0.0    0  8.1 33 310   M    M   6 3      40 320
19  86  61  74  -2   0   9 0.08  0.0    0  5.8 23 290   M    M   5 3      26  40
20  85  63  74  -2   0   9 0.00  0.0    0 10.8 35  90   M    M   8 3      41  90
21  78  59  69  -7   0   4 0.13  0.0    0  7.0 21  50   M    M   7 3      26 180
22  80  58  69  -7   0   4 0.08  0.0    0  6.8 25 170   M    M   7 3      35 160
23  82  58  70  -6   0   5    T  0.0    0  8.0 31 250   M    M   4 3      41 250
24  77  55  66 -10   0   1 0.00  0.0    0  5.5 22 290   M    M   4        27 270
25  84  58  71  -4   0   6 0.00  0.0    0  6.1 21 350   M    M   5        26 350
26  81  60  71  -4   0   6    T  0.0    0  6.6 17 340   M    M   6        23 340
================================================================================
SM 2249 1642         0 262  0.86     0.0 197.4          M      143
================================================================================
AV 86.5 63.2                               7.6 FASTST   M    M   6    MAX(MPH)
                                 MISC ---->  # 36 150                 47    M
================================================================================
NOTES:
# LAST OF SEVERAL OCCURRENCES

COLUMN 17 PEAK WIND IN M.P.H.

PRELIMINARY LOCAL CLIMATOLOGICAL DATA (WS FORM: F-6) , PAGE 2

                                          STATION:  ALBUQUERQUE  NM
                                          MONTH:    AUGUST
                                          YEAR:     2016
                                          LATITUDE:   35  2 N
                                          LONGITUDE: 106 37 W

[TEMPERATURE DATA]      [PRECIPITATION DATA]       SYMBOLS USED IN COLUMN 16

AVERAGE MONTHLY: 74.8   TOTAL FOR MONTH:   0.86    1 = FOG OR MIST
DPTR FM NORMAL:  -1.6   DPTR FM NORMAL:   -0.51    2 = FOG REDUCING VISIBILITY
HIGHEST:    93 ON 12    GRTST 24HR  0.45 ON  4- 4      TO 1/4 MILE OR LESS
LOWEST:     55 ON 24                               3 = THUNDER
                        SNOW, ICE PELLETS, HAIL    4 = ICE PELLETS
                        TOTAL MONTH:   0.0 INCH    5 = HAIL
                        GRTST 24HR     0.0         6 = FREEZING RAIN OR DRIZZLE
                        GRTST DEPTH:   0           7 = DUSTSTORM OR SANDSTORM:
                                                       VSBY 1/2 MILE OR LESS
                                                   8 = SMOKE OR HAZE
[NO. OF DAYS WITH]      [WEATHER - DAYS WITH]      9 = BLOWING SNOW
                                                   X = TORNADO
MAX 32 OR BELOW:   0    0.01 INCH OR MORE:   8
MAX 90 OR ABOVE:   6    0.10 INCH OR MORE:   2
MIN 32 OR BELOW:   0    0.50 INCH OR MORE:   0
MIN  0 OR BELOW:   0    1.00 INCH OR MORE:   0

[HDD (BASE 65) ]
TOTAL THIS MO.     0    CLEAR  (SCALE 0-3)   2
DPTR FM NORMAL     0    PTCLDY (SCALE 4-7)  24
TOTAL FM JUL 1     0    CLOUDY (SCALE 8-10)  0
DPTR FM NORMAL     0

[CDD (BASE 65) ]
TOTAL THIS MO.   262
DPTR FM NORMAL   -35    [PRESSURE DATA]
TOTAL FM JAN 1  1283    HIGHEST SLP M ON M
DPTR FM NORMAL   175    LOWEST  SLP 29.74 ON  9

[REMARKS]
