000
CXUS55 KABQ 281000
CF6ABQ
PRELIMINARY LOCAL CLIMATOLOGICAL DATA (WS FORM: F-6)

                                          STATION:   ALBUQUERQUE  NM
                                          MONTH:     MARCH
                                          YEAR:      2017
                                          LATITUDE:   35  2 N
                                          LONGITUDE: 106 37 W

  TEMPERATURE IN F:       :PCPN:    SNOW:  WIND      :SUNSHINE: SKY     :PK WND
================================================================================
1   2   3   4   5  6A  6B    7    8   9   10  11  12  13   14  15   16   17  18
                                     12Z  AVG MX 2MIN
DY MAX MIN AVG DEP HDD CDD  WTR  SNW DPTH SPD SPD DIR MIN PSBL S-S WX    SPD DR
================================================================================

 1  50  31  41  -4  24   0 0.00  0.0    0 11.6 22 310   M    M   1        27 310
 2  58  27  43  -2  22   0 0.00  0.0    0  5.9 14 360   M    M   0        17 320
 3  58  25  42  -3  23   0 0.00  0.0    0  6.0 16 190   M    M   6        23 220
 4  67  36  52   6  13   0 0.00  0.0    0  5.5 12  90   M    M   6        17 240
 5  66  41  54   8  11   0 0.00  0.0    0  9.8 24 250   M    M   7        32 210
 6  58  38  48   2  17   0 0.00  0.0    0 16.1 36 250   M    M   1        50 250
 7  58  31  45  -1  20   0 0.00  0.0    0  6.8 16  10   M    M   0        20  10
 8  67  35  51   5  14   0 0.00  0.0    0  5.0 14 360   M    M   3        16  10
 9  74  41  58  11   7   0 0.00  0.0    0  6.3 17 300   M    M   3        21 310
10  75  43  59  12   6   0 0.00  0.0    0  6.7 14 220   M    M   3        22 190
11  73  42  58  11   7   0 0.00  0.0    0 10.8 38 100   M    M   5        47 100
12  73  35  54   7  11   0 0.00  0.0    0  9.5 28  80   M    M   3        30 310
13  70  43  57   9   8   0 0.00  0.0    0  6.6 18 310   M    M   4        23 340
14  76  44  60  12   5   0 0.00  0.0    0  8.1 24 300   M    M   3        30 290
15  76  45  61  13   4   0 0.00  0.0    0  3.7 13 100   M    M   3        15 180
16  78  45  62  14   3   0 0.00  0.0    0  7.5 21 300   M    M   3        28 310
17  78  44  61  13   4   0 0.00  0.0    0  6.3 20  90   M    M   5        24  80
18  78  51  65  17   0   0 0.00  0.0    0  7.5 20 180   M    M   2        23 180
19  80  47  64  15   1   0 0.00  0.0    0  6.2 21 280   M    M   2        27 240
20  80  44  62  13   3   0 0.00  0.0    0  4.6 22 220   M    M   3        26 220
21  78  52  65  16   0   0 0.00  0.0    0  5.1 17 300   M    M   4        24 290
22  82  50  66  17   0   1 0.00  0.0    0 11.7 35 180   M    M   3        43 170
23  69  42  56   6   9   0    T  0.0    0 16.8 39 260   M    M   4        66 180
24  68  42  55   5  10   0 0.00  0.0    0 15.5 29 330   M    M   5        37 310
25  71  41  56   6   9   0 0.00  0.0    0 10.5 30 170   M    M   4        36 170
26  66  37  52   2  13   0 0.00  0.0    0  7.6 22 290   M    M   4        26 300
27  69  37  53   3  12   0    T    M    0  7.2 22 240   M    M   5        28 240
================================================================================
SM 1896 1089       256   1    T      0.0 224.9          M       92
================================================================================
AV 70.2 40.3                               8.3 FASTST   M    M   3    MAX(MPH)
                                 MISC ---->  # 39 260               # 66  180
================================================================================
NOTES:
# LAST OF SEVERAL OCCURRENCES

COLUMN 17 PEAK WIND IN M.P.H.

PRELIMINARY LOCAL CLIMATOLOGICAL DATA (WS FORM: F-6) , PAGE 2

                                          STATION:  ALBUQUERQUE  NM
                                          MONTH:    MARCH
                                          YEAR:     2017
                                          LATITUDE:   35  2 N
                                          LONGITUDE: 106 37 W

[TEMPERATURE DATA]      [PRECIPITATION DATA]       SYMBOLS USED IN COLUMN 16

AVERAGE MONTHLY: 55.3   TOTAL FOR MONTH:      T    1 = FOG OR MIST
DPTR FM NORMAL:   7.6   DPTR FM NORMAL:   -0.49    2 = FOG REDUCING VISIBILITY
HIGHEST:    82 ON 22    GRTST 24HR    T  ON 27-27      TO 1/4 MILE OR LESS
LOWEST:     25 ON  3                               3 = THUNDER
                        SNOW, ICE PELLETS, HAIL    4 = ICE PELLETS
                        TOTAL MONTH:   0.0 INCH    5 = HAIL
                        GRTST 24HR     0.0         6 = FREEZING RAIN OR DRIZZLE
                        GRTST DEPTH:   0           7 = DUSTSTORM OR SANDSTORM:
                                                       VSBY 1/2 MILE OR LESS
                                                   8 = SMOKE OR HAZE
[NO. OF DAYS WITH]      [WEATHER - DAYS WITH]      9 = BLOWING SNOW
                                                   X = TORNADO
MAX 32 OR BELOW:   0    0.01 INCH OR MORE:   0
MAX 90 OR ABOVE:   0    0.10 INCH OR MORE:   0
MIN 32 OR BELOW:   4    0.50 INCH OR MORE:   0
MIN  0 OR BELOW:   0    1.00 INCH OR MORE:   0

[HDD (BASE 65) ]
TOTAL THIS MO.   256    CLEAR  (SCALE 0-3)  10
DPTR FM NORMAL  -213    PTCLDY (SCALE 4-7)  17
TOTAL FM JUL 1  2938    CLOUDY (SCALE 8-10)  0
DPTR FM NORMAL  -834

[CDD (BASE 65) ]
TOTAL THIS MO.     1
DPTR FM NORMAL     1    [PRESSURE DATA]
TOTAL FM JAN 1     1    HIGHEST SLP M ON M
DPTR FM NORMAL     1    LOWEST  SLP 29.49 ON 23

[REMARKS]
