000
CXUS55 KABR 201400
CF6ABR
PRELIMINARY LOCAL CLIMATOLOGICAL DATA (WS FORM: F-6)

                                          STATION:   ABERDEEN SD
                                          MONTH:     DECEMBER
                                          YEAR:      2014
                                          LATITUDE:   45 27 N
                                          LONGITUDE:  98 26 W

  TEMPERATURE IN F:       :PCPN:    SNOW:  WIND      :SUNSHINE: SKY     :PK WND
================================================================================
1   2   3   4   5  6A  6B    7    8   9   10  11  12  13   14  15   16   17  18
                                     12Z  AVG MX 2MIN
DY MAX MIN AVG DEP HDD CDD  WTR  SNW DPTH SPD SPD DIR MIN PSBL S-S WX    SPD DR
================================================================================

 1  18 -16   1 -20  64   0 0.00  0.0    2 13.2 28 170   M    M   0        35 160
 2  32   5  19  -1  46   0 0.00  0.0    2  9.0 25 180   M    M   3        31 180
 3  25   4  15  -5  50   0 0.00  0.0    2  8.4 16 150   M    M   0 8      20 150
 4  36  21  29   9  36   0 0.00  0.0    2 10.1 20 180   M    M   1 8      28 150
 5  32  13  23   4  42   0 0.00  0.0    2  7.4 14 360   M    M   2        16  10
 6  32  11  22   3  43   0 0.00  0.0    2 11.2 28 170   M    M   4        36 160
 7  42  30  36  18  29   0    T  0.0    2 17.3 32 160   M    M   4 18     39 160
 8  36  12  24   6  41   0 0.00  0.0    1 13.2 29 320   M    M   7        35 330
 9  25  12  19   2  46   0 0.00  0.0    1  7.3 18 140   M    M   6 1      23 140
10  34  15  25   8  40   0 0.00  0.0    1 10.4 18 170   M    M   3 18     22 170
11  36  30  33  16  32   0 0.00  0.0    T 12.0 18 180   M    M   7 1      24 180
12  44  31  38  22  27   0 0.00  0.0    T 14.3 23 190   M    M   5 1      32 160
13  51  33  42  26  23   0 0.00  0.0    T 11.0 18 180   M    M   4 12     22 180
14  45  32  39  23  26   0 0.00  0.0    0  9.9 18 310   M    M   8 12     21 310
15  32  22  27  11  38   0    T    T    T 25.2 38 350   M    M  10 16     48 360
16  22   8  15   0  50   0    T    T    T 12.4 25 350   M    M   2        32 350
17  20   0  10  -5  55   0 0.00  0.0    T  3.8 10  90   M    M   2 18     14 120
18  27  12  20   5  45   0 0.00  0.0    0  8.5 13 180   M    M  10 18     15 170
19  31  27  29  15  36   0 0.00  0.0    0 13.2 20 180   M    M  10 18     24 190
================================================================================
SM  620  302       769   0    T     T    217.8          M       88
================================================================================
AV 32.6 15.9                              11.5 FASTST   M    M   5    MAX(MPH)
                                 MISC ---->  # 38 350               # 48  360
================================================================================
NOTES:
# LAST OF SEVERAL OCCURRENCES

COLUMN 17 PEAK WIND IN M.P.H.

PRELIMINARY LOCAL CLIMATOLOGICAL DATA (WS FORM: F-6) , PAGE 2

                                          STATION:  ABERDEEN SD
                                          MONTH:    DECEMBER
                                          YEAR:     2014
                                          LATITUDE:   45 27 N
                                          LONGITUDE:  98 26 W

[TEMPERATURE DATA]      [PRECIPITATION DATA]       SYMBOLS USED IN COLUMN 16

AVERAGE MONTHLY: 24.3   TOTAL FOR MONTH:      T    1 = FOG OR MIST
DPTR FM NORMAL:   6.9   DPTR FM NORMAL:   -0.31    2 = FOG REDUCING VISIBILITY
HIGHEST:    51 ON 13    GRTST 24HR    T  ON 16-16      TO 1/4 MILE OR LESS
LOWEST:    -16 ON  1                               3 = THUNDER
                        SNOW, ICE PELLETS, HAIL    4 = ICE PELLETS
                        TOTAL MONTH:    T          5 = HAIL
                        GRTST 24HR    T  ON 16-16  6 = FREEZING RAIN OR DRIZZLE
                        GRTST DEPTH:   2 ON  7, 6  7 = DUSTSTORM OR SANDSTORM:
                                                       VSBY 1/2 MILE OR LESS
                                                   8 = SMOKE OR HAZE
[NO. OF DAYS WITH]      [WEATHER - DAYS WITH]      9 = BLOWING SNOW
                                                   X = TORNADO
MAX 32 OR BELOW:  11    0.01 INCH OR MORE:   0
MAX 90 OR ABOVE:   0    0.10 INCH OR MORE:   0
MIN 32 OR BELOW:  18    0.50 INCH OR MORE:   0
MIN  0 OR BELOW:   2    1.00 INCH OR MORE:   0

[HDD (BASE 65) ]
TOTAL THIS MO.   769    CLEAR  (SCALE 0-3)   7
DPTR FM NORMAL  -139    PTCLDY (SCALE 4-7)   8
TOTAL FM JUL 1  2815    CLOUDY (SCALE 8-10)  4
DPTR FM NORMAL   -56

[CDD (BASE 65) ]
TOTAL THIS MO.     0
DPTR FM NORMAL     0    [PRESSURE DATA]
TOTAL FM JAN 1   342    HIGHEST SLP M ON M
DPTR FM NORMAL  -183    LOWEST  SLP 29.71 ON 14

[REMARKS]
