000
CXUS55 KABR 301400
CF6ABR
PRELIMINARY LOCAL CLIMATOLOGICAL DATA (WS FORM: F-6)

                                          STATION:   ABERDEEN SD
                                          MONTH:     MAY
                                          YEAR:      2015
                                          LATITUDE:   45 27 N
                                          LONGITUDE:  98 26 W

  TEMPERATURE IN F:       :PCPN:    SNOW:  WIND      :SUNSHINE: SKY     :PK WND
================================================================================
1   2   3   4   5  6A  6B    7    8   9   10  11  12  13   14  15   16   17  18
                                     12Z  AVG MX 2MIN
DY MAX MIN AVG DEP HDD CDD  WTR  SNW DPTH SPD SPD DIR MIN PSBL S-S WX    SPD DR
================================================================================

 1  78  44  61  10   4   0 0.04  0.0    0  6.3 13 290   M    M   1 1      19 300
 2  88  38  63  11   2   0 0.01  0.0    0 12.5 25 200   M    M   1 3      33 190
 3  71  43  57   5   8   0 0.00  0.0    0 14.7 30 360   M    M   0        38  20
 4  70  28  49  -3  16   0 0.00  0.0    0  6.0 16  30   M    M   0        23  30
 5  80  43  62   9   3   0 0.00  0.0    0 12.9 25 160   M    M   2        38 130
 6  69  59  64  11   1   0 1.24  0.0    0 12.3 31 170   M    M   6 138    37 160
 7  65  50  58   4   7   0 0.01  0.0    0 11.9 24 330   M    M  10 18     30 330
 8  53  41  47  -7  18   0 0.00  0.0    0 11.1 20  30   M    M   8        23 340
 9  48  36  42 -12  23   0 0.13  0.0    0 14.4 23  10   M    M  10 1      31 360
10  48  40  44 -11  21   0 2.24  0.0    0 21.1 32  50   M    M  10 13     41  50
11  47  34  41 -14  24   0 0.31    T    0 20.8 37 350   M    M   8 1      46 350
12  61  30  46  -9  19   0 0.00  0.0    0 10.8 25 110   M    M   3 1      32 110
13  76  51  64   8   1   0 0.20  0.0    0 21.9 33 170   M    M   8 3      40 170
14  62  53  58   2   7   0 0.17  0.0    0  8.7 21 170   M    M  10 1      26 170
15  61  50  56   0   9   0 0.01  0.0    0  9.2 14  30   M    M  10 1      19  30
16  78  56  67  11   0   2 0.20  0.0    0 15.6 28 140   M    M   6 1      36 150
17  66  36  51  -6  14   0 0.56    T    0 17.0 38 310   M    M   9 13     49 310
18  45  34  40 -17  25   0    T  0.0    0 19.3 32 330   M    M  10        43 330
19  56  33  45 -12  20   0 0.00  0.0    0  6.3 16  10   M    M   1        21  20
20  68  33  51  -7  14   0 0.00  0.0    0  5.7 14 320   M    M   0 8      21 340
21  76  47  62   4   3   0 0.00  0.0    0 10.1 16 320   M    M   0        23 280
22  78  40  59   1   6   0 0.00  0.0    0  7.5 17 200   M    M   3        22 210
23  67  41  54  -5  11   0 0.00  0.0    0  6.7 17 160   M    M   7        22 160
24  67  53  60   1   5   0 0.30  0.0    0  9.6 17  70   M    M   8 1      22  70
25  69  52  61   2   4   0 0.44  0.0    0 11.2 28  50   M    M   8 1      33  60
26  79  45  62   2   3   0    T  0.0    0  6.6 30 320   M    M   1 13     37 320
27  85  51  68   8   0   3 0.01  0.0    0  6.2 22 280   M    M   1        27 280
28  87  61  74  14   0   9 0.43  0.0    0 13.9 26 200   M    M   3 13     37 190
29  62  46  54  -6  11   0 0.07  0.0    0 15.9 30  10   M    M   8 1      39  10
================================================================================
SM 1960 1268       279  14  6.37    T    346.2          M      152
================================================================================
AV 67.6 43.7                              11.9 FASTST   M    M   5    MAX(MPH)
                                 MISC ---->  # 38 310               # 49  310
================================================================================
NOTES:
# LAST OF SEVERAL OCCURRENCES

COLUMN 17 PEAK WIND IN M.P.H.

PRELIMINARY LOCAL CLIMATOLOGICAL DATA (WS FORM: F-6) , PAGE 2

                                          STATION:  ABERDEEN SD
                                          MONTH:    MAY
                                          YEAR:     2015
                                          LATITUDE:   45 27 N
                                          LONGITUDE:  98 26 W

[TEMPERATURE DATA]      [PRECIPITATION DATA]       SYMBOLS USED IN COLUMN 16

AVERAGE MONTHLY: 55.7   TOTAL FOR MONTH:   6.37    1 = FOG OR MIST
DPTR FM NORMAL:  -0.4   DPTR FM NORMAL:    3.46    2 = FOG REDUCING VISIBILITY
HIGHEST:    88 ON  2    GRTST 24HR  2.44 ON 10-11      TO 1/4 MILE OR LESS
LOWEST:     28 ON  4                               3 = THUNDER
                        SNOW, ICE PELLETS, HAIL    4 = ICE PELLETS
                        TOTAL MONTH:    T          5 = HAIL
                        GRTST 24HR    T  ON 17-17  6 = FREEZING RAIN OR DRIZZLE
                        GRTST DEPTH:   0           7 = DUSTSTORM OR SANDSTORM:
                                                       VSBY 1/2 MILE OR LESS
                                                   8 = SMOKE OR HAZE
[NO. OF DAYS WITH]      [WEATHER - DAYS WITH]      9 = BLOWING SNOW
                                                   X = TORNADO
MAX 32 OR BELOW:   0    0.01 INCH OR MORE:  17
MAX 90 OR ABOVE:   0    0.10 INCH OR MORE:  11
MIN 32 OR BELOW:   2    0.50 INCH OR MORE:   3
MIN  0 OR BELOW:   0    1.00 INCH OR MORE:   2

[HDD (BASE 65) ]
TOTAL THIS MO.   279    CLEAR  (SCALE 0-3)  12
DPTR FM NORMAL     4    PTCLDY (SCALE 4-7)   8
TOTAL FM JUL 1  7960    CLOUDY (SCALE 8-10)  9
DPTR FM NORMAL  -486

[CDD (BASE 65) ]
TOTAL THIS MO.    14
DPTR FM NORMAL    -5    [PRESSURE DATA]
TOTAL FM JAN 1    14    HIGHEST SLP M ON M
DPTR FM NORMAL    -7    LOWEST  SLP 29.36 ON 17

[REMARKS]
