000
CXUS52 KTAE 290800
CF6ABY
PRELIMINARY LOCAL CLIMATOLOGICAL DATA (WS FORM: F-6)

                                          STATION:   ALBANY
                                          MONTH:     AUGUST
                                          YEAR:      2015
                                          LATITUDE:   31 31 N
                                          LONGITUDE:  84 11 W

  TEMPERATURE IN F:       :PCPN:    SNOW:  WIND      :SUNSHINE: SKY     :PK WND
================================================================================
1   2   3   4   5  6A  6B    7    8   9   10  11  12  13   14  15   16   17  18
                                     12Z  AVG MX 2MIN
DY MAX MIN AVG DEP HDD CDD  WTR  SNW DPTH SPD SPD DIR MIN PSBL S-S WX    SPD DR
================================================================================

 1  94  74  84   2   0  19 0.73  0.0    0  5.2 25  30   M    M   7 13     37  20
 2  93  74  84   2   0  19 0.50  0.0    0  5.8 18  60   M    M   6 18     31  60
 3  94  75  85   3   0  20 0.00  0.0    0  4.1 13 330   M    M   3        17 340
 4  97  75  86   4   0  21 0.00  0.0    0  3.3 23 170   M    M   0 1      27 180
 5  92  75  84   2   0  19    T  0.0    0  5.8 22 220   M    M   2 1      31 210
 6  89  77  83   1   0  18 0.36  0.0    0  7.8 21 210   M    M   4 138    25 200
 7  94  77  86   4   0  21 0.12  0.0    0  8.3 20 310   M    M   5 13     26 310
 8  95  74  85   3   0  20 0.00  0.0    0  2.5  9 220   M    M   2 12     12 130
 9  95  75  85   3   0  20 0.00  0.0    0  4.8 13 130   M    M   2 18     20 130
10  93  75  84   2   0  19 0.00  0.0    0  4.2 10 150   M    M   1        13 150
11  94  76  85   3   0  20 0.06  0.0    0  4.5 14 230   M    M   5 8      18 260
12  97  74  86   4   0  21 0.00  0.0    0  4.7 15 340   M    M   1 18     20 320
13  95  67  81  -1   0  16 0.00  0.0    0  3.7 18 120   M    M   2        24 120
14  94  75  85   3   0  20 0.00  0.0    0  7.5 16 130   M    M   3 1      20 140
15  94  70  82   0   0  17 0.12  0.0    0  5.6 22 150   M    M   4 13     25 150
16  93  73  83   1   0  18    T  0.0    0  6.1 22 140   M    M   2 3      30 130
17  90  74  82   0   0  17 0.25  0.0    0  4.4  9 170   M    M   3 13      M  M
18  90  73  82   0   0  17 0.02  0.0    0  3.3 13 250   M    M   4 138    18 270
19  89  74  82   0   0  17 0.65  0.0    0  2.8 25 220   M    M   3 138    32 230
20  92  74  83   1   0  18    T  0.0    0  2.4 17 320   M    M   3 3      23 310
21  96  74  85   3   0  20 0.00  0.0    0  2.7  9 230   M    M   1        13 210
22  98  76  87   5   0  22 0.76  0.0    0  4.2 23 180   M    M   1 13     26 190
23  92  72  82   0   0  17 0.72  0.0    0  3.8 23 340   M    M   3 13     31 330
24  95  73  84   2   0  19 0.00  0.0    0  3.4 13 330   M    M   4 12     17 290
25  92  69  81  -1   0  16 0.00  0.0    0  5.3 13 330   M    M   1        17 300
26  89  63  76  -6   0  11 0.00  0.0    0  2.8 10 310   M    M   0        14 250
27  92  62  77  -5   0  12 0.00  0.0    0  4.0 13  70   M    M   0        17  70
28   M   M   M   M   M   M    M    M    M   M   M   M   M    M   M         M  M
================================================================================
SM 2518 1970         0 494  4.29     0.0 123.0          M       72
================================================================================
AV 93.3 73.0                               4.6 FASTST   M    M   3    MAX(MPH)
                                 MISC ---->  # 25  30               # 37   20
================================================================================
NOTES:
# LAST OF SEVERAL OCCURRENCES

COLUMN 17 PEAK WIND IN M.P.H.

PRELIMINARY LOCAL CLIMATOLOGICAL DATA (WS FORM: F-6) , PAGE 2

                                          STATION:  ALBANY
                                          MONTH:    AUGUST
                                          YEAR:     2015
                                          LATITUDE:   31 31 N
                                          LONGITUDE:  84 11 W

[TEMPERATURE DATA]      [PRECIPITATION DATA]       SYMBOLS USED IN COLUMN 16

AVERAGE MONTHLY: 83.1   TOTAL FOR MONTH:   4.29    1 = FOG OR MIST
DPTR FM NORMAL:   1.1   DPTR FM NORMAL:   -0.18    2 = FOG REDUCING VISIBILITY
HIGHEST:    98 ON 22    GRTST 24HR  1.48 ON 22-23      TO 1/4 MILE OR LESS
LOWEST:     62 ON 27                               3 = THUNDER
                        SNOW, ICE PELLETS, HAIL    4 = ICE PELLETS
                        TOTAL MONTH:   0.0 INCH    5 = HAIL
                        GRTST 24HR     0.0         6 = FREEZING RAIN OR DRIZZLE
                        GRTST DEPTH:   0           7 = DUSTSTORM OR SANDSTORM:
                                                       VSBY 1/2 MILE OR LESS
                                                   8 = SMOKE OR HAZE
[NO. OF DAYS WITH]      [WEATHER - DAYS WITH]      9 = BLOWING SNOW
                                                   X = TORNADO
MAX 32 OR BELOW:   0    0.01 INCH OR MORE:  11
MAX 90 OR ABOVE:  24    0.10 INCH OR MORE:   9
MIN 32 OR BELOW:   0    0.50 INCH OR MORE:   5
MIN  0 OR BELOW:   0    1.00 INCH OR MORE:   0

[HDD (BASE 65) ]
TOTAL THIS MO.     0    CLEAR  (SCALE 0-3)  15
DPTR FM NORMAL     0    PTCLDY (SCALE 4-7)  12
TOTAL FM JUL 1     0    CLOUDY (SCALE 8-10)  0
DPTR FM NORMAL     0

[CDD (BASE 65) ]
TOTAL THIS MO.   494
DPTR FM NORMAL    20    [PRESSURE DATA]
TOTAL FM JAN 1  2189    HIGHEST SLP M ON M
DPTR FM NORMAL   269    LOWEST  SLP 29.84 ON M

[REMARKS]
