000
CXUS56 KEKA 231230
CF6ACV
PRELIMINARY LOCAL CLIMATOLOGICAL DATA (WS FORM: F-6)
STATION: ARCATA CA
MONTH: APRIL
YEAR: 2024
LATITUDE: 40 58 N
LONGITUDE: 124 6 W
TEMPERATURE IN F: :PCPN: SNOW: WIND :SUNSHINE: SKY :PK WND
================================================================================
1 2 3 4 5 6A 6B 7 8 9 10 11 12 13 14 15 16 17 18
12Z AVG MX 2MIN
DY MAX MIN AVG DEP HDD CDD WTR SNW DPTH SPD SPD DIR MIN PSBL S-S WX SPD DR
================================================================================
1 59 37 48 -2 17 0 0.00 M M 5.9 16 340 M M 0 18 22 300
2 55 43 49 -1 16 0 0.01 M M 5.8 12 320 M M 8 12 15 220
3 52 41 47 -3 18 0 0.01 M M 6.9 18 330 M M 9 1 24 330
4 53 38 46 -4 19 0 0.00 M M 13.1 31 350 M M 3 43 350
5 51 33 42 -8 23 0 0.01 M M 8.0 18 300 M M 1 1 28 300
6 53 39 46 -4 19 0 0.10 M M 5.8 13 210 M M 8 1 16 210
7 54 41 48 -2 17 0 0.01 M M 7.3 21 320 M M 4 1 28 320
8 55 40 48 -2 17 0 0.00 M M 9.3 22 320 M M 4 29 320
9 57 44 51 1 14 0 0.00 M M 9.2 22 320 M M 5 29 320
10 56 43 50 0 15 0 0.00 M M 5.8 20 320 M M 5 1 26 320
11 55 41 48 -2 17 0 0.00 M M 6.8 21 320 M M 6 1 27 320
12 54 41 48 -2 17 0 0.01 M M 3.7 14 290 M M 6 1 20 290
13 58 46 52 2 13 0 0.39 M M 4.6 14 240 M M 9 1 21 120
14 52 47 50 0 15 0 0.27 M M 5.5 13 340 M M 10 1 18 340
15 56 41 49 -1 16 0 0.00 M M 7.4 22 320 M M 5 18 29 320
16 55 39 47 -3 18 0 0.00 M M 7.3 21 320 M M 3 1 31 320
17 56 37 47 -3 18 0 0.00 M M 6.0 17 320 M M 0 1 24 320
18 60 39 50 0 15 0 0.00 M M 3.1 9 310 M M 0 1 14 320
19 58 41 50 0 15 0 0.00 M M 2.8 8 280 M M 1 1 12 290
20 58 40 49 -1 16 0 0.00 M M 5.4 14 320 M M 6 1 19 330
21 62 41 52 2 13 0 0.00 M M 6.7 21 320 M M 1 18 27 320
22 61 39 50 0 15 0 0.00 M M 4.4 10 160 M M 0 18 15 160
================================================================================
SM 1230 891 363 0 0.81 M 140.8 M 94
================================================================================
AV 55.9 40.5 6.4 FASTST M M 4 MAX(MPH)
MISC ----> 31 350 43 350
================================================================================
NOTES:
# LAST OF SEVERAL OCCURRENCES
COLUMN 17 PEAK WIND IN M.P.H.
PRELIMINARY LOCAL CLIMATOLOGICAL DATA (WS FORM: F-6) , PAGE 2
STATION: ARCATA CA
MONTH: APRIL
YEAR: 2024
LATITUDE: 40 58 N
LONGITUDE: 124 6 W
[TEMPERATURE DATA] [PRECIPITATION DATA] SYMBOLS USED IN COLUMN 16
AVERAGE MONTHLY: 48.2 TOTAL FOR MONTH: 0.81 1 = FOG OR MIST
DPTR FM NORMAL: -1.8 DPTR FM NORMAL: -2.53 2 = FOG REDUCING VISIBILITY
HIGHEST: 62 ON 21 GRTST 24HR 0.39 ON 13-13 TO 1/4 MILE OR LESS
LOWEST: 33 ON 5 3 = THUNDER
SNOW, ICE PELLETS, HAIL 4 = ICE PELLETS
TOTAL MONTH: M 5 = HAIL
GRTST 24HR M ON M 6 = FREEZING RAIN OR DRIZZLE
GRTST DEPTH: M ON M 7 = DUSTSTORM OR SANDSTORM:
VSBY 1/2 MILE OR LESS
8 = SMOKE OR HAZE
[NO. OF DAYS WITH] [WEATHER - DAYS WITH] 9 = BLOWING SNOW
X = TORNADO
MAX 32 OR BELOW: 0 0.01 INCH OR MORE: 8
MAX 90 OR ABOVE: 0 0.10 INCH OR MORE: 3
MIN 32 OR BELOW: 0 0.50 INCH OR MORE: 0
MIN 0 OR BELOW: 0 1.00 INCH OR MORE: 0
[HDD (BASE 65) ]
TOTAL THIS MO. 363 CLEAR (SCALE 0-3) 9
DPTR FM NORMAL 35 PTCLDY (SCALE 4-7) 9
TOTAL FM JUL 1 3309 CLOUDY (SCALE 8-10) 4
DPTR FM NORMAL -488
[CDD (BASE 65) ]
TOTAL THIS MO. 0
DPTR FM NORMAL 0 [PRESSURE DATA]
TOTAL FM JAN 1 0 HIGHEST SLP M ON M
DPTR FM NORMAL 0 LOWEST SLP 29.72 ON 12
[REMARKS]