000
CXAK56 PAFC 261320
CF6ADQ
PRELIMINARY LOCAL CLIMATOLOGICAL DATA (WS FORM: F-6)

                                          STATION:   KODIAK
                                          MONTH:     APRIL
                                          YEAR:      2017
                                          LATITUDE:   57 45 N
                                          LONGITUDE: 152 31 W

  TEMPERATURE IN F:       :PCPN:    SNOW:  WIND      :SUNSHINE: SKY     :PK WND
================================================================================
1   2   3   4   5  6A  6B    7    8   9   10  11  12  13   14  15   16   17  18
                                     12Z  AVG MX 2MIN
DY MAX MIN AVG DEP HDD CDD  WTR  SNW DPTH SPD SPD DIR MIN PSBL S-S WX    SPD DR
================================================================================

 1  39  33  36   2  29   0 0.25    T    0 12.2 25 280   M    M  10 1      39 280
 2  40  25  33  -2  32   0 0.01  0.1    0  8.0 22  80   M    M   7        25  70
 3  40  36  38   3  27   0 0.71  0.0    0 25.3 44  30   M    M  10 1      53  30
 4  41  36  39   4  26   0 1.04    T    0 18.9 30  50   M    M  10 1      35  60
 5  43  38  41   6  24   0 2.04  0.0    0 20.1 32  20   M    M  10 1      46  30
 6  41  37  39   4  26   0 0.15  0.0    0 20.6 32  70   M    M  10 1      38  60
 7  39  35  37   1  28   0 0.59    T    0 20.1 32  80   M    M  10 1      40  90
 8  42  33  38   2  27   0 0.02  0.0    0  4.2 15  80   M    M   9        17  80
 9  40  32  36   0  29   0 0.06  0.6    0  8.5 22 100   M    M   8 1      25 110
10  44  36  40   4  25   0    T  0.0    0  8.5 18 110   M    M   7        24 110
11  47  34  41   5  24   0 0.00  0.0    0  6.2 13 300   M    M   6        14 300
12  53  34  44   7  21   0 0.00  0.0    0 11.6 20 290   M    M   0        28 270
13  54  36  45   8  20   0 0.00  0.0    0 13.3 26 290   M    M   0        36 290
14  53  38  46   9  19   0 0.00  0.0    0  9.2 17 290   M    M   1        21 290
15  44  36  40   3  25   0 0.01    T    0  9.9 17 160   M    M   9 1      22 140
16  42  34  38   0  27   0 0.06  0.4    0  4.6 14 130   M    M   9 1      17 120
17  48  29  39   1  26   0 0.00  0.0    0  5.9 14 290   M    M   4        19 320
18  52  32  42   4  23   0 0.00  0.0    0  8.2 17 290   M    M   0        22 330
19  45  27  36  -2  29   0 0.00  0.0    0  6.2 10 120   M    M   0        14 100
20  48  28  38  -1  27   0 0.00  0.0    0  8.8 20  30   M    M   4        22  40
21  45  41  43   4  22   0 0.33  0.0    0 19.0 29  40   M    M  10 1      37  30
22  44  42  43   4  22   0 1.23  0.0    0 20.7 29  60   M    M  10 1      36  60
23  44  41  43   4  22   0 0.22  0.0    0  8.1 13 100   M    M  10 12     15  30
24  44  40  42   2  23   0 0.23  0.0    0  8.6 14  80   M    M  10 1      16  80
25  48  39  44   4  21   0 0.01  0.0    0  6.0 13  50   M    M   9 1      15  40
================================================================================
SM 1120  872       624   0  6.96     1.1 292.7          M      173
================================================================================
AV 44.8 34.9                              11.7 FASTST   M    M   7    MAX(MPH)
                                 MISC ---->  # 44  30               # 53   30
================================================================================
NOTES:
# LAST OF SEVERAL OCCURRENCES

COLUMN 17 PEAK WIND IN M.P.H.

PRELIMINARY LOCAL CLIMATOLOGICAL DATA (WS FORM: F-6) , PAGE 2

                                          STATION:  KODIAK
                                          MONTH:    APRIL
                                          YEAR:     2017
                                          LATITUDE:   57 45 N
                                          LONGITUDE: 152 31 W

[TEMPERATURE DATA]      [PRECIPITATION DATA]       SYMBOLS USED IN COLUMN 16

AVERAGE MONTHLY: 39.8   TOTAL FOR MONTH:   6.96    1 = FOG OR MIST
DPTR FM NORMAL:   2.8   DPTR FM NORMAL:    2.09    2 = FOG REDUCING VISIBILITY
HIGHEST:    54 ON 13    GRTST 24HR  2.07 ON  5- 6      TO 1/4 MILE OR LESS
LOWEST:     25 ON  2                               3 = THUNDER
                        SNOW, ICE PELLETS, HAIL    4 = ICE PELLETS
                        TOTAL MONTH:   1.1 INCHES  5 = HAIL
                        GRTST 24HR   0.6 ON   M    6 = FREEZING RAIN OR DRIZZLE
                        GRTST DEPTH:   0           7 = DUSTSTORM OR SANDSTORM:
                                                       VSBY 1/2 MILE OR LESS
                                                   8 = SMOKE OR HAZE
[NO. OF DAYS WITH]      [WEATHER - DAYS WITH]      9 = BLOWING SNOW
                                                   X = TORNADO
MAX 32 OR BELOW:   0    0.01 INCH OR MORE:  16
MAX 90 OR ABOVE:   0    0.10 INCH OR MORE:  10
MIN 32 OR BELOW:   6    0.50 INCH OR MORE:   5
MIN  0 OR BELOW:   0    1.00 INCH OR MORE:   3

[HDD (BASE 65) ]
TOTAL THIS MO.   624    CLEAR  (SCALE 0-3)   5
DPTR FM NORMAL   -75    PTCLDY (SCALE 4-7)   6
TOTAL FM JUL 1  7078    CLOUDY (SCALE 8-10) 14
DPTR FM NORMAL  -491

[CDD (BASE 65) ]
TOTAL THIS MO.     0
DPTR FM NORMAL     0    [PRESSURE DATA]
TOTAL FM JAN 1     0    HIGHEST SLP M ON M
DPTR FM NORMAL     0    LOWEST  SLP 28.82 ON  5

[REMARKS]
