000
CXUS54 KFWD 310730
CF6AFW
PRELIMINARY LOCAL CLIMATOLOGICAL DATA (WS FORM: F-6)

                                          STATION:   FORT WORTH ALLIANCE
                                          MONTH:     MAY
                                          YEAR:      2016
                                          LATITUDE:   32 58 N
                                          LONGITUDE:  97 19 W

  TEMPERATURE IN F:       :PCPN:    SNOW:  WIND      :SUNSHINE: SKY     :PK WND
================================================================================
1   2   3   4   5  6A  6B    7    8   9   10  11  12  13   14  15   16   17  18
                                     12Z  AVG MX 2MIN
DY MAX MIN AVG DEP HDD CDD  WTR  SNW DPTH SPD SPD DIR MIN PSBL S-S WX    SPD DR
================================================================================

 1  73  55  64  -4   1   0 0.00  0.0    0 11.7 21  10   M    M   2        25 360
 2  66  46  56 -12   9   0 0.49  0.0    0  9.4 20 350   M    M   7 13     25 360
 3  74  44  59 -10   6   0    T  0.0    0  3.3 17 320   M    M   2 1      21 320
 4  81  46  64  -5   1   0 0.00  0.0    0  5.9 17 340   M    M   0 1      25 300
 5  82  49  66  -3   0   1 0.00  0.0    0  3.0 12  10   M    M   2        17 360
 6  83  47  65  -5   0   0 0.00  0.0    0  4.3 12 110   M    M   3        15  90
 7  82  56  69  -1   0   4 0.00  0.0    0 10.0 23 160   M    M   2        27 160
 8  73  63  68  -2   0   3 0.30  0.0    0 13.4 30 140   M    M   8 13     39 150
 9  86  66  76   5   0  11 0.14  0.0    0 12.7 24 220   M    M   4 13     32 170
10  93  66  80   9   0  15 0.07  0.0    0 12.3 29 220   M    M   3 135    49 200
11  88  62  75   4   0  10 0.39  0.0    0  9.4 35 270   M    M   5 13     51 260
12  81  59  70  -2   0   5 0.00  0.0    0  7.9 28 140   M    M   7        34 140
13  83  54  69  -3   0   4 0.00  0.0    0  5.0 15 140   M    M   3        20 120
14  73  58  66  -6   0   1 0.07  0.0    0 10.9 26 350   M    M   7 3      33 360
15  74  58  66  -7   0   1 0.00  0.0    0  8.1 15 110   M    M  10        20 120
16  79  63  71  -2   0   6    T  0.0    0 11.1 21 170   M    M   9 1      30 170
17  80  61  71  -2   0   6 0.03  0.0    0 12.1 23 360   M    M   9 1      30  20
18  63  55  59 -15   6   0 0.49  0.0    0 10.2 22  10   M    M  10 13     27  10
19  66  58  62 -12   3   0 0.40  0.0    0  6.3 21 110   M    M  10 13     28 120
20  81  56  69  -5   0   4 0.00  0.0    0  3.3 10 220   M    M   6 18     14 230
21  84  56  70  -4   0   5 0.00  0.0    0  6.0 14 120   M    M   4 1      18 130
22  85  68  77   2   0  12 0.00  0.0    0  8.9 18 120   M    M   8        23 130
23  80  65  73  -2   0   8 0.09  0.0    0 12.5 21 130   M    M   9 13     27 130
24  86  72  79   4   0  14    T  0.0    0 11.3 20 160   M    M   8 18     27 160
25  86  75  81   5   0  16    T  0.0    0 11.8 22 170   M    M   9 18     30 170
26  84  66  75  -1   0  10 0.12  0.0    0 14.2 28 160   M    M   9 13     35 140
27  81  64  73  -3   0   8 0.99  0.0    0 10.4 29 140   M    M   7 13     37 140
28  89  66  78   1   0  13    T  0.0    0  7.5 14 160   M    M   7 1      19 150
29  90  64  77   0   0  12 0.61  0.0    0  6.7 14 130   M    M   8 3      31 360
30  85  66  76  -1   0  11 0.63  0.0    0  5.5 24 170   M    M   7 13     34 170
================================================================================
SM 2411 1784        26 180  4.82     0.0 265.1          M      185
================================================================================
AV 80.4 59.5                               8.8 FASTST   M    M   6    MAX(MPH)
                                 MISC ---->  # 35 270               # 51  260
================================================================================
NOTES:
# LAST OF SEVERAL OCCURRENCES

COLUMN 17 PEAK WIND IN M.P.H.

PRELIMINARY LOCAL CLIMATOLOGICAL DATA (WS FORM: F-6) , PAGE 2

                                          STATION:  FORT WORTH ALLIANCE
                                          MONTH:    MAY
                                          YEAR:     2016
                                          LATITUDE:   32 58 N
                                          LONGITUDE:  97 19 W

[TEMPERATURE DATA]      [PRECIPITATION DATA]       SYMBOLS USED IN COLUMN 16

AVERAGE MONTHLY: 69.9   TOTAL FOR MONTH:   4.82    1 = FOG OR MIST
DPTR FM NORMAL:  -2.8   DPTR FM NORMAL:   -0.10    2 = FOG REDUCING VISIBILITY
HIGHEST:    93 ON 10    GRTST 24HR  1.11 ON 26-27      TO 1/4 MILE OR LESS
LOWEST:     44 ON  3                               3 = THUNDER
                        SNOW, ICE PELLETS, HAIL    4 = ICE PELLETS
                        TOTAL MONTH:   0.0 INCH    5 = HAIL
                        GRTST 24HR     0.0         6 = FREEZING RAIN OR DRIZZLE
                        GRTST DEPTH:   0           7 = DUSTSTORM OR SANDSTORM:
                                                       VSBY 1/2 MILE OR LESS
                                                   8 = SMOKE OR HAZE
[NO. OF DAYS WITH]      [WEATHER - DAYS WITH]      9 = BLOWING SNOW
                                                   X = TORNADO
MAX 32 OR BELOW:   0    0.01 INCH OR MORE:  14
MAX 90 OR ABOVE:   2    0.10 INCH OR MORE:  10
MIN 32 OR BELOW:   0    0.50 INCH OR MORE:   3
MIN  0 OR BELOW:   0    1.00 INCH OR MORE:   0

[HDD (BASE 65) ]
TOTAL THIS MO.    26    CLEAR  (SCALE 0-3)   8
DPTR FM NORMAL    17    PTCLDY (SCALE 4-7)  12
TOTAL FM JUL 1  1990    CLOUDY (SCALE 8-10) 10
DPTR FM NORMAL  -473

[CDD (BASE 65) ]
TOTAL THIS MO.   180
DPTR FM NORMAL   -63    [PRESSURE DATA]
TOTAL FM JAN 1   280    HIGHEST SLP M ON M
DPTR FM NORMAL   -81    LOWEST  SLP 29.57 ON  9

[REMARKS]
