000
CXUS54 KFWD 010730
CF6AFW
PRELIMINARY LOCAL CLIMATOLOGICAL DATA (WS FORM: F-6)

                                          STATION:   FORT WORTH ALLIANCE
                                          MONTH:     AUGUST
                                          YEAR:      2015
                                          LATITUDE:   32 58 N
                                          LONGITUDE:  97 19 W

  TEMPERATURE IN F:       :PCPN:    SNOW:  WIND      :SUNSHINE: SKY     :PK WND
================================================================================
1   2   3   4   5  6A  6B    7    8   9   10  11  12  13   14  15   16   17  18
                                     12Z  AVG MX 2MIN
DY MAX MIN AVG DEP HDD CDD  WTR  SNW DPTH SPD SPD DIR MIN PSBL S-S WX    SPD DR
================================================================================

 1  96  71  84  -2   0  19 0.00  0.0    0  3.6 12 100   M    M   5        16 120
 2  99  74  87   1   0  22 0.00  0.0    0  4.7 14 160   M    M   6        20 120
 3 102  72  87   1   0  22 0.00  0.0    0  4.4 15 140   M    M   4        18 110
 4 100  76  88   2   0  23 0.00  0.0    0  7.5 15 160   M    M   5        22 150
 5 103  82  93   7   0  28 0.00  0.0    0  9.0 16 180   M    M   2        22 190
 6 105  82  94   8   0  29 0.00  0.0    0 10.2 17 190   M    M   1        26 190
 7 104  81  93   7   0  28 0.00  0.0    0  8.5 14 160   M    M   1        20 160
 8 104  80  92   6   0  27 0.00  0.0    0  9.4 15 150   M    M   1        23 150
 9 106  79  93   7   0  28 0.00  0.0    0  8.3 16 220   M    M   3        21 130
10 106  75  91   5   0  26 0.00  0.0    0  3.7 10 110   M    M   2        16 200
11 104  77  91   5   0  26 0.00  0.0    0  6.7 15  30   M    M   6        21  50
12 100  78  89   3   0  24 0.00  0.0    0  8.6 18  40   M    M   2        23  40
13  99  75  87   1   0  22 0.00  0.0    0  5.8 13  60   M    M   2        18  70
14  93  74  84  -1   0  19 0.03  0.0    0  5.2 16 120   M    M   6        20 120
15  96  70  83  -2   0  18 0.00  0.0    0  4.3 13  70   M    M   1        17  60
16  99  63  81  -4   0  16 0.00  0.0    0  3.8 12 120   M    M   2        16 160
17  98  72  85   0   0  20 0.00  0.0    0  5.6 14 110   M    M   4        18 110
18 101  78  90   5   0  25 0.00  0.0    0  9.4 18 170   M    M   5        26 170
19  94  65  80  -5   0  15 0.39  0.0    0 12.5 26 360   M    M   7 13     34 360
20  76  66  71 -13   0   6 0.01  0.0    0  6.6 13 140   M    M   8 1      16 120
21  94  71  83  -1   0  18 0.00  0.0    0 11.2 20 140   M    M   5 1      27 140
22 100  74  87   3   0  22 0.00  0.0    0 10.0 17 170   M    M   3        24 160
23 102  80  91   7   0  26 0.00  0.0    0  8.4 21 110   M    M   3        25  80
24  99  75  87   3   0  22 0.00  0.0    0  5.1 15  40   M    M   5        19  40
25  95  76  86   3   0  21 0.00  0.0    0  7.1 15 120   M    M   5        19 150
26  96  71  84   1   0  19 0.00  0.0    0  4.7 10 130   M    M   4        15  70
27  98  69  84   1   0  19 0.00  0.0    0  5.8 17 120   M    M   6        21 120
28  99  69  84   1   0  19 0.00  0.0    0  8.1 15 160   M    M   4 8      19 130
29 101  74  88   6   0  23    T  0.0    0  6.6 16 260   M    M   8        23 250
30  95  70  83   1   0  18 0.00  0.0    0  7.2 17 230   M    M   6        24 260
31  96  72  84   2   0  19 0.00  0.0    0  6.4 15 140   M    M   2        22 130
================================================================================
SM 3060 2291         0 669  0.43     0.0 218.4          M      124
================================================================================
AV 98.7 73.9                               7.0 FASTST   M    M   4    MAX(MPH)
                                 MISC ---->  # 26 360               # 34  360
================================================================================
NOTES:
# LAST OF SEVERAL OCCURRENCES

COLUMN 17 PEAK WIND IN M.P.H.

PRELIMINARY LOCAL CLIMATOLOGICAL DATA (WS FORM: F-6) , PAGE 2

                                          STATION:  FORT WORTH ALLIANCE
                                          MONTH:    AUGUST
                                          YEAR:     2015
                                          LATITUDE:   32 58 N
                                          LONGITUDE:  97 19 W

[TEMPERATURE DATA]      [PRECIPITATION DATA]       SYMBOLS USED IN COLUMN 16

AVERAGE MONTHLY: 86.3   TOTAL FOR MONTH:   0.43    1 = FOG OR MIST
DPTR FM NORMAL:   1.6   DPTR FM NORMAL:   -2.08    2 = FOG REDUCING VISIBILITY
HIGHEST:   106 ON 10, 9 GRTST 24HR  0.40 ON 19-20      TO 1/4 MILE OR LESS
LOWEST:     63 ON 16                               3 = THUNDER
                        SNOW, ICE PELLETS, HAIL    4 = ICE PELLETS
                        TOTAL MONTH:   0.0 INCH    5 = HAIL
                        GRTST 24HR     0.0         6 = FREEZING RAIN OR DRIZZLE
                        GRTST DEPTH:   0           7 = DUSTSTORM OR SANDSTORM:
                                                       VSBY 1/2 MILE OR LESS
                                                   8 = SMOKE OR HAZE
[NO. OF DAYS WITH]      [WEATHER - DAYS WITH]      9 = BLOWING SNOW
                                                   X = TORNADO
MAX 32 OR BELOW:   0    0.01 INCH OR MORE:   3
MAX 90 OR ABOVE:  30    0.10 INCH OR MORE:   1
MIN 32 OR BELOW:   0    0.50 INCH OR MORE:   0
MIN  0 OR BELOW:   0    1.00 INCH OR MORE:   0

[HDD (BASE 65) ]
TOTAL THIS MO.     0    CLEAR  (SCALE 0-3)  13
DPTR FM NORMAL     0    PTCLDY (SCALE 4-7)  17
TOTAL FM JUL 1     0    CLOUDY (SCALE 8-10)  1
DPTR FM NORMAL     0

[CDD (BASE 65) ]
TOTAL THIS MO.   669
DPTR FM NORMAL    59    [PRESSURE DATA]
TOTAL FM JAN 1  2149    HIGHEST SLP M ON M
DPTR FM NORMAL    77    LOWEST  SLP 29.66 ON 18

[REMARKS]
#FINAL-08-15#
