000
CXUS55 KCYS 291000
CF6AIA
PRELIMINARY LOCAL CLIMATOLOGICAL DATA (WS FORM: F-6)

                                          STATION:   ALLIANCE NEBRASKA AIRPORT
                                          MONTH:     AUGUST
                                          YEAR:      2014
                                          LATITUDE:   42  2 N
                                          LONGITUDE: 102 48 W

  TEMPERATURE IN F:       :PCPN:    SNOW:  WIND      :SUNSHINE: SKY     :PK WND
================================================================================
1   2   3   4   5  6A  6B    7    8   9   10  11  12  13   14  15   16   17  18
                                     12Z  AVG MX 2MIN
DY MAX MIN AVG DEP HDD CDD  WTR  SNW DPTH SPD SPD DIR MIN PSBL S-S WX    SPD DR
================================================================================

 1  90  47  69  -4   0   4 0.00    M    M  4.6 14 180   M    M   1        15 170
 2  94  50  72  -1   0   7 0.00    M    M  6.9 16  30   M    M   2 3      25 360
 3  93  50  72  -1   0   7 0.00    M    M  7.4 17 140   M    M   1        22 170
 4  96  56  76   3   0  11 0.00    M    M 11.3 25 350   M    M   0        33 340
 5  84  63  74   1   0   9    T    M    M  5.3 13 320   M    M   3        14  20
 6  85  54  70  -2   0   5    T    M    M  7.1 22  10   M    M   4 12     28  60
 7  91  51  71  -1   0   6 0.00    M    M  6.0 31 300   M    M   4 123    37 310
 8  87  50  69  -3   0   4    T    M    M  6.9 21  60   M    M   1        26  70
 9  90  57  74   2   0   9 0.26    M    M 10.0 33 320   M    M   1 13     42 330
10  82  53  68  -4   0   3 0.07    M    M  8.4 18  20   M    M   1 1      26 350
11  85  50  68  -4   0   3 0.00    M    M  6.7 15 110   M    M   2        22  60
12  91  54  73   1   0   8 0.00    M    M 10.5 18 160   M    M   0        22 160
13  99  58  79   8   0  14 0.00    M    M 14.4 25 160   M    M   0        31 150
14  93  60  77   6   0  12 0.06    M    M  7.9 30  90   M    M   1 13     40  90
15  89  58  74   3   0   9 0.00    M    M  8.6 22 320   M    M   0        32 320
16  90  55  73   2   0   8    T    M    M  5.6 12 110   M    M   0 3      15  80
17  95  55  75   5   0  10 0.00    M    M  7.7 18 100   M    M   0        23  90
18  89  55  72   2   0   7 0.07    M    M  6.5 17  30   M    M   0 3      22  30
19  94  50  72   2   0   7 0.00    M    M 10.3 36 160   M    M   1 3      42 170
20  94  62  78   8   0  13 0.00    M    M  8.7 25 280   M    M   1        45 250
21  89  58  74   4   0   9 0.00    M    M  7.6 16  10   M    M   1        23 340
22  79  61  70   1   0   5 0.17    M    M  7.6 20 140   M    M   3 1      23 140
23  85  56  71   2   0   6 0.25    M    M  7.2 20 220   M    M   7 1      25 220
24  86  47  67  -2   0   2 0.00    M    M 14.7 36 280   M    M   1        43 290
25  78  48  63  -5   2   0 0.06    M    M  6.2 16 110   M    M   1 1      20 120
26  84  52  68   0   0   3    T    M    M 10.8 22 160   M    M   1        28 150
27  77  60  69   1   0   4 0.24    M    M  9.2 21 290   M    M   5 13     24 290
28  68  52  60  -7   5   0 1.05    M    M 10.1 20 340   M    M   8 13     24 340
================================================================================
SM 2457 1522         7 185  2.23    M    234.2          M       50
================================================================================
AV 87.8 54.4                               8.4 FASTST   M    M   2    MAX(MPH)
                                 MISC ---->  # 36 160               # 45  250
================================================================================
NOTES:
# LAST OF SEVERAL OCCURRENCES

COLUMN 17 PEAK WIND IN M.P.H.

PRELIMINARY LOCAL CLIMATOLOGICAL DATA (WS FORM: F-6) , PAGE 2

                                          STATION:  ALLIANCE NEBRASKA AIRPORT
                                          MONTH:    AUGUST
                                          YEAR:     2014
                                          LATITUDE:   42  2 N
                                          LONGITUDE: 102 48 W

[TEMPERATURE DATA]      [PRECIPITATION DATA]       SYMBOLS USED IN COLUMN 16

AVERAGE MONTHLY: 71.1   TOTAL FOR MONTH:   2.23    1 = FOG OR MIST
DPTR FM NORMAL:   0.3   DPTR FM NORMAL:    0.69    2 = FOG REDUCING VISIBILITY
HIGHEST:    99 ON 13    GRTST 24HR  1.08 ON 27-28      TO 1/4 MILE OR LESS
LOWEST:     47 ON 24, 1                            3 = THUNDER
                        SNOW, ICE PELLETS, HAIL    4 = ICE PELLETS
                        TOTAL MONTH:    M          5 = HAIL
                        GRTST 24HR    M  ON   M    6 = FREEZING RAIN OR DRIZZLE
                        GRTST DEPTH:  M  ON   M    7 = DUSTSTORM OR SANDSTORM:
                                                       VSBY 1/2 MILE OR LESS
                                                   8 = SMOKE OR HAZE
[NO. OF DAYS WITH]      [WEATHER - DAYS WITH]      9 = BLOWING SNOW
                                                   X = TORNADO
MAX 32 OR BELOW:   0    0.01 INCH OR MORE:   9
MAX 90 OR ABOVE:  13    0.10 INCH OR MORE:   5
MIN 32 OR BELOW:   0    0.50 INCH OR MORE:   1
MIN  0 OR BELOW:   0    1.00 INCH OR MORE:   1

[HDD (BASE 65) ]
TOTAL THIS MO.     7    CLEAR  (SCALE 0-3)  22
DPTR FM NORMAL   -11    PTCLDY (SCALE 4-7)   6
TOTAL FM JUL 1    34    CLOUDY (SCALE 8-10)  0
DPTR FM NORMAL     4

[CDD (BASE 65) ]
TOTAL THIS MO.   185
DPTR FM NORMAL     6    [PRESSURE DATA]
TOTAL FM JAN 1   457    HIGHEST SLP M ON M
DPTR FM NORMAL   -54    LOWEST  SLP 29.67 ON 19

[REMARKS]
