000
CXUS55 KCYS 241000
CF6AIA
PRELIMINARY LOCAL CLIMATOLOGICAL DATA (WS FORM: F-6)

                                          STATION:   ALLIANCE NEBRASKA AIRPORT
                                          MONTH:     MARCH
                                          YEAR:      2017
                                          LATITUDE:   42  2 N
                                          LONGITUDE: 102 48 W

  TEMPERATURE IN F:       :PCPN:    SNOW:  WIND      :SUNSHINE: SKY     :PK WND
================================================================================
1   2   3   4   5  6A  6B    7    8   9   10  11  12  13   14  15   16   17  18
                                     12Z  AVG MX 2MIN
DY MAX MIN AVG DEP HDD CDD  WTR  SNW DPTH SPD SPD DIR MIN PSBL S-S WX    SPD DR
================================================================================

 1  33   9  21 -10  44   0 0.00    M    M 17.1 29 270   M    M   0        33 290
 2  33  14  24  -8  41   0 0.00    M    M 10.4 18 290   M    M   1        21 290
 3  45  12  29  -3  36   0 0.00    M    M  7.7 15 180   M    M   0        18 250
 4  55  17  36   4  29   0 0.00    M    M  4.8 15 170   M    M   0        16 170
 5  57  19  38   5  27   0 0.00    M    M  9.1 21 170   M    M   0        25 170
 6  47  20  34   1  31   0    T    M    M 20.7 49 290   M    M   4 1      58 290
 7  42  18  30  -4  35   0 0.00    M    M 21.3 46 300   M    M   1        56 300
 8  60  17  39   5  26   0 0.00    M    M 13.8 31 280   M    M   0        37 280
 9  55  20  38   4  27   0 0.00    M    M 10.7 25  40   M    M   2        31  20
10  53  23  38   3  27   0    T    M    M 17.8 30 170   M    M   7 1      36 170
11  46  30  38   3  27   0    T    M    M  8.9 24 170   M    M   6 6      29 170
12  54  18  36   1  29   0    T    M    M 20.9 41 340   M    M   4        57 340
13  40  15  28  -8  37   0 0.00    M    M  9.5 18  10   M    M   9        22 360
14  59  30  45   9  20   0 0.00    M    M  8.8 20 170   M    M   9        25 180
15  73  24  49  13  16   0 0.00    M    M  7.8 20 260   M    M   1 8      25 280
16  78  28  53  16  12   0 0.00    M    M 15.7 39 290   M    M   2        45 300
17  60  26  43   6  22   0 0.00    M    M  7.1 14  10   M    M   0        18 350
18  79  33  56  18   9   0 0.00    M    M 11.0 18 180   M    M   0        24 160
19  80  38  59  21   6   0 0.00    M    M 15.6 40 260   M    M   0        48 270
20  61  33  47   9  18   0 0.01    M    M  8.1 17  80   M    M   2        19  80
21  56  32  44   6  21   0 0.01    M    M 15.9 28 150   M    M   5        34 150
22  65  34  50  11  15   0 0.00    M    M 22.0 32 190   M    M   3        40 190
23  74  35  55  16  10   0 0.11    M    M 14.7 33  10   M    M   4 13     43  30
================================================================================
SM 1305  545       565   0  0.13    M    299.4          M       60
================================================================================
AV 56.7 23.7                              13.0 FASTST   M    M   3    MAX(MPH)
                                 MISC ---->  # 49 290               # 58  290
================================================================================
NOTES:
# LAST OF SEVERAL OCCURRENCES

COLUMN 17 PEAK WIND IN M.P.H.

PRELIMINARY LOCAL CLIMATOLOGICAL DATA (WS FORM: F-6) , PAGE 2

                                          STATION:  ALLIANCE NEBRASKA AIRPORT
                                          MONTH:    MARCH
                                          YEAR:     2017
                                          LATITUDE:   42  2 N
                                          LONGITUDE: 102 48 W

[TEMPERATURE DATA]      [PRECIPITATION DATA]       SYMBOLS USED IN COLUMN 16

AVERAGE MONTHLY: 40.2   TOTAL FOR MONTH:   0.13    1 = FOG OR MIST
DPTR FM NORMAL:   4.9   DPTR FM NORMAL:   -0.29    2 = FOG REDUCING VISIBILITY
HIGHEST:    80 ON 19    GRTST 24HR  0.11 ON 23-23      TO 1/4 MILE OR LESS
LOWEST:      9 ON  1                               3 = THUNDER
                        SNOW, ICE PELLETS, HAIL    4 = ICE PELLETS
                        TOTAL MONTH:    M          5 = HAIL
                        GRTST 24HR    M  ON   M    6 = FREEZING RAIN OR DRIZZLE
                        GRTST DEPTH:  M  ON   M    7 = DUSTSTORM OR SANDSTORM:
                                                       VSBY 1/2 MILE OR LESS
                                                   8 = SMOKE OR HAZE
[NO. OF DAYS WITH]      [WEATHER - DAYS WITH]      9 = BLOWING SNOW
                                                   X = TORNADO
MAX 32 OR BELOW:   0    0.01 INCH OR MORE:   3
MAX 90 OR ABOVE:   0    0.10 INCH OR MORE:   1
MIN 32 OR BELOW:  18    0.50 INCH OR MORE:   0
MIN  0 OR BELOW:   0    1.00 INCH OR MORE:   0

[HDD (BASE 65) ]
TOTAL THIS MO.   565    CLEAR  (SCALE 0-3)  15
DPTR FM NORMAL  -119    PTCLDY (SCALE 4-7)   6
TOTAL FM JUL 1  5490    CLOUDY (SCALE 8-10)  2
DPTR FM NORMAL  -598

[CDD (BASE 65) ]
TOTAL THIS MO.     0
DPTR FM NORMAL     0    [PRESSURE DATA]
TOTAL FM JAN 1     0    HIGHEST SLP M ON M
DPTR FM NORMAL     0    LOWEST  SLP 29.14 ON  6

[REMARKS]
