000
CXUS55 KCYS 221000
CF6AIA
PRELIMINARY LOCAL CLIMATOLOGICAL DATA (WS FORM: F-6)

                                          STATION:   ALLIANCE NEBRASKA AIRPORT
                                          MONTH:     NOVEMBER
                                          YEAR:      2017
                                          LATITUDE:   42  2 N
                                          LONGITUDE: 102 48 W

  TEMPERATURE IN F:       :PCPN:    SNOW:  WIND      :SUNSHINE: SKY     :PK WND
================================================================================
1   2   3   4   5  6A  6B    7    8   9   10  11  12  13   14  15   16   17  18
                                     12Z  AVG MX 2MIN
DY MAX MIN AVG DEP HDD CDD  WTR  SNW DPTH SPD SPD DIR MIN PSBL S-S WX    SPD DR
================================================================================

 1  64  32  48   8  17   0 0.00    M    M  8.5 23  30   M    M   5        28  40
 2  39  31  35  -4  30   0    T    M    M 11.2 23 150   M    M  10 1      30 140
 3  45  31  38  -1  27   0 0.00    M    M 18.1 30 180   M    M   9 1      37 160
 4  60  29  45   7  20   0 0.14    M    M 11.0 25  20   M    M   7 12     30  20
 5  40  27  34  -4  31   0    T    M    M  9.8 22 170   M    M  10 1      29 170
 6  44  21  33  -5  32   0 0.01    M    M 15.7 32 170   M    M   9 1      38 170
 7  30  12  21 -16  44   0 0.04    M    M  7.1 21 360   M    M   7 1      25  10
 8  47  10  29  -8  36   0 0.00    M    M  7.6 18 200   M    M   0 1      23 110
 9  36  15  26 -10  39   0 0.00    M    M 12.1 26 160   M    M   1        32 160
10  48  22  35  -1  30   0 0.00    M    M 14.0 25 180   M    M   0 1      31 180
11  51  24  38   3  27   0 0.03    M    M  3.5 17 360   M    M   6 12     22 360
12  54  15  35   0  30   0 0.00    M    M  9.9 20 170   M    M   0        25 190
13  70  26  48  14  17   0 0.00    M    M  6.2 18 270   M    M   0        22 280
14  71  25  48  14  17   0 0.00    M    M  9.3 32 320   M    M   2        43 320
15  51  17  34   1  31   0 0.00    M    M  9.5 15 170   M    M   0        19 170
16  69  30  50  17  15   0 0.00    M    M 10.8 21 150   M    M   0        25 140
17  50  28  39   7  26   0 0.01    M    M  8.1 23 350   M    M   6        27 340
18  45  13  29  -3  36   0 0.00    M    M 13.5 28 330   M    M   1        37 340
19  58  11  35   3  30   0 0.00    M    M 10.1 20 260   M    M   0        24 260
20  62  28  45  14  20   0 0.00    M    M 16.5 35 280   M    M   1        42 280
21  48  22  35   5  30   0    T    M    M 10.3 26  10   M    M   4 1      32  20
================================================================================
SM 1082  469       585   0  0.23    M    222.8          M       78
================================================================================
AV 51.5 22.3                              10.6 FASTST   M    M   4    MAX(MPH)
                                 MISC ---->  # 35 280               # 43  320
================================================================================
NOTES:
# LAST OF SEVERAL OCCURRENCES

COLUMN 17 PEAK WIND IN M.P.H.

PRELIMINARY LOCAL CLIMATOLOGICAL DATA (WS FORM: F-6) , PAGE 2

                                          STATION:  ALLIANCE NEBRASKA AIRPORT
                                          MONTH:    NOVEMBER
                                          YEAR:     2017
                                          LATITUDE:   42  2 N
                                          LONGITUDE: 102 48 W

[TEMPERATURE DATA]      [PRECIPITATION DATA]       SYMBOLS USED IN COLUMN 16

AVERAGE MONTHLY: 36.9   TOTAL FOR MONTH:   0.23    1 = FOG OR MIST
DPTR FM NORMAL:   1.7   DPTR FM NORMAL:   -0.10    2 = FOG REDUCING VISIBILITY
HIGHEST:    71 ON 14    GRTST 24HR  0.14 ON  4- 4      TO 1/4 MILE OR LESS
LOWEST:     10 ON  8                               3 = THUNDER
                        SNOW, ICE PELLETS, HAIL    4 = ICE PELLETS
                        TOTAL MONTH:    M          5 = HAIL
                        GRTST 24HR    M  ON   M    6 = FREEZING RAIN OR DRIZZLE
                        GRTST DEPTH:  M  ON   M    7 = DUSTSTORM OR SANDSTORM:
                                                       VSBY 1/2 MILE OR LESS
                                                   8 = SMOKE OR HAZE
[NO. OF DAYS WITH]      [WEATHER - DAYS WITH]      9 = BLOWING SNOW
                                                   X = TORNADO
MAX 32 OR BELOW:   1    0.01 INCH OR MORE:   5
MAX 90 OR ABOVE:   0    0.10 INCH OR MORE:   1
MIN 32 OR BELOW:  21    0.50 INCH OR MORE:   0
MIN  0 OR BELOW:   0    1.00 INCH OR MORE:   0

[HDD (BASE 65) ]
TOTAL THIS MO.   585    CLEAR  (SCALE 0-3)  11
DPTR FM NORMAL   -42    PTCLDY (SCALE 4-7)   6
TOTAL FM JUL 1  1421    CLOUDY (SCALE 8-10)  4
DPTR FM NORMAL   -48

[CDD (BASE 65) ]
TOTAL THIS MO.     0
DPTR FM NORMAL     0    [PRESSURE DATA]
TOTAL FM JAN 1   553    HIGHEST SLP  0.00 ON  4
DPTR FM NORMAL   -11    LOWEST  SLP 29.30 ON  1

[REMARKS]
