000
CXAK56 PAKN 300923
CF6AKN

PRELIMINARY LOCAL CLIMATOLOGICAL DATA (WS FORM: F-6)

                                          STATION:   KING SALMON
                                          MONTH:     03
                                          YEAR:      2015
                                          LATITUDE:   58 41 N
                                          LONGITUDE: 156 39 W

  TEMPERATURE IN F:       :PCPN:    SNOW:  WIND      :SUNSHINE: SKY     :PK WND
================================================================================
1   2   3   4   5  6A  6B    7     8   9   10  11  12  13   14  15   16  17  18
                                      12Z  AVG MX 2MIN
DY MAX MIN AVG DEP HDD CDD  WTR   SNW DPTH SPD SPD DIR MIN PSBL S-S WX   SPD DR
================================================================================

 1  45  20  33  12  32   0  0.00  0.0   0  5.4 10   20   M    M   M 1     14 360
 2  45  33  39  18  26   0  0.09  0.0   0 17.2 32   90   M    M   M 1     44  80
 3  42  33  38  16  27   0  0.16  0.0   0  5.4 13  180   M    M   M 2     18 180
 4  37  30  34  12  31   0     T    T   0  5.8 13  240   M    M   M 2     16 200
 5  36  28  32  10  33   0  0.00  0.0   0  3.8 10  260   M    M   M 12    12 280
 6  40  26  33  11  32   0  0.17  0.0   0 13.5 29  180   M    M   M 1     37 180
 7  39  27  33  11  32   0  0.10  0.0   0 15.2 29  270   M    M   M 1     36 280
 8  33  14  24   2  41   0     T    T   0 14.9 29  260   M    M   M 18    37 270
 9  16   1   9 -14  56   0  0.00  0.0   0  9.4 21  310   M    M   M       27 300
10  14  -3   6 -17  59   0  0.00  0.0   0 13.4 23  360   M    M   M       28 340
11  12  -3   5 -18  60   0  0.00  0.0   0 14.7 24  360   M    M   M       29  10
12  12  -9   2 -21  63   0  0.00  0.0   0 12.3 23  330   M    M   M       28 330
13  17  -7   5 -18  60   0  0.00  0.0   0  5.5 13  320   M    M   M       20 310
14  26 -11   8 -16  57   0  0.00  0.0   0 10.5 18   60   M    M   M       23  60
15  36  19  28   4  37   0  0.00  0.0   0 21.5 35   90   M    M   M       44  90
16  46  27  37  13  28   0  0.02  0.2   0 11.1 25  170   M    M   M 1     35 150
17  49  32  41  17  24   0     T  0.0   0 12.6 28  100   M    M   M       37  90
18  49  36  43  19  22   0  0.26  0.0   0  9.9 23   80   M    M   M 1     32 100
19  51  31  41  16  24   0  0.09  0.1   T  4.9 18   80   M    M   M 2     25  80
20  46  28  37  12  28   0  0.00  0.0   0 11.1 22   60   M    M   M       28  70
21  49  25  37  12  28   0     T  0.0   0  2.3 12  190   M    M   M       14 190
22  47  26  37  12  28   0  0.00  0.0   0  4.9 13   80   M    M   M       17  80
23  51  21  36  10  29   0  0.00  0.0   0  7.7 20  100   M    M   M       24  90
24  46  34  40  14  25   0  0.00  0.0   0 17.4 31   90   M    M   M       41  80
25  49  37  43  17  22   0  0.00  0.0   0 14.1 26   50   M    M   M       34  50
26  48  31  40  14  25   0     T  0.0   0 10.8 22  170   M    M   M       28 170
27  47  32  40  13  25   0     T  0.0   0 15.4 23   90   M    M   M       29 100
28  51  33  42  15  23   0  0.00  0.0   0 10.7 17   70   M    M   M       23  60
29  53  31  42  15  23   0  0.00  0.0   0  7.1 15   50   M    M   M       20  60
================================================================================
SM 1132  622      1000   0  0.89 0.3    308.5           M        M
================================================================================
AV 39.0 21.4                             10.6 FASTST  PSBL  %   M    MAX(MPH)
                                 MISC ---->     35   90               # 44  90
================================================================================
NOTES:
# LAST OF SEVERAL OCCURRENCES

COLUMN 17 PEAK WIND IN M.P.H.

PRELIMINARY LOCAL CLIMATOLOGICAL DATA (WS FORM: F-6) , PAGE 2

                                          STATION:   KING SALMON
                                          MONTH:     03
                                          YEAR:      2015
                                          LATITUDE:  58 41 N
                                          LONGITUDE: 156 39 W

[TEMPERATURE DATA]      [PRECIPITATION DATA]       SYMBOLS USED IN COLUMN 16

AVERAGE MONTHLY:30.2   TOTAL FOR MONTH: 0.89       1 = FOG
DPTR FM NORMAL:  6.3   DPTR FM NORMAL: 0.24       2 = FOG REDUCING VISIBILITY
HIGHEST:    53 ON 29    GRTST 24HR   0.26 ON 18        TO 1/4 MILE OR LESS
LOWEST:    -11 ON 14                               3 = THUNDER
                        SNOW, ICE PELLETS, HAIL    4 = ICE PELLETS
                        TOTAL MONTH: 0.3   INCH  5 = HAIL
                        GRTST 24HR   0.2 ON 16     6 = GLAZE OR RIME
                        GRTST DEPTH:   T ON 19    7 = BLOWING DUST OR SAND:
                                                       VSBY 1/2 MILE OR LESS
                                                   8 = SMOKE OR HAZE
[NO. OF DAYS WITH]      [WEATHER - DAYS WITH]      9 = BLOWING SNOW
                                                   X = TORNADO
MAX 32 OR BELOW:   6    0.01 INCH OR MORE:   7
MAX 70 OR ABOVE:   0    0.10 INCH OR MORE:   4
MIN 32 OR BELOW:  23    0.50 INCH OR MORE:   0
MIN  0 OR BELOW:   5    1.00 INCH OR MORE:   0

[HDD (BASE 65) ]
TOTAL THIS MO.  1000    CLEAR  (SCALE 0-3)   M
DPTR FM NORMAL  -191    PTCLDY (SCALE 4-7)   M
SEASONAL TOTAL  7197    CLOUDY (SCALE 8-10)  M
DPTR FM NORMAL -1612

[CDD (BASE 65) ]
TOTAL THIS MO.     0
DPTR FM NORMAL     0    [PRESSURE DATA]
SEASONAL TOTAL     0    HIGHEST SLP     M
DPTR FM NORMAL     0    LOWEST  SLP     M

[REMARKS]
