000
CXUS55 KALY 270710
CF6ALB
PRELIMINARY LOCAL CLIMATOLOGICAL DATA (WS FORM: F-6)

                                          STATION:   ALBANY NY
                                          MONTH:     MARCH
                                          YEAR:      2015
                                          LATITUDE:   42 45 N
                                          LONGITUDE:  73 48 W

  TEMPERATURE IN F:       :PCPN:    SNOW:  WIND      :SUNSHINE: SKY     :PK WND
================================================================================
1   2   3   4   5  6A  6B    7    8   9   10  11  12  13   14  15   16   17  18
                                     12Z  AVG MX 2MIN
DY MAX MIN AVG DEP HDD CDD  WTR  SNW DPTH SPD SPD DIR MIN PSBL S-S WX    SPD DR
================================================================================

 1  26   2  14 -16  51   0 0.08  1.4   12  5.3 21 180   M    M   9 18     29 170
 2  31  21  26  -4  39   0    T  0.2   13 15.1 39 290   M    M   7 189    51 280
 3  30   7  19 -11  46   0 0.10  0.4   12 11.3 24 180   M    M   7 46     35 170
 4  39  30  35   5  30   0 0.00  0.0   12  9.2 21 280   M    M  10        29 180
 5  33  11  22  -9  43   0    T    T   12 13.8 24 290   M    M   9 8      30 280
 6  27   0  14 -17  51   0 0.00  0.0   12  4.1 12 280   M    M   2        15 320
 7  35   8  22 -10  43   0    T    T   11  4.7 15 290   M    M   8        17 290
 8  38  21  30  -2  35   0 0.02  0.6   11  6.0 31 290   M    M   7 18     43 270
 9  44  18  31  -1  34   0 0.00  0.0   10  6.6 23 290   M    M   3        29 280
10  49  20  35   2  30   0 0.03  0.0    8  6.9 20 180   M    M   8 1      26 160
11  48  37  43  10  22   0    T  0.0    5 11.6 28 290   M    M   6 12     39 290
12  41  25  33   0  32   0 0.00  0.0    0 16.1 29 330   M    M   2        38 330
13  42  19  31  -3  34   0 0.00  0.0    0  5.7 14 170   M    M   6        21 180
14  41  35  38   4  27   0 0.08  0.0    0  5.5 21 290   M    M  10 128    29 290
15  41  31  36   2  29   0    T  0.0    0 15.6 29 330   M    M  10        35 330
16  46  24  35   0  30   0 0.00  0.0    0  3.4 10  20   M    M   9        13  30
17  46  28  37   2  28   0 0.03  0.0    0 13.1 37 300   M    M   7 18     47 310
18  33  17  25 -11  40   0 0.00  0.0    0 16.2 35 310   M    M   3        48 280
19  37  15  26 -10  39   0 0.00  0.0    0 10.1 22 290   M    M   2 1      29 300
20  34  21  28  -8  37   0 0.04  0.6    0  4.9 17 190   M    M  10 18     23 180
21  42  28  35  -2  30   0    T    T    0 10.8 25 300   M    M   9        37 300
22  33  17  25 -12  40   0 0.00  0.0    0 15.2 29 280   M    M   3 1      36 280
23  28  14  21 -17  44   0 0.00  0.0    0 12.3 23 290   M    M   1        31 290
24  39  12  26 -12  39   0 0.00  0.0    0  3.0 10 350   M    M   3        18 350
25  49  17  33  -6  32   0 0.03    T    0 11.0 26 170   M    M   6 4      36 170
26  43  36  40   1  25   0 0.78    T    0  6.5 20 170   M    M  10 1248   23 170
================================================================================
SM  995  514       930   0  1.19     3.2 244.0          M      167
================================================================================
AV 38.3 19.8                               9.4 FASTST   M    M   6    MAX(MPH)
                                 MISC ---->  # 39 290               # 51  280
================================================================================
NOTES:
# LAST OF SEVERAL OCCURRENCES

COLUMN 17 PEAK WIND IN M.P.H.

PRELIMINARY LOCAL CLIMATOLOGICAL DATA (WS FORM: F-6) , PAGE 2

                                          STATION:  ALBANY NY
                                          MONTH:    MARCH
                                          YEAR:     2015
                                          LATITUDE:   42 45 N
                                          LONGITUDE:  73 48 W

[TEMPERATURE DATA]      [PRECIPITATION DATA]       SYMBOLS USED IN COLUMN 16

AVERAGE MONTHLY: 29.0   TOTAL FOR MONTH:   1.19    1 = FOG OR MIST
DPTR FM NORMAL:  -5.0   DPTR FM NORMAL:   -1.49    2 = FOG REDUCING VISIBILITY
HIGHEST:    49 ON 25,10 GRTST 24HR  0.78 ON 26-26      TO 1/4 MILE OR LESS
LOWEST:      0 ON  6                               3 = THUNDER
                        SNOW, ICE PELLETS, HAIL    4 = ICE PELLETS
                        TOTAL MONTH:   3.2 INCHES  5 = HAIL
                        GRTST 24HR   1.4 ON   M    6 = FREEZING RAIN OR DRIZZLE
                        GRTST DEPTH:  13 ON  2     7 = DUSTSTORM OR SANDSTORM:
                                                       VSBY 1/2 MILE OR LESS
                                                   8 = SMOKE OR HAZE
[NO. OF DAYS WITH]      [WEATHER - DAYS WITH]      9 = BLOWING SNOW
                                                   X = TORNADO
MAX 32 OR BELOW:   5    0.01 INCH OR MORE:   9
MAX 90 OR ABOVE:   0    0.10 INCH OR MORE:   2
MIN 32 OR BELOW:  23    0.50 INCH OR MORE:   1
MIN  0 OR BELOW:   1    1.00 INCH OR MORE:   0

[HDD (BASE 65) ]
TOTAL THIS MO.   930    CLEAR  (SCALE 0-3)   7
DPTR FM NORMAL   126    PTCLDY (SCALE 4-7)  10
TOTAL FM JUL 1  6060    CLOUDY (SCALE 8-10)  9
DPTR FM NORMAL   312

[CDD (BASE 65) ]
TOTAL THIS MO.     0
DPTR FM NORMAL     0    [PRESSURE DATA]
TOTAL FM JAN 1     0    HIGHEST SLP M ON M
DPTR FM NORMAL     0    LOWEST  SLP 29.55 ON 17

[REMARKS]
