000
CXUS54 KEPZ 291200
CF6ALM
PRELIMINARY LOCAL CLIMATOLOGICAL DATA (WS FORM: F-6)

                                          STATION:   ALAMOGORDO
                                          MONTH:     JUNE
                                          YEAR:      2015
                                          LATITUDE:   32 49 N
                                          LONGITUDE: 106  0 W

  TEMPERATURE IN F:       :PCPN:    SNOW:  WIND      :SUNSHINE: SKY     :PK WND
================================================================================
1   2   3   4   5  6A  6B    7    8   9   10  11  12  13   14  15   16   17  18
                                     12Z  AVG MX 2MIN
DY MAX MIN AVG DEP HDD CDD  WTR  SNW DPTH SPD SPD DIR MIN PSBL S-S WX    SPD DR
================================================================================

 1  93  59  76   M   0  11 0.00  0.0    0  5.1 15 310   M    M   0        24 310
 2  95  57  76   M   0  11 0.00  0.0    0  7.3 16 270   M    M   0        21 270
 3  95  55  75   M   0  10 0.00  0.0    0  9.8 20 220   M    M   0 8      29 190
 4  95  61  78   M   0  13 0.00  0.0    0  8.6 21 210   M    M   0        28 180
 5  93  72  83   M   0  18 0.00  0.0    0  9.1 17 170   M    M   1        24 170
 6  93  63  78   M   0  13    T  0.0    0  9.9 22 160   M    M   2        33 160
 7  90  68  79   M   0  14 0.00  0.0    0 10.2 18 170   M    M   1 8      25 150
 8  91  68  80   M   0  15 0.00  0.0    0  9.8 18 190   M    M   0 3      27  50
 9  91  68  80   M   0  15 0.01  0.0    0  7.3 14 170   M    M   1        23 170
10  95  66  81   M   0  16 0.00  0.0    0  6.8 15 230   M    M   2        22 240
11  95  63  79   M   0  14 0.00  0.0    0  8.9 20 240   M    M   0        27 250
12  93  66  80   M   0  15 0.00  0.0    0  7.0 14  10   M    M   0        24 270
13  97  64  81   M   0  16 0.00  0.0    0  8.6 18 260   M    M   0        31  50
14  93  63  78   M   0  13 0.00  0.0    0  6.4 13 140   M    M   0         M  M
15  93  72  83   M   0  18 0.00  0.0    0  7.1 15  30   M    M   1 8      27  60
16  90  64  77   M   0  12 0.05  0.0    0  7.4 15 160   M    M   1        21 250
17  95  64  80   M   0  15 0.03  0.0    0  6.1 25  40   M    M   0 3      44  40
18  99  72  86   M   0  21 0.00  0.0    0  7.6 21  40   M    M   0        31  40
19  97  73  85   M   0  20 0.00  0.0    0 13.0 24  80   M    M   1 3      33  80
20 102  68  85   M   0  20 0.00  0.0    0  6.3 13 290   M    M   0        20 320
21 102  68  85   M   0  20 0.00  0.0    0  6.8 13  90   M    M   0        18  90
22 102  68  85   M   0  20 0.23  0.0    0  5.6 14 220   M    M   0 3      17 220
23  93  66  80   M   0  15 0.00  0.0    0  7.1 21 100   M    M   0 8      28 100
24  90  66  78   M   0  13 0.57  0.0    0  8.7 28  50   M    M   3 3      36  50
25  90  64  77   M   0  12 0.00  0.0    0  5.7 14 180   M    M   1 3      17 180
26  90  66  78   M   0  13 0.00  0.0    0  7.6 20 180   M    M   0 3      28 180
27  82  68  75   M   0  10    T  0.0    0  8.3 27 360   M    M   2 38     39 360
28  91  63  77   M   0  12 0.00  0.0    0  5.3 17 190   M    M   0 8      22 190
================================================================================
SM 2625 1835         0 415  0.89     0.0 217.4          M       16
================================================================================
AV 93.8 65.5                               7.8 FASTST   M    M   1    MAX(MPH)
                                 MISC ---->    28   M                 44    M
================================================================================
NOTES:
# LAST OF SEVERAL OCCURRENCES

COLUMN 17 PEAK WIND IN M.P.H.

PRELIMINARY LOCAL CLIMATOLOGICAL DATA (WS FORM: F-6) , PAGE 2

                                          STATION:  ALAMOGORDO
                                          MONTH:    JUNE
                                          YEAR:     2015
                                          LATITUDE:   32 49 N
                                          LONGITUDE: 106  0 W

[TEMPERATURE DATA]      [PRECIPITATION DATA]       SYMBOLS USED IN COLUMN 16

AVERAGE MONTHLY: 79.6   TOTAL FOR MONTH:   0.89    1 = FOG OR MIST
DPTR FM NORMAL:     M   DPTR FM NORMAL:       M    2 = FOG REDUCING VISIBILITY
HIGHEST:   102 ON 22,21 GRTST 24HR  0.57 ON 24-24      TO 1/4 MILE OR LESS
LOWEST:     55 ON  3                               3 = THUNDER
                        SNOW, ICE PELLETS, HAIL    4 = ICE PELLETS
                        TOTAL MONTH:   0.0 INCH    5 = HAIL
                        GRTST 24HR     0.0         6 = FREEZING RAIN OR DRIZZLE
                        GRTST DEPTH:   0           7 = DUSTSTORM OR SANDSTORM:
                                                       VSBY 1/2 MILE OR LESS
                                                   8 = SMOKE OR HAZE
[NO. OF DAYS WITH]      [WEATHER - DAYS WITH]      9 = BLOWING SNOW
                                                   X = TORNADO
MAX 32 OR BELOW:   0    0.01 INCH OR MORE:   5
MAX 90 OR ABOVE:  27    0.10 INCH OR MORE:   2
MIN 32 OR BELOW:   0    0.50 INCH OR MORE:   1
MIN  0 OR BELOW:   0    1.00 INCH OR MORE:   0

[HDD (BASE 65) ]
TOTAL THIS MO.     0    CLEAR  (SCALE 0-3)  28
DPTR FM NORMAL     M    PTCLDY (SCALE 4-7)   0
TOTAL FM JUL 1  2765    CLOUDY (SCALE 8-10)  0
DPTR FM NORMAL     M

[CDD (BASE 65) ]
TOTAL THIS MO.   415
DPTR FM NORMAL     M    [PRESSURE DATA]
TOTAL FM JAN 1   526    HIGHEST SLP M ON M
DPTR FM NORMAL     M    LOWEST  SLP M ON M

[REMARKS]
