000
CXUS53 KDMX 260920
CF6ALO
PRELIMINARY LOCAL CLIMATOLOGICAL DATA (WS FORM: F-6)

                                          STATION:   WATERLOO IA
                                          MONTH:     JUNE
                                          YEAR:      2017
                                          LATITUDE:   42 32 N
                                          LONGITUDE:  92 24 W

  TEMPERATURE IN F:       :PCPN:    SNOW:  WIND      :SUNSHINE: SKY     :PK WND
================================================================================
1   2   3   4   5  6A  6B    7    8   9   10  11  12  13   14  15   16   17  18
                                     12Z  AVG MX 2MIN
DY MAX MIN AVG DEP HDD CDD  WTR  SNW DPTH SPD SPD DIR MIN PSBL S-S WX    SPD DR
================================================================================

 1  83  41  62  -4   3   0 0.00  0.0    0  1.6 10 220   M    M   0        14 210
 2  87  51  69   3   0   4 0.00  0.0    0  7.5 16 200   M    M   1        22 180
 3  92  68  80  14   0  15 0.00  0.0    0  9.6 22 210   M    M   2        27 210
 4  91  59  75   8   0  10 0.00  0.0    0  4.4 17 320   M    M   0        23 340
 5  84  54  69   2   0   4 0.00  0.0    0  9.1 20  50   M    M   0        25  50
 6  81  49  65  -2   0   0 0.00  0.0    0  4.3 12  50   M    M   0        16  50
 7  83  49  66  -2   0   1 0.00  0.0    0  4.7 10 160   M    M   0        13 130
 8  88  59  74   6   0   9 0.02  0.0    0  9.2 18 290   M    M   5 38     27 250
 9  90  57  74   6   0   9    T  0.0    0  5.8 30 220   M    M   2 13     38 210
10  92  67  80  11   0  15 0.00  0.0    0 17.5 31 190   M    M   0        40 190
11  95  73  84  15   0  19 0.00  0.0    0 16.8 31 180   M    M   1        41 170
12  92  68  80  11   0  15 0.37  0.0    0 10.7 29 360   M    M   3 13     35 350
13  94  69  82  12   0  17 0.00  0.0    0 13.4 25 160   M    M   2        34 150
14  86  65  76   6   0  11 1.31  0.0    0  8.0 29 220   M    M   4 13     37 230
15  91  63  77   7   0  12 0.28  0.0    0  6.3 33 330   M    M   2 138    42 330
16  88  64  76   6   0  11 0.73  0.0    0  9.5 51 280   M    M   1 13     75 280
17  82  64  73   2   0   8    T  0.0    0  5.2 17 320   M    M   4        22 330
18  76  60  68  -3   0   3 0.00  0.0    0 11.3 20 310   M    M   5        26 290
19  79  56  68  -3   0   3 0.02  0.0    0  9.8 25 290   M    M   1 3      40 300
20  86  53  70  -2   0   5 0.00  0.0    0  9.0 23 260   M    M   0        28 260
21  75  57  66  -6   0   1 0.71  0.0    0  9.2 21 140   M    M   3 13     26 130
22  84  69  77   5   0  12 1.67  0.0    0  9.9 23 350   M    M   4 13     38  10
23  75  59  67  -5   0   2 0.00  0.0    0 11.3 25 320   M    M   4 1      34 320
24  75  51  63  -9   2   0 0.00  0.0    0 11.6 26 240   M    M   1        38 250
25  71  50  61 -12   4   0 0.00  0.0    0 10.9 23 320   M    M   3        29 320
================================================================================
SM 2120 1475         9 186  5.11     0.0 226.6          M       48
================================================================================
AV 84.8 59.0                               9.1 FASTST   M    M   2    MAX(MPH)
                                 MISC ---->  # 51 280               # 75  280
================================================================================
NOTES:
# LAST OF SEVERAL OCCURRENCES

COLUMN 17 PEAK WIND IN M.P.H.

PRELIMINARY LOCAL CLIMATOLOGICAL DATA (WS FORM: F-6) , PAGE 2

                                          STATION:  WATERLOO IA
                                          MONTH:    JUNE
                                          YEAR:     2017
                                          LATITUDE:   42 32 N
                                          LONGITUDE:  92 24 W

[TEMPERATURE DATA]      [PRECIPITATION DATA]       SYMBOLS USED IN COLUMN 16

AVERAGE MONTHLY: 71.9   TOTAL FOR MONTH:   5.11    1 = FOG OR MIST
DPTR FM NORMAL:   2.5   DPTR FM NORMAL:    1.01    2 = FOG REDUCING VISIBILITY
HIGHEST:    95 ON 11    GRTST 24HR  2.28 ON 21-22      TO 1/4 MILE OR LESS
LOWEST:     41 ON  1                               3 = THUNDER
                        SNOW, ICE PELLETS, HAIL    4 = ICE PELLETS
                        TOTAL MONTH:   0.0 INCH    5 = HAIL
                        GRTST 24HR     0.0         6 = FREEZING RAIN OR DRIZZLE
                        GRTST DEPTH:   0           7 = DUSTSTORM OR SANDSTORM:
                                                       VSBY 1/2 MILE OR LESS
                                                   8 = SMOKE OR HAZE
[NO. OF DAYS WITH]      [WEATHER - DAYS WITH]      9 = BLOWING SNOW
                                                   X = TORNADO
MAX 32 OR BELOW:   0    0.01 INCH OR MORE:   8
MAX 90 OR ABOVE:   8    0.10 INCH OR MORE:   6
MIN 32 OR BELOW:   0    0.50 INCH OR MORE:   4
MIN  0 OR BELOW:   0    1.00 INCH OR MORE:   2

[HDD (BASE 65) ]
TOTAL THIS MO.     9    CLEAR  (SCALE 0-3)  18
DPTR FM NORMAL   -14    PTCLDY (SCALE 4-7)   7
TOTAL FM JUL 1  6042    CLOUDY (SCALE 8-10)  0
DPTR FM NORMAL  -985

[CDD (BASE 65) ]
TOTAL THIS MO.   186
DPTR FM NORMAL    49    [PRESSURE DATA]
TOTAL FM JAN 1   222    HIGHEST SLP M ON M
DPTR FM NORMAL    29    LOWEST  SLP 29.50 ON 16

[REMARKS]
