000
CXUS53 KDMX 190920
CF6ALO
PRELIMINARY LOCAL CLIMATOLOGICAL DATA (WS FORM: F-6)

                                          STATION:   WATERLOO IA
                                          MONTH:     JANUARY
                                          YEAR:      2018
                                          LATITUDE:   42 32 N
                                          LONGITUDE:  92 24 W

  TEMPERATURE IN F:       :PCPN:    SNOW:  WIND      :SUNSHINE: SKY     :PK WND
================================================================================
1   2   3   4   5  6A  6B    7    8   9   10  11  12  13   14  15   16   17  18
                                     12Z  AVG MX 2MIN
DY MAX MIN AVG DEP HDD CDD  WTR  SNW DPTH SPD SPD DIR MIN PSBL S-S WX    SPD DR
================================================================================

 1  -4 -21 -12 -31  77   0 0.00  0.0    5  6.8 13 300   M    M   0 8      16 310
 2  15 -21  -3 -22  68   0 0.01  0.2    5 10.5 23 230   M    M   2 18     31 210
 3  17  -7   5 -14  60   0    T    T    4 13.3 29 330   M    M   2 8      35 330
 4   7 -11  -2 -20  67   0 0.00  0.0    4  4.1  9 340   M    M   8         9 340
 5   8 -10  -1 -19  66   0 0.00  0.0    4  5.7 13  40   M    M   2        14  40
 6  11 -21  -5 -23  70   0 0.00  0.0    4  8.9 22 150   M    M   2        28 150
 7  33  11  22   4  43   0 0.00  0.0    3 11.1 18 190   M    M   5 8      24 190
 8  38  17  28  10  37   0 0.00  0.0    3  6.5 18 330   M    M   2 1      23 320
 9  36  20  28  10  37   0 0.00  0.0    3 10.4 21 170   M    M   1 18     29 150
10  39  32  36  18  29   0 0.00  0.0    2 11.0 25 150   M    M   8 1      32 140
11  42   3  23   5  42   0 0.04  0.4    T 17.5 29 320   M    M   9 18     35 300
12   9  -4   3 -15  62   0 0.00  0.0    T 15.9 28 320   M    M   2        32 320
13   7  -8   0 -18  65   0 0.00  0.0    T  5.6 14 330   M    M   1        17 320
14  22 -10   6 -12  59   0 0.10  1.3    T  9.4 20 170   M    M   9 18     24 190
15  21  -5   8 -10  57   0    T  0.2    1 17.5 25 310   M    M   9 8      32 310
16   8  -6   1 -17  64   0    T    T    1 10.7 20 320   M    M   5 8      23 320
17  23  -7   8 -10  57   0 0.00  0.0    1 11.5 23 230   M    M   0        29 230
18  36  14  25   7  40   0 0.00  0.0    1 10.5 22 250   M    M   0        37 290
================================================================================
SM  368  -34      1000   0  0.15     2.1 186.9          M       67
================================================================================
AV 20.4 -1.9                              10.4 FASTST   M    M   4    MAX(MPH)
                                 MISC ---->  # 29 330               # 37  290
================================================================================
NOTES:
# LAST OF SEVERAL OCCURRENCES

COLUMN 17 PEAK WIND IN M.P.H.

PRELIMINARY LOCAL CLIMATOLOGICAL DATA (WS FORM: F-6) , PAGE 2

                                          STATION:  WATERLOO IA
                                          MONTH:    JANUARY
                                          YEAR:     2018
                                          LATITUDE:   42 32 N
                                          LONGITUDE:  92 24 W

[TEMPERATURE DATA]      [PRECIPITATION DATA]       SYMBOLS USED IN COLUMN 16

AVERAGE MONTHLY:  9.3   TOTAL FOR MONTH:   0.15    1 = FOG OR MIST
DPTR FM NORMAL:  -8.9   DPTR FM NORMAL:   -0.32    2 = FOG REDUCING VISIBILITY
HIGHEST:    42 ON 11    GRTST 24HR  0.10 ON 14-14      TO 1/4 MILE OR LESS
LOWEST:    -21 ON  6, 2                            3 = THUNDER
                        SNOW, ICE PELLETS, HAIL    4 = ICE PELLETS
                        TOTAL MONTH:   2.1 INCHES  5 = HAIL
                        GRTST 24HR   1.3 ON   M    6 = FREEZING RAIN OR DRIZZLE
                        GRTST DEPTH:   5 ON  2, 1  7 = DUSTSTORM OR SANDSTORM:
                                                       VSBY 1/2 MILE OR LESS
                                                   8 = SMOKE OR HAZE
[NO. OF DAYS WITH]      [WEATHER - DAYS WITH]      9 = BLOWING SNOW
                                                   X = TORNADO
MAX 32 OR BELOW:  12    0.01 INCH OR MORE:   3
MAX 90 OR ABOVE:   0    0.10 INCH OR MORE:   1
MIN 32 OR BELOW:  18    0.50 INCH OR MORE:   0
MIN  0 OR BELOW:  12    1.00 INCH OR MORE:   0

[HDD (BASE 65) ]
TOTAL THIS MO.  1000    CLEAR  (SCALE 0-3)  11
DPTR FM NORMAL   158    PTCLDY (SCALE 4-7)   3
TOTAL FM JUL 1  3721    CLOUDY (SCALE 8-10)  4
DPTR FM NORMAL    68

[CDD (BASE 65) ]
TOTAL THIS MO.     0
DPTR FM NORMAL     0    [PRESSURE DATA]
TOTAL FM JAN 1     0    HIGHEST SLP M ON M
DPTR FM NORMAL     0    LOWEST  SLP 29.52 ON 10

[REMARKS]
