000
CXUS53 KDMX 310920
CF6ALO
PRELIMINARY LOCAL CLIMATOLOGICAL DATA (WS FORM: F-6)

                                          STATION:   WATERLOO IA
                                          MONTH:     JULY
                                          YEAR:      2015
                                          LATITUDE:   42 32 N
                                          LONGITUDE:  92 24 W

  TEMPERATURE IN F:       :PCPN:    SNOW:  WIND      :SUNSHINE: SKY     :PK WND
================================================================================
1   2   3   4   5  6A  6B    7    8   9   10  11  12  13   14  15   16   17  18
                                     12Z  AVG MX 2MIN
DY MAX MIN AVG DEP HDD CDD  WTR  SNW DPTH SPD SPD DIR MIN PSBL S-S WX    SPD DR
================================================================================

 1  70  54  62 -12   3   0    T  0.0    0  6.3 15  60   M    M   4        17  60
 2  73  51  62 -12   3   0 0.00  0.0    0  5.4 15  90   M    M   1        23  90
 3  79  51  65  -9   0   0 0.00  0.0    0  1.7  8  60   M    M   0 1      20  90
 4  81  54  68  -6   0   3 0.00  0.0    0  4.6 14 250   M    M   0 1      17 240
 5  85  63  74   0   0   9 0.00  0.0    0 10.8 18 180   M    M   0 8      23 160
 6  81  60  71  -3   0   6 0.67  0.0    0 11.4 26 340   M    M   5 18     32 350
 7  71  54  63 -11   2   0 0.00  0.0    0  9.8 20  20   M    M   2 18     27  10
 8  72  51  62 -12   3   0 0.00  0.0    0  5.2 14 130   M    M   5        19 120
 9  77  53  65  -9   0   0 0.00  0.0    0  2.9 10 200   M    M   1 1      15 220
10  81  58  70  -4   0   5 0.00  0.0    0  6.1 14 180   M    M   1        16 190
11  81  68  75   1   0  10 0.00  0.0    0  9.4 16 140   M    M   5        20 140
12  87  67  77   3   0  12 0.00  0.0    0  9.2 15 150   M    M   7 1      23 150
13  93  74  84  10   0  19 0.00  0.0    0  7.7 16 280   M    M   3 1      22 310
14  86  67  77   3   0  12 0.00  0.0    0  8.5 18 360   M    M   1        26 350
15  77  64  71  -3   0   6 0.00  0.0    0  6.7 13 180   M    M   4 1      24 110
16  80  66  73  -1   0   8 0.45  0.0    0 10.4 21 140   M    M   8 1      29 150
17  93  71  82   8   0  17 0.00  0.0    0  6.0 13 180   M    M   2 12     17 200
18  89  70  80   6   0  15 0.00  0.0    0  8.8 22 360   M    M   1        27 350
19  83  63  73  -1   0   8 0.00  0.0    0  4.4 15 350   M    M   0        20 350
20  83  63  73  -1   0   8 0.08  0.0    0  7.8 21 330   M    M   1 13     28 340
21  80  56  68  -6   0   3 0.00  0.0    0  4.6 12 330   M    M   1        17 310
22  81  56  69  -5   0   4 0.00  0.0    0  2.3 12 160   M    M   2        14 190
23  84  56  70  -3   0   5 0.00  0.0    0  5.5 14 170   M    M   1        19 130
24  84  65  75   2   0  10 0.45  0.0    0 10.3 29  10   M    M   1 13     34  10
25  89  69  79   6   0  14 0.00  0.0    0  4.6 14 340   M    M   1        16 340
26  83  69  76   3   0  11 0.01  0.0    0  8.7 20 100   M    M   6 3      24 100
27  83  69  76   3   0  11 0.00  0.0    0  7.7 18 150   M    M   3        24 150
28  79  70  75   2   0  10 1.69  0.0    0  8.1 24 290   M    M   3 13     34 270
29  83  66  75   2   0  10 0.00  0.0    0  9.7 23 290   M    M   2        30 320
30  86  60  73   0   0   8 0.00  0.0    0  6.2 16 180   M    M   0        22 150
================================================================================
SM 2454 1858        11 224  3.35     0.0 210.8          M       71
================================================================================
AV 81.8 61.9                               7.0 FASTST   M    M   2    MAX(MPH)
                                 MISC ---->  # 29  10               # 34   10
================================================================================
NOTES:
# LAST OF SEVERAL OCCURRENCES

COLUMN 17 PEAK WIND IN M.P.H.

PRELIMINARY LOCAL CLIMATOLOGICAL DATA (WS FORM: F-6) , PAGE 2

                                          STATION:  WATERLOO IA
                                          MONTH:    JULY
                                          YEAR:     2015
                                          LATITUDE:   42 32 N
                                          LONGITUDE:  92 24 W

[TEMPERATURE DATA]      [PRECIPITATION DATA]       SYMBOLS USED IN COLUMN 16

AVERAGE MONTHLY: 71.9   TOTAL FOR MONTH:   3.35    1 = FOG OR MIST
DPTR FM NORMAL:  -1.9   DPTR FM NORMAL:   -1.42    2 = FOG REDUCING VISIBILITY
HIGHEST:    93 ON 17,13 GRTST 24HR  1.69 ON 28-28      TO 1/4 MILE OR LESS
LOWEST:     51 ON  8, 3                            3 = THUNDER
                        SNOW, ICE PELLETS, HAIL    4 = ICE PELLETS
                        TOTAL MONTH:   0.0 INCH    5 = HAIL
                        GRTST 24HR     0.0         6 = FREEZING RAIN OR DRIZZLE
                        GRTST DEPTH:   0           7 = DUSTSTORM OR SANDSTORM:
                                                       VSBY 1/2 MILE OR LESS
                                                   8 = SMOKE OR HAZE
[NO. OF DAYS WITH]      [WEATHER - DAYS WITH]      9 = BLOWING SNOW
                                                   X = TORNADO
MAX 32 OR BELOW:   0    0.01 INCH OR MORE:   6
MAX 90 OR ABOVE:   2    0.10 INCH OR MORE:   4
MIN 32 OR BELOW:   0    0.50 INCH OR MORE:   2
MIN  0 OR BELOW:   0    1.00 INCH OR MORE:   1

[HDD (BASE 65) ]
TOTAL THIS MO.    11    CLEAR  (SCALE 0-3)  22
DPTR FM NORMAL    11    PTCLDY (SCALE 4-7)   8
TOTAL FM JUL 1    11    CLOUDY (SCALE 8-10)  0
DPTR FM NORMAL    11

[CDD (BASE 65) ]
TOTAL THIS MO.   224
DPTR FM NORMAL   -39    [PRESSURE DATA]
TOTAL FM JAN 1   421    HIGHEST SLP M ON M
DPTR FM NORMAL   -75    LOWEST  SLP 29.65 ON 13

[REMARKS]
