000
CXUS55 KPUB 221059
CF6ALS
PRELIMINARY LOCAL CLIMATOLOGICAL DATA (WS FORM: F-6)

                                          STATION:   ALAMOSA CO
                                          MONTH:     MAY
                                          YEAR:      2017
                                          LATITUDE:   37 27 N
                                          LONGITUDE: 105 52 W

  TEMPERATURE IN F:       :PCPN:    SNOW:  WIND      :SUNSHINE: SKY     :PK WND
================================================================================
1   2   3   4   5  6A  6B    7    8   9   10  11  12  13   14  15   16   17  18
                                     12Z  AVG MX 2MIN
DY MAX MIN AVG DEP HDD CDD  WTR  SNW DPTH SPD SPD DIR MIN PSBL S-S WX    SPD DR
================================================================================

 1  63  23  43  -4  22   0 0.00  0.0    0  6.2 21 320   M    M   4        26 350
 2  65  27  46  -1  19   0    T  0.0    0  9.2 31 320   M    M   4 38     42 350
 3  66  30  48   1  17   0 0.00  0.0    0 11.8 25 310   M    M   1        32 340
 4  72  24  48   0  17   0 0.00  0.0    0  6.3 18 110   M    M   1        23 120
 5  76  33  55   7  10   0 0.00  0.0    0  6.2 20 130   M    M   0        23 130
 6  75  36  56   8   9   0 0.01  0.0    0  7.2 28 270   M    M   3        36 270
 7  75  41  58   9   7   0 0.00  0.0    0  8.4 32 250   M    M   3        39 250
 8  74  31  53   4  12   0 0.06  0.0    0  7.3 33 200   M    M   3 3      51 190
 9  54  35  45  -4  20   0 0.46  0.0    0  8.5 32 240   M    M   5 13     41 240
10  60  30  45  -5  20   0 0.70  0.8    0  8.5 32 140   M    M   7 123    40 130
11  65  32  49  -1  16   0    T  0.3    1  6.0 13  40   M    M   4 12     21 350
12  71  34  53   3  12   0 0.00  0.0    0  8.1 18 230   M    M   0        25 240
13  73  41  57   7   8   0 0.00  0.0    0 13.1 26 240   M    M   1        36 250
14  74  36  55   4  10   0 0.00  0.0    0 10.8 26 220   M    M   0        34 210
15  74  35  55   4  10   0 0.00  0.0    0 12.9 29 220   M    M   0        37 230
16  64  33  49  -2  16   0 0.00  0.0    0 11.3 25 350   M    M   4        31 350
17  59  31  45  -7  20   0 0.00  0.0    0 12.8 30 190   M    M   4        41 190
18  51  28  40 -12  25   0 0.00  0.0    0 15.2 31 190   M    M   3 8      50 220
19  52  24  38 -14  27   0    T    T    0  7.7 24 310   M    M   4        29 320
20  61  22  42 -10  23   0 0.00  0.0    0  6.1 15  30   M    M   3        20 150
21  68  29  49  -4  16   0 0.00  0.0    0  8.4 23 360   M    M   2        30  10
================================================================================
SM 1392  655       336   0  1.23     1.1 192.0          M       56
================================================================================
AV 66.3 31.2                               9.1 FASTST   M    M   3    MAX(MPH)
                                 MISC ---->  # 33 200               # 51  190
================================================================================
NOTES:
# LAST OF SEVERAL OCCURRENCES

COLUMN 17 PEAK WIND IN M.P.H.

PRELIMINARY LOCAL CLIMATOLOGICAL DATA (WS FORM: F-6) , PAGE 2

                                          STATION:  ALAMOSA CO
                                          MONTH:    MAY
                                          YEAR:     2017
                                          LATITUDE:   37 27 N
                                          LONGITUDE: 105 52 W

[TEMPERATURE DATA]      [PRECIPITATION DATA]       SYMBOLS USED IN COLUMN 16

AVERAGE MONTHLY: 48.7   TOTAL FOR MONTH:   1.23    1 = FOG OR MIST
DPTR FM NORMAL:  -1.1   DPTR FM NORMAL:    0.82    2 = FOG REDUCING VISIBILITY
HIGHEST:    76 ON  5    GRTST 24HR  0.70 ON 10-10      TO 1/4 MILE OR LESS
LOWEST:     22 ON 20                               3 = THUNDER
                        SNOW, ICE PELLETS, HAIL    4 = ICE PELLETS
                        TOTAL MONTH:   1.1 INCHES  5 = HAIL
                        GRTST 24HR   0.8 ON   M    6 = FREEZING RAIN OR DRIZZLE
                        GRTST DEPTH:   1 ON 11     7 = DUSTSTORM OR SANDSTORM:
                                                       VSBY 1/2 MILE OR LESS
                                                   8 = SMOKE OR HAZE
[NO. OF DAYS WITH]      [WEATHER - DAYS WITH]      9 = BLOWING SNOW
                                                   X = TORNADO
MAX 32 OR BELOW:   0    0.01 INCH OR MORE:   4
MAX 90 OR ABOVE:   0    0.10 INCH OR MORE:   2
MIN 32 OR BELOW:  12    0.50 INCH OR MORE:   1
MIN  0 OR BELOW:   0    1.00 INCH OR MORE:   0

[HDD (BASE 65) ]
TOTAL THIS MO.   336    CLEAR  (SCALE 0-3)  12
DPTR FM NORMAL    17    PTCLDY (SCALE 4-7)   9
TOTAL FM JUL 1  7500    CLOUDY (SCALE 8-10)  0
DPTR FM NORMAL  -819

[CDD (BASE 65) ]
TOTAL THIS MO.     0
DPTR FM NORMAL     0    [PRESSURE DATA]
TOTAL FM JAN 1     0    HIGHEST SLP M ON M
DPTR FM NORMAL     0    LOWEST  SLP 29.49 ON 16

[REMARKS]
