000
CXUS55 KPUB 011717
CF6ALS

PRELIMINARY LOCAL CLIMATOLOGICAL DATA (WS FORM: F-6)

                                          STATION:   ALAMOSA CO
                                          MONTH:     FEBRUARY
                                          YEAR:      2015
                                          LATITUDE:   37 27 N
                                          LONGITUDE: 105 52 W

  TEMPERATURE IN F:       :PCPN:    SNOW:  WIND      :SUNSHINE: SKY     :PK WND
================================================================================
1   2   3   4   5  6A  6B    7    8   9   10  11  12  13   14  15   16   17  18
                                     12Z  AVG MX 2MIN
DY MAX MIN AVG DEP HDD CDD  WTR  SNW DPTH SPD SPD DIR MIN PSBL S-S WX    SPD DR
================================================================================

 1  38  13  26   8  39   0 0.00  0.0    1  4.3 13 210   M    M   3 12     15 220
 2  47   9  28  10  37   0 0.00  0.0    T  3.7 12  50   M    M   1        14  50
 3  48  13  31  12  34   0 0.00  0.0    0  2.8  8 300   M    M   0        10 110
 4  51  15  33  14  32   0 0.00  0.0    0  5.0 12 140   M    M   1        14 170
 5  52  15  34  15  31   0 0.00  0.0    0  5.0 10 160   M    M   0        12 160
 6  55  10  33  13  32   0 0.00  0.0    0  1.9  9 280   M    M   0        10  30
 7  57  11  34  14  31   0 0.00  0.0    0  3.9 10 110   M    M   0        15  90
 8  59  15  37  17  28   0 0.00  0.0    0  4.1 10 230   M    M   0        13  20
 9  58  12  35  14  30   0 0.00  0.0    0  4.9 17 230   M    M   0        21 230
10  59  16  38  17  27   0 0.00  0.0    0  8.1 25  90   M    M   1        34  90
11  47  21  34  13  31   0 0.07  1.2    1  6.3 22 100   M    M   6 1      29 120
12  50  10  30   8  35   0 0.00  0.0    0  2.8 10 280   M    M   0        11 280
13  57  13  35  13  30   0 0.00  0.0    0  2.9  9 260   M    M   0        13 360
14  59  15  37  15  28   0 0.00  0.0    0  2.8  9 300   M    M   0        12 290
15  58  16  37  14  28   0    T    T    0  7.8 26 340   M    M   3 3      35 340
16  38   8  23   0  42   0 0.06  0.8    0  6.9 22 110   M    M   4 128    27 350
17  36  -3  17  -7  48   0 0.00  0.0    1  5.6 15 210   M    M   1        18 230
18  48   4  26   2  39   0 0.00  0.0    0  6.2 13 210   M    M   0        16 220
19  54   6  30   6  35   0 0.00  0.0    0  3.9 13 240   M    M   0        14 230
20  58  11  35  10  30   0 0.00  0.0    0  8.7 33 260   M    M   2 8      40 250
21  44  14  29   4  36   0 0.00  0.0    0  7.5 29 230   M    M   3        35 230
22  25  14  20  -6  45   0 0.49  9.2    T 11.9 23 110   M    M  10 128    28 110
23  23   2  13 -13  52   0 0.27  2.4    7  6.0 14 110   M    M   8 12     19 110
24  31   4  18  -8  47   0 0.00  0.0    6  4.0 10 200   M    M   6 1      13 330
25  33   1  17 -10  48   0 0.01  0.1    5  4.2 22 100   M    M   5 128    27 140
26  32   0  16 -11  49   0 0.02  0.7    3  4.6 21  90   M    M   5 128    28  80
27  30  14  22  -6  43   0 0.05  0.9    4  8.6 18 180   M    M   7 18     21 190
28  29  11  20  -8  45   0 0.04  0.6    3  2.6  9 340   M    M  10 18     12 190
================================================================================
SM 1276 290       1032   0 1.01 15.9     147.0          M       76
================================================================================
AV 45.6 10.4                               5.3 FASTST   M    M   3      MAX(MPH)
                                 MISC ---->    33 260                     40 250
================================================================================
NOTES:
COLUMN 17 PEAK WIND IN M.P.H.

PRELIMINARY LOCAL CLIMATOLOGICAL DATA (WS FORM: F-6) , PAGE 2

                                          STATION:  ALAMOSA CO
                                          MONTH:    FEBRUARY
                                          YEAR:     2015
                                          LATITUDE:   37 27 N
                                          LONGITUDE: 105 52 W

[TEMPERATURE DATA]      [PRECIPITATION DATA]       SYMBOLS USED IN COLUMN 16

AVERAGE MONTHLY:  28.0  TOTAL FOR MONTH:    1.01   1 = FOG OR MIST
DPTR  FM NORMAL:   5.2  DPTR  FM NORMAL:    0.75   2 = FOG REDUCING VISIBILITY
HIGHEST: 59 ON 14,10,8  GRTST 24HR 0.56 ON 22-23       TO 1/4 MILE OR LESS
 LOWEST: -3 ON 17                                  3 = THUNDER
                        SNOW, ICE PELLETS,  HAIL   4 = ICE PELLETS
                        TOTAL MONTH: 15.9 INCHES   5 = HAIL
                        GRTST 24HR  9.7 ON 22-23   6 = FREEZING RAIN OR DRIZZLE
                        GRTST DEPTH:  9 ON 22      7 = DUSTSTORM OR SANDSTORM:
                                                       VSBY 1/2 MILE OR LESS
                                                   8 = SMOKE OR HAZE
[NO. OF DAYS WITH]      [WEATHER - DAYS WITH]      9 = BLOWING SNOW
                                                   X = TORNADO
MAX 32 OR BELOW:   6    0.01 INCH OR MORE:   8
MAX 90 OR ABOVE:   0    0.10 INCH OR MORE:   2
MIN 32 OR BELOW:  28    0.50 INCH OR MORE:   0
MIN  0 OR BELOW:   2    1.00 INCH OR MORE:   0

[HDD (BASE 65) ]
TOTAL THIS MO.  1032    CLEAR  (SCALE 0-3)  19
DPTR FM NORMAL  -150    PTCLDY (SCALE 4-7)   6
TOTAL FM JUL 1  5492    CLOUDY (SCALE 8-10)  3
DPTR FM NORMAL  -837

[CDD (BASE 65) ]
TOTAL THIS MO.     0
DPTR FM NORMAL     0    [PRESSURE DATA]
TOTAL FM JAN 1     0    HIGHEST SLP 30.59 ON 12
DPTR FM NORMAL     0    LOWEST  SLP 29.63 ON 20

[REMARKS]
#FINAL-02-15#
