000
CXUS54 KAMA 271015
CF6AMA
PRELIMINARY LOCAL CLIMATOLOGICAL DATA (WS FORM: F-6)

                                          STATION:   AMARILLO
                                          MONTH:     NOVEMBER
                                          YEAR:      2014
                                          LATITUDE:   35 13 N
                                          LONGITUDE: 101 42 W

  TEMPERATURE IN F:       :PCPN:    SNOW:  WIND      :SUNSHINE: SKY     :PK WND
================================================================================
1   2   3   4   5  6A  6B    7    8   9   10  11  12  13   14  15   16   17  18
                                     12Z  AVG MX 2MIN
DY MAX MIN AVG DEP HDD CDD  WTR  SNW DPTH SPD SPD DIR MIN PSBL S-S WX    SPD DR
================================================================================

 1  64  36  50  -3  15   0 0.00  0.0    0 22.1 31 180   M    M   0        39 180
 2  75  49  62  10   3   0 0.00  0.0    0 17.6 29 170   M    M   1        34 170
 3  65  46  56   4   9   0 0.07  0.0    0 14.2 29  40   M    M   9 13     36  60
 4  48  38  43  -9  22   0 0.00  0.0    0  9.9 23  10   M    M   2        28  20
 5  67  34  51   0  14   0 0.00  0.0    0  4.6 12 340   M    M   0        16 340
 6  66  34  50  -1  15   0 0.00  0.0    0  8.1 16 180   M    M   0        20 190
 7  75  41  58   8   7   0 0.00  0.0    0 16.5 31 230   M    M   0        38 230
 8  65  43  54   4  11   0 0.00  0.0    0 10.4 23  20   M    M   0        29  20
 9  77  44  61  12   4   0 0.00  0.0    0 13.4 23 230   M    M   0        29 240
10  82  27  55   6  10   0 0.00  0.0    0 21.7 43  10   M    M   1 78     52  10
11  36  19  28 -20  37   0 0.00  0.0    0 16.5 36 350   M    M   0        45 350
12  21  14  18 -30  47   0    T    T    0 14.5 20  20   M    M   7        25  10
13  24  13  19 -28  46   0    T    T    T  8.8 18 360   M    M  10        22 350
14  42  20  31 -16  34   0 0.00  0.0    0 17.7 26 160   M    M   3        34 160
15  69  26  48   2  17   0 0.00  0.0    0 19.2 29  20   M    M   0        39  10
16  26  12  19 -27  46   0 0.19  2.5    T 16.7 28 360   M    M   8 128    34  10
17  39   9  24 -22  41   0 0.00  0.0    2  9.2 21 230   M    M   0        26 230
18  49  17  33 -12  32   0 0.00  0.0    T 10.8 20 210   M    M   0        25 210
19  56  25  41  -4  24   0 0.00  0.0    0  9.4 18 310   M    M   0        24 300
20  55  29  42  -2  23   0 0.00  0.0    0  7.4 17 150   M    M   0        20 150
21  61  27  44   0  21   0 0.00  0.0    0  6.9 14 140   M    M   0 1      17 140
22  70  38  54  11  11   0 0.00  0.0    0 12.6 21 220   M    M   0        26 200
23  55  31  43   0  22   0 0.08    T    0 18.0 38 350   M    M   3 1      49 360
24  51  28  40  -2  25   0 0.00  0.0    0  7.5 22 350   M    M   2        26 350
25  54  25  40  -2  25   0 0.00  0.0    0 12.1 31 230   M    M   0        37 230
26  52  29  41  -1  24   0 0.00  0.0    0  9.7 21 340   M    M   0        26 320
================================================================================
SM 1444  754       585   0  0.34     2.5 335.5          M       46
================================================================================
AV 55.5 29.0                              12.9 FASTST   M    M   2    MAX(MPH)
                                 MISC ---->  # 43  10               # 52   10
================================================================================
NOTES:
# LAST OF SEVERAL OCCURRENCES

COLUMN 17 PEAK WIND IN M.P.H.

PRELIMINARY LOCAL CLIMATOLOGICAL DATA (WS FORM: F-6) , PAGE 2

                                          STATION:  AMARILLO
                                          MONTH:    NOVEMBER
                                          YEAR:     2014
                                          LATITUDE:   35 13 N
                                          LONGITUDE: 101 42 W

[TEMPERATURE DATA]      [PRECIPITATION DATA]       SYMBOLS USED IN COLUMN 16

AVERAGE MONTHLY: 42.3   TOTAL FOR MONTH:   0.34    1 = FOG OR MIST
DPTR FM NORMAL:  -4.9   DPTR FM NORMAL:   -0.39    2 = FOG REDUCING VISIBILITY
HIGHEST:    82 ON 10    GRTST 24HR  0.19 ON 16-16      TO 1/4 MILE OR LESS
LOWEST:      9 ON 17                               3 = THUNDER
                        SNOW, ICE PELLETS, HAIL    4 = ICE PELLETS
                        TOTAL MONTH:   2.5 INCHES  5 = HAIL
                        GRTST 24HR   2.5 ON 16-16  6 = FREEZING RAIN OR DRIZZLE
                        GRTST DEPTH:   2 ON 17     7 = DUSTSTORM OR SANDSTORM:
                                                       VSBY 1/2 MILE OR LESS
                                                   8 = SMOKE OR HAZE
[NO. OF DAYS WITH]      [WEATHER - DAYS WITH]      9 = BLOWING SNOW
                                                   X = TORNADO
MAX 32 OR BELOW:   3    0.01 INCH OR MORE:   3
MAX 90 OR ABOVE:   0    0.10 INCH OR MORE:   1
MIN 32 OR BELOW:  16    0.50 INCH OR MORE:   0
MIN  0 OR BELOW:   0    1.00 INCH OR MORE:   0

[HDD (BASE 65) ]
TOTAL THIS MO.   585    CLEAR  (SCALE 0-3)  22
DPTR FM NORMAL   119    PTCLDY (SCALE 4-7)   2
TOTAL FM JUL 1   749    CLOUDY (SCALE 8-10)  2
DPTR FM NORMAL     3

[CDD (BASE 65) ]
TOTAL THIS MO.     0
DPTR FM NORMAL     0    [PRESSURE DATA]
TOTAL FM JAN 1  1534    HIGHEST SLP M ON M
DPTR FM NORMAL   136    LOWEST  SLP 29.33 ON 10

[REMARKS]
