000
CXUS52 KJAX 260800
CF6AMG
PRELIMINARY LOCAL CLIMATOLOGICAL DATA (WS FORM: F-6)

                                          STATION:   ALMA GA
                                          MONTH:     MAY
                                          YEAR:      2017
                                          LATITUDE:   31 32 N
                                          LONGITUDE:  82 30 W

  TEMPERATURE IN F:       :PCPN:    SNOW:  WIND      :SUNSHINE: SKY     :PK WND
================================================================================
1   2   3   4   5  6A  6B    7    8   9   10  11  12  13   14  15   16   17  18
                                     12Z  AVG MX 2MIN
DY MAX MIN AVG DEP HDD CDD  WTR  SNW DPTH SPD SPD DIR MIN PSBL S-S WX    SPD DR
================================================================================

 1  90  69  80  10   0  15 0.17  0.0    0 10.4 24 170   M    M   6 13     33 180
 2  84  55  70   0   0   5 0.00  0.0    0  5.4 14 320   M    M   1        20 310
 3  90  49  70   0   0   5 0.00  0.0    0  3.9 12 130   M    M   0 18     18 140
 4  80  64  72   1   0   7 1.02  0.0    0  6.2 20 240   M    M   5 13     28 240
 5  70  56  63  -8   2   0 0.00  0.0    0 10.9 23 270   M    M   8        33 240
 6  76  52  64  -7   1   0 0.00  0.0    0 10.3 22 300   M    M   2        31 300
 7  81  50  66  -5   0   1 0.00  0.0    0  4.9 18 320   M    M   0        25 320
 8  83  46  65  -7   0   0 0.00  0.0    0  3.6 15 320   M    M   0 1      20 300
 9  90  51  71  -1   0   6 0.00  0.0    0  1.4 13 290   M    M   0 1      15 290
10  93  57  75   3   0  10 0.00  0.0    0  4.6 14 230   M    M   0        18 250
11  94  66  80   8   0  15 0.00  0.0    0  6.8 16 300   M    M   0        21 220
12  89  63  76   3   0  11 0.00  0.0    0  6.9 18 190   M    M   1        24 200
13  84  64  74   1   0   9 0.23  0.0    0  4.1 24 320   M    M   7 13     37 310
14  86  61  74   1   0   9 0.00  0.0    0  4.2  9 130   M    M   5 1      14  50
15  91  56  74   0   0   9 0.00  0.0    0  1.9  9 120   M    M   0 1      12 130
16  94  58  76   2   0  11 0.00  0.0    0  4.1 13 130   M    M   0 1      17 130
17  93  63  78   4   0  13 0.00  0.0    0  6.6 15 170   M    M   2 12     21 120
18  92  65  79   5   0  14 0.00  0.0    0  5.9 14 120   M    M   1 1      21 110
19  92  61  77   2   0  12 0.00  0.0    0  4.9 13 130   M    M   1 1      19 110
20  93  73  83   8   0  18 0.33  0.0    0  6.0 20 250   M    M   6 13     26 250
21  86  75  81   6   0  16 0.03  0.0    0  4.6 10 280   M    M   4 13     14 260
22  89  69  79   4   0  14 0.04  0.0    0  3.3 12 200   M    M   5 1      14 210
23  83  72  78   2   0  13 0.84  0.0    0  7.8 23 300   M    M   8 1238   30 300
24  76  67  72  -4   0   7 0.47  0.0    0  8.6 21 210   M    M   7 13     29 220
25  79  57  68  -8   0   3 0.00  0.0    0  8.2 21 290   M    M   3        30 290
================================================================================
SM 2158 1519         3 223  3.13     0.0 145.5          M       72
================================================================================
AV 86.3 60.8                               5.8 FASTST   M    M   3    MAX(MPH)
                                 MISC ---->  # 24 170               # 37  310
================================================================================
NOTES:
# LAST OF SEVERAL OCCURRENCES

COLUMN 17 PEAK WIND IN M.P.H.

PRELIMINARY LOCAL CLIMATOLOGICAL DATA (WS FORM: F-6) , PAGE 2

                                          STATION:  ALMA GA
                                          MONTH:    MAY
                                          YEAR:     2017
                                          LATITUDE:   31 32 N
                                          LONGITUDE:  82 30 W

[TEMPERATURE DATA]      [PRECIPITATION DATA]       SYMBOLS USED IN COLUMN 16

AVERAGE MONTHLY: 73.5   TOTAL FOR MONTH:   3.13    1 = FOG OR MIST
DPTR FM NORMAL:   0.5   DPTR FM NORMAL:    1.29    2 = FOG REDUCING VISIBILITY
HIGHEST:    94 ON 16,11 GRTST 24HR  1.02 ON  4- 4      TO 1/4 MILE OR LESS
LOWEST:     46 ON  8                               3 = THUNDER
                        SNOW, ICE PELLETS, HAIL    4 = ICE PELLETS
                        TOTAL MONTH:   0.0 INCH    5 = HAIL
                        GRTST 24HR     0.0         6 = FREEZING RAIN OR DRIZZLE
                        GRTST DEPTH:   0           7 = DUSTSTORM OR SANDSTORM:
                                                       VSBY 1/2 MILE OR LESS
                                                   8 = SMOKE OR HAZE
[NO. OF DAYS WITH]      [WEATHER - DAYS WITH]      9 = BLOWING SNOW
                                                   X = TORNADO
MAX 32 OR BELOW:   0    0.01 INCH OR MORE:   8
MAX 90 OR ABOVE:  11    0.10 INCH OR MORE:   6
MIN 32 OR BELOW:   0    0.50 INCH OR MORE:   2
MIN  0 OR BELOW:   0    1.00 INCH OR MORE:   1

[HDD (BASE 65) ]
TOTAL THIS MO.     3    CLEAR  (SCALE 0-3)  15
DPTR FM NORMAL     0    PTCLDY (SCALE 4-7)  10
TOTAL FM JUL 1  1083    CLOUDY (SCALE 8-10)  0
DPTR FM NORMAL  -573

[CDD (BASE 65) ]
TOTAL THIS MO.   223
DPTR FM NORMAL    19    [PRESSURE DATA]
TOTAL FM JAN 1   517    HIGHEST SLP M ON M
DPTR FM NORMAL   159    LOWEST  SLP 29.56 ON 24

[REMARKS]
