000
CXUS53 KDMX 310920
CF6AMW
PRELIMINARY LOCAL CLIMATOLOGICAL DATA (WS FORM: F-6)

                                          STATION:   AMES IA
                                          MONTH:     MAY
                                          YEAR:      2016
                                          LATITUDE:   41 59 N
                                          LONGITUDE:  93 37 W

  TEMPERATURE IN F:       :PCPN:    SNOW:  WIND      :SUNSHINE: SKY     :PK WND
================================================================================
1   2   3   4   5  6A  6B    7    8   9   10  11  12  13   14  15   16   17  18
                                     12Z  AVG MX 2MIN
DY MAX MIN AVG DEP HDD CDD  WTR  SNW DPTH SPD SPD DIR MIN PSBL S-S WX    SPD DR
================================================================================

 1  50  44  47  -8  18   0 0.14  0.0    0  9.5 17  50   M    M  10 1      24  60
 2  62  38  50  -6  15   0 0.00  0.0    0  2.9 10 350   M    M   6 12     15  20
 3  69  39  54  -2  11   0 0.00  0.0    0  9.9 25 270   M    M   3        35 260
 4  68  45  57   1   8   0 0.00  0.0    0 13.9 28 330   M    M   0        35 330
 5  73  38  56  -1   9   0 0.00  0.0    0  4.0 12 250   M    M   0        14 260
 6  88  44  66   9   0   1 0.00  0.0    0 12.3 29 250   M    M   0        36 240
 7  70  53  62   5   3   0    T  0.0    0  8.8 24 340   M    M   4 8      31 340
 8  71  51  61   3   4   0 0.03  0.0    0  8.9 22 140   M    M   6 3      27 160
 9  62  56  59   1   6   0 0.47  0.0    0 11.9 24 140   M    M   9 13     32 120
10  75  55  65   7   0   0    T  0.0    0  6.9 13  90   M    M   6 1      19  80
11  68  50  59   0   6   0 0.05  0.0    0  6.4 14  80   M    M   9 12     20  80
12  63  44  54  -5  11   0 0.00  0.0    0 13.7 29 300   M    M   3 1      36 290
13  68  42  55  -4  10   0 0.26  0.0    0 12.2 29 340   M    M   5 13     40 340
14  57  36  47 -13  18   0 0.00  0.0    0 16.1 29 340   M    M   4        40 350
15  69  36  53  -7  12   0 0.00  0.0    0  7.2 18 300   M    M   4 8      24 310
16  65  42  54  -6  11   0 0.00  0.0    0  8.0 17 190   M    M   0        22 210
17  68  38  53  -8  12   0 0.00  0.0    0  4.6 14 110   M    M   5 12     17 110
18  68  39  54  -7  11   0 0.00  0.0    0  4.3 12 150   M    M   2        16 160
19  72  40  56  -6   9   0 0.00  0.0    0  5.9 18 160   M    M   1        24 130
20  72  49  61  -1   4   0 0.00  0.0    0  5.7 17 160   M    M   3        23 170
21  77  44  61  -1   4   0 0.00  0.0    0  4.1 14 130   M    M   0 8      18 130
22  81  43  62  -1   3   0 0.00  0.0    0  9.1 21 180   M    M   0        29 180
23  80  57  69   6   0   4 0.00  0.0    0 10.6 29 210   M    M   3        43 180
24  81  58  70   7   0   5 0.16  0.0    0  5.2 18 240   M    M   4 13     22 240
25  79  63  71   7   0   6 0.18  0.0    0  7.4 17 220   M    M   6 13     21 220
26  82  57  70   6   0   5 0.49  0.0    0 10.7 33 290   M    M   3 13     40 260
27  76  61  69   5   0   4 0.56  0.0    0  4.8 18 200   M    M   7 1      26 210
28  73  61  67   2   0   2 0.22  0.0    0 10.4 24 250   M    M   9 1      29 220
29  83  58  71   6   0   6 0.00  0.0    0  9.2 16 260   M    M   1 8      23 280
30  87  58  73   7   0   8 0.67  0.0    0  6.3 29 260   M    M   2 138    41 260
================================================================================
SM 2157 1439       185  41  3.23     0.0 250.9          M      115
================================================================================
AV 71.9 48.0                               8.4 FASTST   M    M   4    MAX(MPH)
                                 MISC ---->  # 33 290               # 43  180
================================================================================
NOTES:
# LAST OF SEVERAL OCCURRENCES

COLUMN 17 PEAK WIND IN M.P.H.

PRELIMINARY LOCAL CLIMATOLOGICAL DATA (WS FORM: F-6) , PAGE 2

                                          STATION:  AMES IA
                                          MONTH:    MAY
                                          YEAR:     2016
                                          LATITUDE:   41 59 N
                                          LONGITUDE:  93 37 W

[TEMPERATURE DATA]      [PRECIPITATION DATA]       SYMBOLS USED IN COLUMN 16

AVERAGE MONTHLY: 59.9   TOTAL FOR MONTH:   3.23    1 = FOG OR MIST
DPTR FM NORMAL:  -0.4   DPTR FM NORMAL:   -1.22    2 = FOG REDUCING VISIBILITY
HIGHEST:    88 ON  6    GRTST 24HR  1.33 ON 30- 1      TO 1/4 MILE OR LESS
LOWEST:     36 ON 15,14                            3 = THUNDER
                        SNOW, ICE PELLETS, HAIL    4 = ICE PELLETS
                        TOTAL MONTH:   0.0 INCH    5 = HAIL
                        GRTST 24HR     0.0         6 = FREEZING RAIN OR DRIZZLE
                        GRTST DEPTH:   0           7 = DUSTSTORM OR SANDSTORM:
                                                       VSBY 1/2 MILE OR LESS
                                                   8 = SMOKE OR HAZE
[NO. OF DAYS WITH]      [WEATHER - DAYS WITH]      9 = BLOWING SNOW
                                                   X = TORNADO
MAX 32 OR BELOW:   0    0.01 INCH OR MORE:  11
MAX 90 OR ABOVE:   0    0.10 INCH OR MORE:   9
MIN 32 OR BELOW:   0    0.50 INCH OR MORE:   2
MIN  0 OR BELOW:   0    1.00 INCH OR MORE:   0

[HDD (BASE 65) ]
TOTAL THIS MO.   185    CLEAR  (SCALE 0-3)  13
DPTR FM NORMAL     2    PTCLDY (SCALE 4-7)  13
TOTAL FM JUL 1  5833    CLOUDY (SCALE 8-10)  4
DPTR FM NORMAL  -972

[CDD (BASE 65) ]
TOTAL THIS MO.    41
DPTR FM NORMAL    -2    [PRESSURE DATA]
TOTAL FM JAN 1    44    HIGHEST SLP M ON M
DPTR FM NORMAL    -2    LOWEST  SLP 29.64 ON  9

[REMARKS]
