000
CXAK56 PAFC 171320
CF6ANC
PRELIMINARY LOCAL CLIMATOLOGICAL DATA (WS FORM: F-6)

                                          STATION:   ANCHORAGE AK
                                          MONTH:     AUGUST
                                          YEAR:      2017
                                          LATITUDE:   61 10 N
                                          LONGITUDE: 150  2 W

  TEMPERATURE IN F:       :PCPN:    SNOW:  WIND      :SUNSHINE: SKY     :PK WND
================================================================================
1   2   3   4   5  6A  6B    7    8   9   10  11  12  13   14  15   16   17  18
                                     12Z  AVG MX 2MIN
DY MAX MIN AVG DEP HDD CDD  WTR  SNW DPTH SPD SPD DIR MIN PSBL S-S WX    SPD DR
================================================================================

 1  66  58  62   3   3   0 0.01  0.0    0 13.9 23 150   M    M   9 8      35 160
 2  64  57  61   2   4   0 0.08  0.0    0 10.1 23 150   M    M  10 1      36 170
 3  62  56  59   0   6   0 0.03  0.0    0  4.5 12 300   M    M   9        15 170
 4  72  53  63   4   2   0 0.00  0.0    0  5.2  9  50   M    M   7         M  M
 5  75  54  65   6   0   0 0.00  0.0    0  4.8  9  50   M    M   6        12  20
 6  66  55  61   3   4   0    T  0.0    0  6.3 10 300   M    M   4         M  M
 7  68  50  59   1   6   0    T  0.0    0  7.0 22 150   M    M   6        34 160
 8  72  55  64   6   1   0 0.00  0.0    0  8.1 23 140   M    M   8        35 140
 9  67  54  61   3   4   0 0.09  0.0    0  4.5 22 150   M    M   8        39 150
10  65  53  59   1   6   0 0.16  0.0    0  4.7 13 160   M    M   8 1      18 160
11  59  52  56  -2   9   0 0.29  0.0    0  3.6  8  20   M    M  10 1       M  M
12  62  54  58   0   7   0 0.33  0.0    0  3.0  9 220   M    M   9 1      14 190
13  61  50  56  -2   9   0 0.66  0.0    0  7.9 16 200   M    M   7 1      30 180
14  67  53  60   3   5   0 0.00  0.0    0  9.8 15 160   M    M   7        30 150
15  65  54  60   3   5   0 0.01  0.0    0 10.7 16 150   M    M   8        28 140
16  56  49  53  -4  12   0 0.83  0.0    0  4.6  7 200   M    M   9 1       M  M
================================================================================
SM 1047  857        83   0  2.49     0.0 108.7          M      125
================================================================================
AV 65.4 53.6                               6.8 FASTST   M    M   8    MAX(MPH)
                                 MISC ---->  # 23 150               # 39  150
================================================================================
NOTES:
# LAST OF SEVERAL OCCURRENCES

COLUMN 17 PEAK WIND IN M.P.H.

PRELIMINARY LOCAL CLIMATOLOGICAL DATA (WS FORM: F-6) , PAGE 2

                                          STATION:  ANCHORAGE AK
                                          MONTH:    AUGUST
                                          YEAR:     2017
                                          LATITUDE:   61 10 N
                                          LONGITUDE: 150  2 W

[TEMPERATURE DATA]      [PRECIPITATION DATA]       SYMBOLS USED IN COLUMN 16

AVERAGE MONTHLY: 59.5   TOTAL FOR MONTH:   2.49    1 = FOG OR MIST
DPTR FM NORMAL:   1.4   DPTR FM NORMAL:    0.97    2 = FOG REDUCING VISIBILITY
HIGHEST:    75 ON  5    GRTST 24HR  0.83 ON 16-16      TO 1/4 MILE OR LESS
LOWEST:     49 ON 16                               3 = THUNDER
                        SNOW, ICE PELLETS, HAIL    4 = ICE PELLETS
                        TOTAL MONTH:   0.0 INCH    5 = HAIL
                        GRTST 24HR     0.0         6 = FREEZING RAIN OR DRIZZLE
                        GRTST DEPTH:   0           7 = DUSTSTORM OR SANDSTORM:
                                                       VSBY 1/2 MILE OR LESS
                                                   8 = SMOKE OR HAZE
[NO. OF DAYS WITH]      [WEATHER - DAYS WITH]      9 = BLOWING SNOW
                                                   X = TORNADO
MAX 32 OR BELOW:   0    0.01 INCH OR MORE:  10
MAX 90 OR ABOVE:   0    0.10 INCH OR MORE:   5
MIN 32 OR BELOW:   0    0.50 INCH OR MORE:   2
MIN  0 OR BELOW:   0    1.00 INCH OR MORE:   0

[HDD (BASE 65) ]
TOTAL THIS MO.    83    CLEAR  (SCALE 0-3)   0
DPTR FM NORMAL   -27    PTCLDY (SCALE 4-7)   9
TOTAL FM JUL 1   230    CLOUDY (SCALE 8-10)  7
DPTR FM NORMAL   -74

[CDD (BASE 65) ]
TOTAL THIS MO.     0
DPTR FM NORMAL     0    [PRESSURE DATA]
TOTAL FM JAN 1     3    HIGHEST SLP M ON M
DPTR FM NORMAL     1    LOWEST  SLP 29.31 ON 13

[REMARKS]
