000
CXUS52 KGSP 220817
CF6AND
PRELIMINARY LOCAL CLIMATOLOGICAL DATA (WS FORM: F-6)

                                          STATION:   ANDERSON SC
                                          MONTH:     OCTOBER
                                          YEAR:      2017
                                          LATITUDE:   34 30 N
                                          LONGITUDE:  82 43 W

  TEMPERATURE IN F:       :PCPN:    SNOW:  WIND      :SUNSHINE: SKY     :PK WND
================================================================================
1   2   3   4   5  6A  6B    7    8   9   10  11  12  13   14  15   16   17  18
                                     12Z  AVG MX 2MIN
DY MAX MIN AVG DEP HDD CDD  WTR  SNW DPTH SPD SPD DIR MIN PSBL S-S WX    SPD DR
================================================================================

 1  72  55  64  -2   1   0 0.00    M    M  9.9 22  60   M    M   0        28  60
 2  77  52  65  -1   0   0 0.00    M    M  7.5 16  70   M    M   M        20  80
 3  78  59  69   3   0   4 0.00    M    M  9.0 16  50   M    M   0        23  70
 4  80  57  69   4   0   4 0.00    M    M  6.2 14  60   M    M   1        19  30
 5  83  54  69   4   0   4 0.00    M    M  2.5 13  50   M    M   1        16 100
 6  85  57  71   6   0   6 0.00    M    M  2.7  9 130   M    M   3        15 120
 7  81  66  74  10   0   9    T    M    M  5.7 10  80   M    M   7 1      13 130
 8  81  71  76  12   0  11 0.81    M    M 10.4 22 170   M    M   9 13     31 130
 9  82  73  78  14   0  13 0.13    M    M  6.4 16 180   M    M   9 1      22 190
10  86  72  79  16   0  14 0.05    M    M  1.5 10 160   M    M   6 13     13 170
11  89  70  80  17   0  15 0.00    M    M  4.4 13 230   M    M   4 12     17 240
12  88  63  76  14   0  11 0.00    M    0  3.1 16  70   M    M   2 12     24  70
13  74  68  71   9   0   6 0.00    M    0  9.8 16  80   M    M  10        21  50
14  78  62  70   8   0   5 0.00    M    M  1.9  8 250   M    M   6 1      10 240
15  81  60  71   9   0   6    T    M    M  3.5 15 220   M    M   5 12     18 230
16  74  53  64   3   1   0 0.24    M    M  7.4 18  40   M    M   4 1      26  50
17  68  46  57  -4   8   0 0.00    M    M  4.8 16  80   M    M   0        21  70
18  69  44  57  -4   8   0 0.00    M    M  3.6 13  60   M    M   0        16 100
19  74  40  57  -3   8   0 0.00    M    M  1.5  7 240   0    0   0        10 260
20  80  42  61   1   4   0 0.00    M    M  1.1  8 120   M    M   1 12     10 110
21  77  47  62   2   3   0 0.00    M    M  3.0 10 100   M    M   0        12  90
================================================================================
SM 1657 1211        33 108  1.23    M    105.9            0     68
================================================================================
AV 78.9 57.7                               5.0 FASTST    0   0   3    MAX(MPH)
                                 MISC ---->  # 22  60               # 31  130
================================================================================
NOTES:
# LAST OF SEVERAL OCCURRENCES

COLUMN 17 PEAK WIND IN M.P.H.

PRELIMINARY LOCAL CLIMATOLOGICAL DATA (WS FORM: F-6) , PAGE 2

                                          STATION:  ANDERSON SC
                                          MONTH:    OCTOBER
                                          YEAR:     2017
                                          LATITUDE:   34 30 N
                                          LONGITUDE:  82 43 W

[TEMPERATURE DATA]      [PRECIPITATION DATA]       SYMBOLS USED IN COLUMN 16

AVERAGE MONTHLY: 68.3   TOTAL FOR MONTH:   1.23    1 = FOG OR MIST
DPTR FM NORMAL:   5.3   DPTR FM NORMAL:   -0.94    2 = FOG REDUCING VISIBILITY
HIGHEST:    89 ON 11    GRTST 24HR  0.81 ON  8- 8      TO 1/4 MILE OR LESS
LOWEST:     40 ON 19                               3 = THUNDER
                        SNOW, ICE PELLETS, HAIL    4 = ICE PELLETS
                        TOTAL MONTH:    M          5 = HAIL
                        GRTST 24HR    M  ON   M    6 = FREEZING RAIN OR DRIZZLE
                        GRTST DEPTH:   0           7 = DUSTSTORM OR SANDSTORM:
                                                       VSBY 1/2 MILE OR LESS
                                                   8 = SMOKE OR HAZE
[NO. OF DAYS WITH]      [WEATHER - DAYS WITH]      9 = BLOWING SNOW
                                                   X = TORNADO
MAX 32 OR BELOW:   0    0.01 INCH OR MORE:   4
MAX 90 OR ABOVE:   0    0.10 INCH OR MORE:   3
MIN 32 OR BELOW:   0    0.50 INCH OR MORE:   1
MIN  0 OR BELOW:   0    1.00 INCH OR MORE:   0

[HDD (BASE 65) ]
TOTAL THIS MO.    33    CLEAR  (SCALE 0-3)  11
DPTR FM NORMAL   -49    PTCLDY (SCALE 4-7)   6
TOTAL FM JUL 1    40    CLOUDY (SCALE 8-10)  3
DPTR FM NORMAL   -57

[CDD (BASE 65) ]
TOTAL THIS MO.   108
DPTR FM NORMAL    70    [PRESSURE DATA]
TOTAL FM JAN 1  1912    HIGHEST SLP 30.34 ON 19
DPTR FM NORMAL   255    LOWEST  SLP 29.79 ON  8

[REMARKS]
