000
CXUS55 KCTP 231131
CF6AOO
PRELIMINARY LOCAL CLIMATOLOGICAL DATA (WS FORM: F-6)

                                          STATION:   ALTOONA
                                          MONTH:     FEBRUARY
                                          YEAR:      2017
                                          LATITUDE:   40 17 N
                                          LONGITUDE:  78 19 W

  TEMPERATURE IN F:       :PCPN:    SNOW:  WIND      :SUNSHINE: SKY     :PK WND
================================================================================
1   2   3   4   5  6A  6B    7    8   9   10  11  12  13   14  15   16   17  18
                                     12Z  AVG MX 2MIN
DY MAX MIN AVG DEP HDD CDD  WTR  SNW DPTH SPD SPD DIR MIN PSBL S-S WX    SPD DR
================================================================================

 1  39  34  37  10  28   0    T    M    M 13.3 31 270   M    M  10 18     42 280
 2  36  22  29   2  36   0 0.02    M    M 11.4 24 270   M    M   7 8      32 280
 3  28  18  23  -5  42   0    T    M    M 10.3 22 290   M    M   5        29 290
 4  31  14  23  -5  42   0    T    M    M  8.2 18 300   M    M   2        23 300
 5  44  24  34   6  31   0 0.00  0.0    M 11.9 29 270   M    M   8        35 270
 6  53  27  40  12  25   0 0.00    M    M  6.5 18 220   M    M   1        24 220
 7  61  40  51  23  14   0 0.40    M    M  5.5 23 230   M    M   9 18     29 230
 8  58  35  47  19  18   0    T    M    M 10.5 25 230   M    M   9 1      33 220
 9  35  17  26  -2  39   0 0.36    M    M 16.8 31 290   M    M   8 128    38 280
10  28  15  22  -6  43   0    T    M    M 11.6 23 310   M    M   6        31 310
11  61  25  43  15  22   0 0.00    M    M  8.1 31 280   M    M   2        39 300
12  49  32  41  12  24   0 0.35    M    M 11.5 37 310   M    M  10 18     55 310
13  34  25  30   1  35   0    T    M    M 17.2 39 310   M    M   4 1      52 310
14  48  22  35   6  30   0 0.00    M    M  9.8 21 260   M    M   1        26 230
15  41  28  35   6  30   0 0.02    M    M 13.6 29 310   M    M   9 18     36 310
16  29  22  26  -3  39   0    T    M    M 14.2 26 290   M    M   9        35 310
17  48  17  33   4  32   0 0.00    M    M  1.6  9 180   M    M   1        11 170
18  66  32  49  19  16   0 0.00    M    M  8.6 18 260   M    M   0        25 240
19  64  46  55  25  10   0 0.00    M    M 10.2 20 320   M    M   3        26 310
20  60  39  50  20  15   0 0.00    M    M  5.3 12  10   M    M   0        15 320
21  51  36  44  14  21   0    T    M    M  7.4 16 160   M    M   1        20 150
22   M   M   M   M   M   M    M    M    M   M   M   M   M    M   M         M  M
================================================================================
SM  964  570       592   0  1.15     0.0 213.5          M      105
================================================================================
AV 45.9 27.1                              10.2 FASTST   M    M   5    MAX(MPH)
                                 MISC ---->  # 39 310               # 55  310
================================================================================
NOTES:
# LAST OF SEVERAL OCCURRENCES

COLUMN 17 PEAK WIND IN M.P.H.

PRELIMINARY LOCAL CLIMATOLOGICAL DATA (WS FORM: F-6) , PAGE 2

                                          STATION:  ALTOONA
                                          MONTH:    FEBRUARY
                                          YEAR:     2017
                                          LATITUDE:   40 17 N
                                          LONGITUDE:  78 19 W

[TEMPERATURE DATA]      [PRECIPITATION DATA]       SYMBOLS USED IN COLUMN 16

AVERAGE MONTHLY: 36.5   TOTAL FOR MONTH:   1.15    1 = FOG OR MIST
DPTR FM NORMAL:   7.9   DPTR FM NORMAL:   -0.43    2 = FOG REDUCING VISIBILITY
HIGHEST:    66 ON 18    GRTST 24HR  0.40 ON  7- 7      TO 1/4 MILE OR LESS
LOWEST:     14 ON  4                               3 = THUNDER
                        SNOW, ICE PELLETS, HAIL    4 = ICE PELLETS
                        TOTAL MONTH:   0.0 INCH    5 = HAIL
                        GRTST 24HR     0.0         6 = FREEZING RAIN OR DRIZZLE
                        GRTST DEPTH:  M  ON   M    7 = DUSTSTORM OR SANDSTORM:
                                                       VSBY 1/2 MILE OR LESS
                                                   8 = SMOKE OR HAZE
[NO. OF DAYS WITH]      [WEATHER - DAYS WITH]      9 = BLOWING SNOW
                                                   X = TORNADO
MAX 32 OR BELOW:   4    0.01 INCH OR MORE:   5
MAX 90 OR ABOVE:   0    0.10 INCH OR MORE:   3
MIN 32 OR BELOW:  15    0.50 INCH OR MORE:   0
MIN  0 OR BELOW:   0    1.00 INCH OR MORE:   0

[HDD (BASE 65) ]
TOTAL THIS MO.   592    CLEAR  (SCALE 0-3)   9
DPTR FM NORMAL  -208    PTCLDY (SCALE 4-7)   5
TOTAL FM JUL 1  3551    CLOUDY (SCALE 8-10)  7
DPTR FM NORMAL  -802

[CDD (BASE 65) ]
TOTAL THIS MO.     0
DPTR FM NORMAL     0    [PRESSURE DATA]
TOTAL FM JAN 1     0    HIGHEST SLP M ON M
DPTR FM NORMAL     0    LOWEST  SLP 29.41 ON 15

[REMARKS]
