000
CXUS54 KLCH 180843
CF6ARA
PRELIMINARY LOCAL CLIMATOLOGICAL DATA (WS FORM: F-6)

                                          STATION:   NEW IBERIA
                                          MONTH:     OCTOBER
                                          YEAR:      2017
                                          LATITUDE:   30  1 N
                                          LONGITUDE:  91 53 W

  TEMPERATURE IN F:       :PCPN:    SNOW:  WIND      :SUNSHINE: SKY     :PK WND
================================================================================
1   2   3   4   5  6A  6B    7    8   9   10  11  12  13   14  15   16   17  18
                                     12Z  AVG MX 2MIN
DY MAX MIN AVG DEP HDD CDD  WTR  SNW DPTH SPD SPD DIR MIN PSBL S-S WX    SPD DR
================================================================================

 1  91  71  81   6   0  16 0.56  0.0    0  8.0 26  70   M    M   2        34  70
 2  86  72  79   5   0  14 0.25  0.0    0  8.7 23 140   M    M   6 13     31 150
 3  90  72  81   7   0  16 0.00  0.0    0 12.5 22 100   M    M   4        28 100
 4  88  69  79   5   0  14 0.00  0.0    0  9.7 16  60   M    M   2        23  60
 5  88  66  77   4   0  12 0.00  0.0    0  6.6 16  40   M    M   1        19  50
 6  90  64  77   4   0  12 0.00  0.0    0  9.4 21  80   M    M   2        26  70
 7  90  73  82   9   0  17 0.11  0.0    0  8.8 23 100   M    M   4 1      30  80
 8  91  70  81   9   0  16 0.00  0.0    0  4.6 14 180   M    M   1 1      17 190
 9  87  75  81   9   0  16 0.60  0.0    0  3.7 15 150   M    M   3 13     17 150
10  91  74  83  11   0  18 0.16  0.0    0  3.2 15 360   M    M   5 138    19 350
11  88  68  78   6   0  13 0.00  0.0    0  7.2 13  10   M    M   0 1      16  10
12  90  70  80   9   0  15 0.00  0.0    0  7.0 12  50   M    M   0        14  50
13  91  70  81  10   0  16 0.00  0.0    0  4.3 10  30   M    M   0        13  50
14  90  71  81  10   0  16 0.01  0.0    0  5.8 17 150   M    M   1 1      22 120
15  90  72  81  11   0  16    T  0.0    0  7.9 24 360   M    M   4 1      30 360
16  76  59  68  -2   0   3 0.00  0.0    0 15.9 23  10   M    M   2        29  30
17  78  50  64  -6   1   0 0.00  0.0    0  6.7 15  30   M    M   0        21  30
================================================================================
SM 1495 1166         1 230  1.69     0.0 130.0          M       37
================================================================================
AV 87.9 68.6                               7.6 FASTST   M    M   2    MAX(MPH)
                                 MISC ---->  # 26  70               # 34   70
================================================================================
NOTES:
# LAST OF SEVERAL OCCURRENCES

COLUMN 17 PEAK WIND IN M.P.H.

PRELIMINARY LOCAL CLIMATOLOGICAL DATA (WS FORM: F-6) , PAGE 2

                                          STATION:  NEW IBERIA
                                          MONTH:    OCTOBER
                                          YEAR:     2017
                                          LATITUDE:   30  1 N
                                          LONGITUDE:  91 53 W

[TEMPERATURE DATA]      [PRECIPITATION DATA]       SYMBOLS USED IN COLUMN 16

AVERAGE MONTHLY: 78.3   TOTAL FOR MONTH:   1.69    1 = FOG OR MIST
DPTR FM NORMAL:   6.1   DPTR FM NORMAL:   -1.59    2 = FOG REDUCING VISIBILITY
HIGHEST:    91 ON 13,10 GRTST 24HR  0.60 ON  9- 9      TO 1/4 MILE OR LESS
LOWEST:     50 ON 17                               3 = THUNDER
                        SNOW, ICE PELLETS, HAIL    4 = ICE PELLETS
                        TOTAL MONTH:   0.0 INCH    5 = HAIL
                        GRTST 24HR     0.0         6 = FREEZING RAIN OR DRIZZLE
                        GRTST DEPTH:   0           7 = DUSTSTORM OR SANDSTORM:
                                                       VSBY 1/2 MILE OR LESS
                                                   8 = SMOKE OR HAZE
[NO. OF DAYS WITH]      [WEATHER - DAYS WITH]      9 = BLOWING SNOW
                                                   X = TORNADO
MAX 32 OR BELOW:   0    0.01 INCH OR MORE:   6
MAX 90 OR ABOVE:  10    0.10 INCH OR MORE:   5
MIN 32 OR BELOW:   0    0.50 INCH OR MORE:   2
MIN  0 OR BELOW:   0    1.00 INCH OR MORE:   0

[HDD (BASE 65) ]
TOTAL THIS MO.     1    CLEAR  (SCALE 0-3)  12
DPTR FM NORMAL    -5    PTCLDY (SCALE 4-7)   5
TOTAL FM JUL 1     1    CLOUDY (SCALE 8-10)  0
DPTR FM NORMAL    -6

[CDD (BASE 65) ]
TOTAL THIS MO.   230
DPTR FM NORMAL   102    [PRESSURE DATA]
TOTAL FM JAN 1  2963    HIGHEST SLP M ON M
DPTR FM NORMAL   279    LOWEST  SLP 29.67 ON  7

[REMARKS]
