000
CXUS54 KLCH 272310
CF6ARA
PRELIMINARY LOCAL CLIMATOLOGICAL DATA (WS FORM: F-6)

                                          STATION:   NEW IBERIA
                                          MONTH:     AUGUST
                                          YEAR:      2014
                                          LATITUDE:   30  1 N
                                          LONGITUDE:  91 53 W

  TEMPERATURE IN F:       :PCPN:    SNOW:  WIND      :SUNSHINE: SKY     :PK WND
================================================================================
1   2   3   4   5  6A  6B    7    8   9   10  11  12  13   14  15   16   17  18
                                     12Z  AVG MX 2MIN
DY MAX MIN AVG DEP HDD CDD  WTR  SNW DPTH SPD SPD DIR MIN PSBL S-S WX    SPD DR
================================================================================

 1  88  75  82  -1   0  17 0.85  0.0    0  5.9 20 200   M    M   5 13     24 210
 2  89  75  82  -1   0  17 0.07  0.0    0  6.1 15 180   M    M   8 1      18 180
 3  90  76  83   0   0  18 0.10  0.0    0  5.9 16 120   M    M   8 13     20 100
 4  93  73  83   0   0  18 0.00  0.0    0  3.5 12  80   M    M   3 1      15  40
 5  96  75  86   3   0  21 0.54  0.0    0  1.7 20 260   M    M   2 138    24 270
 6  93  76  85   2   0  20 0.00  0.0    0  3.4 13 210   M    M   1 1      15 210
 7  92  76  84   1   0  19 0.02  0.0    0  3.4 16 240   M    M   1 138    20 230
 8  92  75  84   1   0  19    T  0.0    0  3.5 24 200   M    M   1 138    29 210
 9  94  76  85   2   0  20 0.12  0.0    0  3.4 20 200   M    M   1 13     25 190
10  90  77  84   1   0  19    T  0.0    0  3.5 13 220   M    M   2 13     15 220
11  92  73  83   0   0  18 0.03  0.0    0  4.5 29  10   M    M   1 13     35  10
12  94  72  83   0   0  18 0.01  0.0    0  4.1 13 300   M    M   3 1      16 290
13  92  73  83   0   0  18 0.00  0.0    0  7.5 15  10   M    M   1        20  10
14  92  70  81  -2   0  16 0.00  0.0    0  5.5 12 330   M    M   0        17 310
15  91  69  80  -3   0  15 0.00  0.0    0  4.0 14 210   M    M   3        17 200
16  92  75  84   1   0  19 0.08  0.0    0  5.2 18 280   M    M   1 13     24 270
17  92  74  83   0   0  18 0.14  0.0    0  5.4 15 300   M    M   1 13     25 260
18  94  74  84   1   0  19    T  0.0    0  5.6 17 190   M    M   1 13     23 220
19  94  74  84   1   0  19    T  0.0    0  4.6 23 280   M    M   1 13     30 280
20  95  73  84   1   0  19 0.00  0.0    0  4.6 22 260   M    M   1 13     30 270
21  94  75  85   2   0  20 0.13  0.0    0  3.9 20 250   M    M   2 13     28 250
22  97  73  85   2   0  20 0.00  0.0    0  2.4  9  30   M    M   1 3      13  30
23  97  76  87   4   0  22 0.00  0.0    0  2.9 10  10   M    M   2 1      14  20
24  95  76  86   3   0  21    T  0.0    0  3.7 12  30   M    M   0 1      15  20
25  96  75  86   3   0  21 1.15  0.0    0  6.2 18  90   M    M   0 138    27 110
26  90  76  83   1   0  18 0.01  0.0    0  6.1 14  50   M    M   2 13     19  50
================================================================================
SM 2414 1932         0 489  3.25     0.0 116.5          M       52
================================================================================
AV 92.8 74.3                               4.5 FASTST   M    M   2    MAX(MPH)
                                 MISC ---->  # 29  10               # 35   10
================================================================================
NOTES:
# LAST OF SEVERAL OCCURRENCES

COLUMN 17 PEAK WIND IN M.P.H.

PRELIMINARY LOCAL CLIMATOLOGICAL DATA (WS FORM: F-6) , PAGE 2

                                          STATION:  NEW IBERIA
                                          MONTH:    AUGUST
                                          YEAR:     2014
                                          LATITUDE:   30  1 N
                                          LONGITUDE:  91 53 W

[TEMPERATURE DATA]      [PRECIPITATION DATA]       SYMBOLS USED IN COLUMN 16

AVERAGE MONTHLY: 83.6   TOTAL FOR MONTH:   3.25    1 = FOG OR MIST
DPTR FM NORMAL:   0.6   DPTR FM NORMAL:   -0.92    2 = FOG REDUCING VISIBILITY
HIGHEST:    97 ON 23,22 GRTST 24HR  1.16 ON 25-26      TO 1/4 MILE OR LESS
LOWEST:     69 ON 15                               3 = THUNDER
                        SNOW, ICE PELLETS, HAIL    4 = ICE PELLETS
                        TOTAL MONTH:   0.0 INCH    5 = HAIL
                        GRTST 24HR     0.0         6 = FREEZING RAIN OR DRIZZLE
                        GRTST DEPTH:   0           7 = DUSTSTORM OR SANDSTORM:
                                                       VSBY 1/2 MILE OR LESS
                                                   8 = SMOKE OR HAZE
[NO. OF DAYS WITH]      [WEATHER - DAYS WITH]      9 = BLOWING SNOW
                                                   X = TORNADO
MAX 32 OR BELOW:   0    0.01 INCH OR MORE:  13
MAX 90 OR ABOVE:  24    0.10 INCH OR MORE:   7
MIN 32 OR BELOW:   0    0.50 INCH OR MORE:   3
MIN  0 OR BELOW:   0    1.00 INCH OR MORE:   1

[HDD (BASE 65) ]
TOTAL THIS MO.     0    CLEAR  (SCALE 0-3)  23
DPTR FM NORMAL     0    PTCLDY (SCALE 4-7)   3
TOTAL FM JUL 1     0    CLOUDY (SCALE 8-10)  0
DPTR FM NORMAL     0

[CDD (BASE 65) ]
TOTAL THIS MO.   489
DPTR FM NORMAL    22    [PRESSURE DATA]
TOTAL FM JAN 1  2018    HIGHEST SLP M ON M
DPTR FM NORMAL   -37    LOWEST  SLP 29.87 ON 25

[REMARKS]
