000
CXUS55 KABR 301400
CF6ATY
PRELIMINARY LOCAL CLIMATOLOGICAL DATA (WS FORM: F-6)

                                          STATION:   WATERTOWN SD
                                          MONTH:     MARCH
                                          YEAR:      2017
                                          LATITUDE:   44 55 N
                                          LONGITUDE:  97  9 W

  TEMPERATURE IN F:       :PCPN:    SNOW:  WIND      :SUNSHINE: SKY     :PK WND
================================================================================
1   2   3   4   5  6A  6B    7    8   9   10  11  12  13   14  15   16   17  18
                                     12Z  AVG MX 2MIN
DY MAX MIN AVG DEP HDD CDD  WTR  SNW DPTH SPD SPD DIR MIN PSBL S-S WX    SPD DR
================================================================================

 1  30  11  21  -2  44   0 0.01  0.3    T 13.0 23 330   M    M   6 1      29 320
 2  26  11  19  -4  46   0    T    T    T  5.8 15 330   M    M   5 18     19 330
 3  33   9  21  -3  44   0    T    T    0 12.3 25 170   M    M   4 1      34 160
 4  52  23  38  14  27   0 0.00  0.0    0 14.9 32 150   M    M   0        44 150
 5  62  35  49  24  16   0 0.00  0.0    0 11.7 20 150   M    M   0        26 160
 6  66  25  46  21  19   0    T    T    0 20.5 33 300   M    M   6 1      48 300
 7  46  25  36  11  29   0 0.01  0.2    T 27.6 45 270   M    M   2 18     56 260
 8  33  21  27   1  38   0 0.00  0.0    0 15.8 35 290   M    M   4        47 290
 9  25   6  16 -10  49   0    T    T    0 12.0 20  20   M    M   8 8      25  30
10  15  -1   7 -20  58   0 0.00  0.0    T  9.5 20 360   M    M   6        23  10
11  17   7  12 -15  53   0 0.01  0.8    1  7.7 14  50   M    M  10 8      17  60
12  15  11  13 -15  52   0 0.30 10.0    T 14.3 24  70   M    M  10 128    33  70
13  16   0   8 -20  57   0    T    T   10  8.9 20  20   M    M   4 1      23  30
14  20  -4   8 -20  57   0 0.00  0.0   10  7.5 16 130   M    M   3        22 140
15  28   6  17 -12  48   0 0.00  0.0    9 14.3 24 170   M    M   2        29 170
16  38  27  33   4  32   0 0.00  0.0    7 14.9 24 160   M    M   3 1      30 160
17  39  28  34   4  31   0 0.00  0.0    5 16.2 35 310   M    M   6 12     43 310
18  43  19  31   1  34   0 0.00  0.0    3  8.1 21 150   M    M   2        27 160
19  60  32  46  15  19   0 0.00  0.0    2 13.1 25 170   M    M   0        34 180
20  50  31  41  10  24   0 0.00  0.0    0  9.9 17  20   M    M   6        22  10
21  33  17  25  -7  40   0 0.00  0.0    0 12.9 20  20   M    M   4        24  10
22  35  17  26  -6  39   0    T    T    0 17.2 28 160   M    M   8        35 150
23  40  34  37   5  28   0    T  0.0    0 11.3 24 150   M    M   6 18     31 150
24  39  32  36   3  29   0 0.00  0.0    0 12.5 21  20   M    M   8 1      25  20
25  38  30  34   1  31   0 0.00  0.0    0  8.1 14  70   M    M  10 1      18  90
26  45  34  40   6  25   0 0.00  0.0    0  3.3  8 290   M    M   9 1      13 280
27  58  32  45  11  20   0 0.00  0.0    0  2.8  9  80   M    M   8 1      13  80
28  59  29  44   9  21   0 0.00  0.0    0  4.0 13  90   M    M   2 1      17 100
29  56  36  46  11  19   0    T    M    0  8.1 18 140   M    M   3 1      25 120
================================================================================
SM 1117  583      1029   0  0.33    11.3 338.2          M      145
================================================================================
AV 38.5 20.1                              11.7 FASTST   M    M   5    MAX(MPH)
                                 MISC ---->  # 45 270               # 56  260
================================================================================
NOTES:
# LAST OF SEVERAL OCCURRENCES

COLUMN 17 PEAK WIND IN M.P.H.

PRELIMINARY LOCAL CLIMATOLOGICAL DATA (WS FORM: F-6) , PAGE 2

                                          STATION:  WATERTOWN SD
                                          MONTH:    MARCH
                                          YEAR:     2017
                                          LATITUDE:   44 55 N
                                          LONGITUDE:  97  9 W

[TEMPERATURE DATA]      [PRECIPITATION DATA]       SYMBOLS USED IN COLUMN 16

AVERAGE MONTHLY: 29.3   TOTAL FOR MONTH:   0.33    1 = FOG OR MIST
DPTR FM NORMAL:   0.4   DPTR FM NORMAL:   -0.68    2 = FOG REDUCING VISIBILITY
HIGHEST:    66 ON  6    GRTST 24HR  0.30 ON 12-12      TO 1/4 MILE OR LESS
LOWEST:     -4 ON 14                               3 = THUNDER
                        SNOW, ICE PELLETS, HAIL    4 = ICE PELLETS
                        TOTAL MONTH:  11.3 INCHES  5 = HAIL
                        GRTST 24HR  10.0 ON 12-12  6 = FREEZING RAIN OR DRIZZLE
                        GRTST DEPTH:  10 ON 14,13  7 = DUSTSTORM OR SANDSTORM:
                                                       VSBY 1/2 MILE OR LESS
                                                   8 = SMOKE OR HAZE
[NO. OF DAYS WITH]      [WEATHER - DAYS WITH]      9 = BLOWING SNOW
                                                   X = TORNADO
MAX 32 OR BELOW:   9    0.01 INCH OR MORE:   4
MAX 90 OR ABOVE:   0    0.10 INCH OR MORE:   1
MIN 32 OR BELOW:  25    0.50 INCH OR MORE:   0
MIN  0 OR BELOW:   3    1.00 INCH OR MORE:   0

[HDD (BASE 65) ]
TOTAL THIS MO.  1029    CLEAR  (SCALE 0-3)   9
DPTR FM NORMAL   -17    PTCLDY (SCALE 4-7)  13
TOTAL FM JUL 1  6630    CLOUDY (SCALE 8-10)  7
DPTR FM NORMAL  -827

[CDD (BASE 65) ]
TOTAL THIS MO.     0
DPTR FM NORMAL     0    [PRESSURE DATA]
TOTAL FM JAN 1     0    HIGHEST SLP M ON M
DPTR FM NORMAL     0    LOWEST  SLP 29.02 ON  6

[REMARKS]
