000
CXUS55 KABR 201400
CF6ATY
PRELIMINARY LOCAL CLIMATOLOGICAL DATA (WS FORM: F-6)

                                          STATION:   WATERTOWN SD
                                          MONTH:     SEPTEMBER
                                          YEAR:      2017
                                          LATITUDE:   44 55 N
                                          LONGITUDE:  97  9 W

  TEMPERATURE IN F:       :PCPN:    SNOW:  WIND      :SUNSHINE: SKY     :PK WND
================================================================================
1   2   3   4   5  6A  6B    7    8   9   10  11  12  13   14  15   16   17  18
                                     12Z  AVG MX 2MIN
DY MAX MIN AVG DEP HDD CDD  WTR  SNW DPTH SPD SPD DIR MIN PSBL S-S WX    SPD DR
================================================================================

 1  70  62  66   1   0   1 0.04  0.0    0 13.6 22 170   M    M  10 1      28 150
 2  80  57  69   4   0   4 0.00  0.0    0  7.1 14 310   M    M   3 1      18 310
 3  82  56  69   5   0   4 0.00  0.0    0 10.4 22  20   M    M   0 1      28  10
 4  72  50  61  -3   4   0 0.00  0.0    0 12.7 30 340   M    M   1        37 330
 5  66  44  55  -9  10   0 0.00  0.0    0 14.5 26 330   M    M   2        35 350
 6  67  40  54  -9  11   0 0.00  0.0    0  5.4 17 340   M    M   3        22 310
 7  78  44  61  -2   4   0 0.00  0.0    0  4.9 15 260   M    M   2        19 270
 8  70  49  60  -2   5   0 0.00  0.0    0 10.2 16 110   M    M   3 12     24 120
 9  75  54  65   3   0   0 0.07  0.0    0  9.2 17 160   M    M   2 13     24 140
10  80  62  71   9   0   6 0.00  0.0    0 18.6 31 200   M    M   2        41 190
11  82  58  70   9   0   5 0.00  0.0    0  5.2 12  70   M    M   0        15  30
12  88  60  74  13   0   9 0.00  0.0    0  9.7 20 200   M    M   0 1      24 200
13  90  63  77  17   0  12    T  0.0    0  8.2 14 210   M    M   1 3      17 200
14  84  60  72  12   0   7 0.00  0.0    0  7.4 16  20   M    M   1 1      20  20
15  77  57  67   8   0   2 0.09  0.0    0 11.7 22  60   M    M   9 13     31  60
16  57  45  51  -8  14   0 0.16  0.0    0 11.3 20 260   M    M   9 13     26 290
17  63  43  53  -5  12   0 0.00  0.0    0  8.6 20 320   M    M   4        23 320
18  73  52  63   5   2   0 0.00  0.0    0  9.5 16 150   M    M   4        22 150
19  77  61  69  11   0   4 1.75  0.0    0 17.8 29 310   M    M   8 123    45 290
================================================================================
SM 1431 1017        62  54  2.11     0.0 196.0          M       64
================================================================================
AV 75.3 53.5                              10.3 FASTST   M    M   3    MAX(MPH)
                                 MISC ---->  # 31 200               # 45  290
================================================================================
NOTES:
# LAST OF SEVERAL OCCURRENCES

COLUMN 17 PEAK WIND IN M.P.H.

PRELIMINARY LOCAL CLIMATOLOGICAL DATA (WS FORM: F-6) , PAGE 2

                                          STATION:  WATERTOWN SD
                                          MONTH:    SEPTEMBER
                                          YEAR:     2017
                                          LATITUDE:   44 55 N
                                          LONGITUDE:  97  9 W

[TEMPERATURE DATA]      [PRECIPITATION DATA]       SYMBOLS USED IN COLUMN 16

AVERAGE MONTHLY: 64.4   TOTAL FOR MONTH:   2.11    1 = FOG OR MIST
DPTR FM NORMAL:   2.9   DPTR FM NORMAL:    0.36    2 = FOG REDUCING VISIBILITY
HIGHEST:    90 ON 13    GRTST 24HR  1.75 ON 19-19      TO 1/4 MILE OR LESS
LOWEST:     40 ON  6                               3 = THUNDER
                        SNOW, ICE PELLETS, HAIL    4 = ICE PELLETS
                        TOTAL MONTH:   0.0 INCH    5 = HAIL
                        GRTST 24HR     0.0         6 = FREEZING RAIN OR DRIZZLE
                        GRTST DEPTH:   0           7 = DUSTSTORM OR SANDSTORM:
                                                       VSBY 1/2 MILE OR LESS
                                                   8 = SMOKE OR HAZE
[NO. OF DAYS WITH]      [WEATHER - DAYS WITH]      9 = BLOWING SNOW
                                                   X = TORNADO
MAX 32 OR BELOW:   0    0.01 INCH OR MORE:   5
MAX 90 OR ABOVE:   1    0.10 INCH OR MORE:   2
MIN 32 OR BELOW:   0    0.50 INCH OR MORE:   1
MIN  0 OR BELOW:   0    1.00 INCH OR MORE:   1

[HDD (BASE 65) ]
TOTAL THIS MO.    62    CLEAR  (SCALE 0-3)  12
DPTR FM NORMAL   -40    PTCLDY (SCALE 4-7)   4
TOTAL FM JUL 1    90    CLOUDY (SCALE 8-10)  3
DPTR FM NORMAL   -69

[CDD (BASE 65) ]
TOTAL THIS MO.    54
DPTR FM NORMAL    19    [PRESSURE DATA]
TOTAL FM JAN 1   429    HIGHEST SLP M ON M
DPTR FM NORMAL   -80    LOWEST  SLP 29.31 ON 19

[REMARKS]
