000
CXUS55 KABR 221400
CF6ATY
PRELIMINARY LOCAL CLIMATOLOGICAL DATA (WS FORM: F-6)

                                          STATION:   WATERTOWN SD
                                          MONTH:     NOVEMBER
                                          YEAR:      2014
                                          LATITUDE:   44 55 N
                                          LONGITUDE:  97  9 W

  TEMPERATURE IN F:       :PCPN:    SNOW:  WIND      :SUNSHINE: SKY     :PK WND
================================================================================
1   2   3   4   5  6A  6B    7    8   9   10  11  12  13   14  15   16   17  18
                                     12Z  AVG MX 2MIN
DY MAX MIN AVG DEP HDD CDD  WTR  SNW DPTH SPD SPD DIR MIN PSBL S-S WX    SPD DR
================================================================================

 1  48  26  37  -1  28   0 0.00  0.0    0 21.7 33 160   M    M   0        40 180
 2  55  35  45   7  20   0 0.00  0.0    0 13.9 25 180   M    M   0        32 180
 3  50  34  42   5  23   0 0.02  0.0    0  9.8 24 310   M    M   6        30 310
 4  48  30  39   3  26   0 0.00  0.0    0 10.9 22 290   M    M   2        28 280
 5  52  32  42   6  23   0 0.09  0.0    0 14.5 31 320   M    M  10 1      42 320
 6  46  32  39   4  26   0 0.00  0.0    0  9.7 21 330   M    M   4        26 330
 7  59  36  48  13  17   0    T  0.0    0 20.3 41 330   M    M   7        52 340
 8  43  32  38   4  27   0    T  0.0    0 14.8 33 340   M    M   8        40 340
 9  34  24  29  -5  36   0 0.06  0.5    0  8.0 16  70   M    M   8 18     20  20
10  24  15  20 -13  45   0 0.32  7.5    3 23.3 36  20   M    M  10 128    45  20
11  18  12  15 -17  50   0 0.01    T    8 19.7 28 350   M    M  10 18     33 340
12  20   9  15 -17  50   0 0.01    T    8 17.2 26 320   M    M  10 1      31 320
13  17   0   9 -22  56   0 0.00  0.0    7 14.0 25 320   M    M   7 18     35 330
14  15  -7   4 -27  61   0    T    T    7  3.3  9 150   M    M   2 12     12 150
15  20   3  12 -18  53   0 0.17  1.8    8  7.9 17 310   M    M  10 1      20 320
16  18  -7   6 -24  59   0    T    T    9 15.1 25 310   M    M   4 18     32 300
17  11   0   6 -23  59   0 0.01  0.1    9 17.9 26 310   M    M   6 18     33 320
18   M   M   M   M   M   M 0.00  0.0    9 16.7 28 330   M    M  10 8      38 320
19  21  11  16 -12  49   0    T    T    9 17.6 29 320   M    M   8 18     35 310
20  15  -1   7 -20  58   0 0.00  0.0    9  6.5 16 170   M    M   0        19 170
21  34   6  20  -6  45   0 0.00  0.0    7 15.1 25 200   M    M   2 18     32 170
================================================================================
SM  648  322       811   0  0.69     9.9 297.9          M      124
================================================================================
AV 32.4 16.1                              14.2 FASTST   M    M   6    MAX(MPH)
                                 MISC ---->  # 41 330               # 52  340
================================================================================
NOTES:
# LAST OF SEVERAL OCCURRENCES

COLUMN 17 PEAK WIND IN M.P.H.

PRELIMINARY LOCAL CLIMATOLOGICAL DATA (WS FORM: F-6) , PAGE 2

                                          STATION:  WATERTOWN SD
                                          MONTH:    NOVEMBER
                                          YEAR:     2014
                                          LATITUDE:   44 55 N
                                          LONGITUDE:  97  9 W

[TEMPERATURE DATA]      [PRECIPITATION DATA]       SYMBOLS USED IN COLUMN 16

AVERAGE MONTHLY: 24.2   TOTAL FOR MONTH:   0.69    1 = FOG OR MIST
DPTR FM NORMAL:  -8.1   DPTR FM NORMAL:    0.12    2 = FOG REDUCING VISIBILITY
HIGHEST:    59 ON  7    GRTST 24HR  0.32 ON 10-10      TO 1/4 MILE OR LESS
LOWEST:     -7 ON 16,14                            3 = THUNDER
                        SNOW, ICE PELLETS, HAIL    4 = ICE PELLETS
                        TOTAL MONTH:   9.9 INCHES  5 = HAIL
                        GRTST 24HR   7.5 ON 10-10  6 = FREEZING RAIN OR DRIZZLE
                        GRTST DEPTH:   9 ON 20,19  7 = DUSTSTORM OR SANDSTORM:
                                                       VSBY 1/2 MILE OR LESS
                                                   8 = SMOKE OR HAZE
[NO. OF DAYS WITH]      [WEATHER - DAYS WITH]      9 = BLOWING SNOW
                                                   X = TORNADO
MAX 32 OR BELOW:  10    0.01 INCH OR MORE:   8
MAX 90 OR ABOVE:   0    0.10 INCH OR MORE:   2
MIN 32 OR BELOW:  17    0.50 INCH OR MORE:   0
MIN  0 OR BELOW:   5    1.00 INCH OR MORE:   0

[HDD (BASE 65) ]
TOTAL THIS MO.   811    CLEAR  (SCALE 0-3)   6
DPTR FM NORMAL   127    PTCLDY (SCALE 4-7)   9
TOTAL FM JUL 1  1593    CLOUDY (SCALE 8-10)  6
DPTR FM NORMAL    25

[CDD (BASE 65) ]
TOTAL THIS MO.     0
DPTR FM NORMAL     0    [PRESSURE DATA]
TOTAL FM JAN 1   369    HIGHEST SLP M ON M
DPTR FM NORMAL  -146    LOWEST  SLP 29.65 ON  7

[REMARKS]
