000
CXUS53 KGID 290730
CF6AUH
PRELIMINARY LOCAL CLIMATOLOGICAL DATA (WS FORM: F-6)

                                          STATION:   AURORA
                                          MONTH:     DECEMBER
                                          YEAR:      2014
                                          LATITUDE:   40 54 N
                                          LONGITUDE:  97 59 W

  TEMPERATURE IN F:       :PCPN:    SNOW:  WIND      :SUNSHINE: SKY     :PK WND
================================================================================
1   2   3   4   5  6A  6B    7    8   9   10  11  12  13   14  15   16   17  18
                                     12Z  AVG MX 2MIN
DY MAX MIN AVG DEP HDD CDD  WTR  SNW DPTH SPD SPD DIR MIN PSBL S-S WX    SPD DR
================================================================================

 1  24  14  19 -11  46   0 0.00    M    M 10.4 17 360   M    M   4        18  10
 2  51  17  34   4  31   0 0.00    M    M 11.7 22 210   M    M   0        28 220
 3  38  19  29  -1  36   0 0.00    M    M  7.4 10 350   M    M   0         M  M
 4  47  18  33   4  32   0 0.00    M    M  8.4 14 200   M    M   0        20 190
 5  53  25  39  10  26   0 0.00    M    M  6.9 13 350   M    M   0         M  M
 6  40  18  29   1  36   0 0.00    M    M  6.8 10 140   M    M   1 1       M  M
 7  41  29  35   7  30   0 0.00    M    M  9.5 15 190   M    M   9 12     22 190
 8  55  24  40  12  25   0 0.00    M    M  9.4 15  10   M    M   0         M  M
 9  34  12  23  -5  42   0 0.00    M    M  4.5 12 140   M    M   0         M  M
10  36  21  29   2  36   0 0.00    M    M  6.2  9 150   M    M   8 1       M  M
11  38  32  35   8  30   0 0.00    M    M  7.3 12 210   M    M  10 1       M  M
12  52  38  45  18  20   0 0.00    M    M  9.1 14 190   M    M  10 1      18 190
13  54  47  51  25  14   0 0.00    M    M 11.4 16 170   M    M  10 1      23 180
14  58  39  49  23  16   0 0.09    M    M 13.4 21  10   M    M  10 1      25  10
15  39  27  33   7  32   0    M    M    M 24.9 37 340   M    M  10 1      46 340
16  27  20  24  -2  41   0 0.00    M    M 16.4 30 340   M    M  10        40 340
17  26  20  23  -3  42   0 0.00    M    M  5.7  9 130   M    M  10         M  M
18  30  24  27   1  38   0    M    M    M  3.2  6 140   M    M  10 1       M  M
19  34  30  32   6  33   0 0.00    M    M  7.7 14 200   M    M  10 1      16 190
20  34  29  32   7  33   0 0.00    M    M  4.1  8 150   M    M  10 12      M  M
21  42  31  37  12  28   0 0.00    M    M 11.8 18 200   M    M   9 12     25 190
22  46  32  39  14  26   0 0.00    M    M 13.4 27 330   M    M   9 1      32 320
23  35  31  33   8  32   0    M    M    M 20.5 28 340   M    M  10 1      38 340
24  39  27  33   8  32   0 0.00    M    M 11.5 23 340   M    M   5        29 340
25  46  29  38  13  27   0 0.00    M    M 10.3 15 360   M    M   0        21 160
26  33  23  28   3  37   0    M    M    M 17.2 22 360   M    M  10 1      29 360
27  27  10  19  -6  46   0    T    M    M  9.5 16 320   M    M   1        16 300
28  28   7  18  -7  47   0 0.00    M    M  5.1 10 250   M    M   4         M  M
================================================================================
SM 1107  693       914   0  0.09    M    283.7          M      170
================================================================================
AV 39.5 24.8                              10.1 FASTST   M    M   6    MAX(MPH)
                                 MISC ---->    37   M               # 46  340
================================================================================
NOTES:
# LAST OF SEVERAL OCCURRENCES

COLUMN 17 PEAK WIND IN M.P.H.

PRELIMINARY LOCAL CLIMATOLOGICAL DATA (WS FORM: F-6) , PAGE 2

                                          STATION:  AURORA
                                          MONTH:    DECEMBER
                                          YEAR:     2014
                                          LATITUDE:   40 54 N
                                          LONGITUDE:  97 59 W

[TEMPERATURE DATA]      [PRECIPITATION DATA]       SYMBOLS USED IN COLUMN 16

AVERAGE MONTHLY: 32.1   TOTAL FOR MONTH:   0.09    1 = FOG OR MIST
DPTR FM NORMAL:   5.4   DPTR FM NORMAL:   -0.73    2 = FOG REDUCING VISIBILITY
HIGHEST:    58 ON 14    GRTST 24HR  0.09 ON 14-14      TO 1/4 MILE OR LESS
LOWEST:      7 ON 28                               3 = THUNDER
                        SNOW, ICE PELLETS, HAIL    4 = ICE PELLETS
                        TOTAL MONTH:    M          5 = HAIL
                        GRTST 24HR    M  ON   M    6 = FREEZING RAIN OR DRIZZLE
                        GRTST DEPTH:  M  ON   M    7 = DUSTSTORM OR SANDSTORM:
                                                       VSBY 1/2 MILE OR LESS
                                                   8 = SMOKE OR HAZE
[NO. OF DAYS WITH]      [WEATHER - DAYS WITH]      9 = BLOWING SNOW
                                                   X = TORNADO
MAX 32 OR BELOW:   6    0.01 INCH OR MORE:   1
MAX 90 OR ABOVE:   0    0.10 INCH OR MORE:   0
MIN 32 OR BELOW:  25    0.50 INCH OR MORE:   0
MIN  0 OR BELOW:   0    1.00 INCH OR MORE:   0

[HDD (BASE 65) ]
TOTAL THIS MO.   914    CLEAR  (SCALE 0-3)   9
DPTR FM NORMAL  -157    PTCLDY (SCALE 4-7)   4
TOTAL FM JUL 1  2318    CLOUDY (SCALE 8-10) 15
DPTR FM NORMAL   -81

[CDD (BASE 65) ]
TOTAL THIS MO.     0
DPTR FM NORMAL     0    [PRESSURE DATA]
TOTAL FM JAN 1   947    HIGHEST SLP M ON M
DPTR FM NORMAL   -31    LOWEST  SLP M ON M

[REMARKS]
