000
CXUS54 KBMX 281216
CF6AUO
PRELIMINARY LOCAL CLIMATOLOGICAL DATA (WS FORM: F-6)

                                          STATION:   AUBURN    AWOS
                                          MONTH:     FEBRUARY
                                          YEAR:      2015
                                          LATITUDE:   32 34 N
                                          LONGITUDE:  85 30 W

  TEMPERATURE IN F:       :PCPN:    SNOW:  WIND      :SUNSHINE: SKY     :PK WND
================================================================================
1   2   3   4   5  6A  6B    7    8   9   10  11  12  13   14  15   16   17  18
                                     12Z  AVG MX 2MIN
DY MAX MIN AVG DEP HDD CDD  WTR  SNW DPTH SPD SPD DIR MIN PSBL S-S WX    SPD DR
================================================================================

 1  57  39  48   M  17   0 1.24  0.0    0  8.8 20 200   M    M   7        23 200
 2  57  28  43   M  22   0 0.20  0.0    0 12.9 21 330   M    M   5        33 320
 3  48  25  37   M  28   0 0.00  0.0    0  4.5  9  20   M    M   0         M  M
 4  46  34  40   M  25   0 0.00  0.0    0  4.7  9 140   M    M   5         M  M
 5  54  30  42   M  23   0 0.01  0.0    0 10.1 17 340   M    M   2        23 350
 6  54  27  41   M  24   0 0.00  0.0    0  5.0 12  40   M    M   0         M  M
 7  63  36  50   M  15   0 0.00  0.0    0  6.1 12 200   M    M   0         M  M
 8  66  39  53   M  12   0 0.00  0.0    0  5.9 12 200   M    M   4         M  M
 9  66  45  56   M   9   0 0.06  0.0    0 10.3 17 330   M    M   6        23 310
10  52  36  44   M  21   0 0.00  0.0    0 11.8 18 340   M    M   5        28 350
11  63  30  47   M  18   0 0.00  0.0    0  5.8 10 310   M    M   0         M  M
12  54  27  41   M  24   0 0.00  0.0    0 10.7 18 320   M    M   0        28 330
13  45  23  34   M  31   0 0.00  0.0    0  7.7 16 360   M    M   0        23 360
14  61  46  54   M  11   0 0.00  0.0    M  9.9 15 250   M    M   0        22 250
15  48  28  38   M  27   0 0.00  0.0    0  8.4 20 350   M    M   0        24 350
16  59  36  48   M  17   0 0.67  0.0    0 11.1 20 220   M    M   9        29 220
17  45  27  36   M  29   0 0.03  0.0    0 11.2 15 310   M    M   4        23 310
18  43  23  33   M  32   0 0.00  0.0    0 12.6 20 290   M    M   2        31 290
19  32  18  25   M  40   0 0.00  0.0    0 10.2 16 330   M    M   0        24 330
20  34  18  26   M  39   0 0.00  0.0    0  7.2 10  50   M    M   7        16 120
21  63  32  48   M  17   0 0.01    M    0 12.7 21 180   M    M   7        28 190
22  64  52  58   M   7   0 0.51  0.0    0  6.1 12 170   M    M  10         M  M
23  54  39  47   M  18   0 0.42  0.0    0  9.8 15 310   M    M   7        21 350
24  46  34  40   M  25   0 0.08  0.0    0  6.6 12 350   M    M   7         M  M
25  39  34  37   M  28   0 1.19  0.0    0  7.4 12  30   M    M   8        18  70
26  43  30  37   M  28   0 0.00  0.0    0  8.7 15 350   M    M   9        18 350
27  52  28  40   M  25   0 0.00  0.0    0  9.4 14  20   M    M   0        20  10
================================================================================
SM 1408  864       612   0  4.42     0.0 235.6          M      104
================================================================================
AV 52.1 32.0                               8.7 FASTST   M    M   4    MAX(MPH)
                                 MISC ---->    21   M                 33    M
================================================================================
NOTES:
# LAST OF SEVERAL OCCURRENCES

COLUMN 17 PEAK WIND IN M.P.H.

PRELIMINARY LOCAL CLIMATOLOGICAL DATA (WS FORM: F-6) , PAGE 2

                                          STATION:  AUBURN    AWOS
                                          MONTH:    FEBRUARY
                                          YEAR:     2015
                                          LATITUDE:   32 34 N
                                          LONGITUDE:  85 30 W

[TEMPERATURE DATA]      [PRECIPITATION DATA]       SYMBOLS USED IN COLUMN 16

AVERAGE MONTHLY: 42.1   TOTAL FOR MONTH:   4.42    1 = FOG OR MIST
DPTR FM NORMAL:     M   DPTR FM NORMAL:       M    2 = FOG REDUCING VISIBILITY
HIGHEST:    66 ON  9, 8 GRTST 24HR  1.24 ON  1- 1      TO 1/4 MILE OR LESS
LOWEST:     18 ON 20,19                            3 = THUNDER
                        SNOW, ICE PELLETS, HAIL    4 = ICE PELLETS
                        TOTAL MONTH:   0.0 INCH    5 = HAIL
                        GRTST 24HR     0.0         6 = FREEZING RAIN OR DRIZZLE
                        GRTST DEPTH:   0           7 = DUSTSTORM OR SANDSTORM:
                                                       VSBY 1/2 MILE OR LESS
                                                   8 = SMOKE OR HAZE
[NO. OF DAYS WITH]      [WEATHER - DAYS WITH]      9 = BLOWING SNOW
                                                   X = TORNADO
MAX 32 OR BELOW:   1    0.01 INCH OR MORE:  11
MAX 90 OR ABOVE:   0    0.10 INCH OR MORE:   6
MIN 32 OR BELOW:  15    0.50 INCH OR MORE:   4
MIN  0 OR BELOW:   0    1.00 INCH OR MORE:   2

[HDD (BASE 65) ]
TOTAL THIS MO.   612    CLEAR  (SCALE 0-3)  12
DPTR FM NORMAL     M    PTCLDY (SCALE 4-7)  12
TOTAL FM JUL 1  2314    CLOUDY (SCALE 8-10)  3
DPTR FM NORMAL     M

[CDD (BASE 65) ]
TOTAL THIS MO.     0
DPTR FM NORMAL     M    [PRESSURE DATA]
TOTAL FM JAN 1     0    HIGHEST SLP M ON M
DPTR FM NORMAL     M    LOWEST  SLP M ON M

[REMARKS]
