000
CXUS53 KGRB 010713
CF6AUW
PRELIMINARY LOCAL CLIMATOLOGICAL DATA (WS FORM: F-6)

                                          STATION:   WAUSAU WI
                                          MONTH:     SEPTEMBER
                                          YEAR:      2014
                                          LATITUDE:   44 55 N
                                          LONGITUDE:  89 37 W

  TEMPERATURE IN F:       :PCPN:    SNOW:  WIND      :SUNSHINE: SKY     :PK WND
================================================================================
1   2   3   4   5  6A  6B    7    8   9   10  11  12  13   14  15   16   17  18
                                     12Z  AVG MX 2MIN
DY MAX MIN AVG DEP HDD CDD  WTR  SNW DPTH SPD SPD DIR MIN PSBL S-S WX    SPD DR
================================================================================

 1  75  57  66   2   0   1 0.14  0.0    0  8.0 20 290   M    M   4 1      24 290
 2  76  54  65   1   0   0 0.00  0.0    0  5.0 15 290   M    M   1        20 290
 3  77  53  65   1   0   0 0.56  0.0    0  7.6 22 150   M    M   3 13     25 160
 4  74  64  69   6   0   4 2.91  0.0    0  8.1 26 180   M    M   7 13     36 360
 5  73  51  62  -1   3   0 0.00  0.0    0  8.6 18 290   M    M   6 1      23 310
 6  72  49  61  -1   4   0 0.00  0.0    0  6.2 17 290   M    M   0        23 290
 7  76  49  63   1   2   0 0.00  0.0    0  5.6 16 260   M    M   1        19 280
 8  71  51  61  -1   4   0    T  0.0    0  7.7 18 200   M    M   3        24 190
 9  80  58  69   8   0   4 0.40  0.0    0  6.4 14 140   M    M   6 13     18 150
10  67  43  55  -6  10   0 1.01  0.0    0 12.2 24 320   M    M  10 13     34 330
11  55  39  47 -13  18   0 0.00  0.0    0  8.4 17 340   M    M   8        28 340
12  50  37  44 -16  21   0 0.29  0.0    0  2.4  9 320   M    M   6 1      13 300
13  56  37  47 -13  18   0 0.00  0.0    0  5.6 10 200   M    M   5 1      15 310
14  65  46  56  -3   9   0 0.00  0.0    0  9.8 23 260   M    M   5        28 270
15  62  40  51  -8  14   0    T  0.0    0  5.0 14 310   M    M   5        18 300
16  65  37  51  -7  14   0 0.00  0.0    0  5.3 16 280   M    M   0        24 270
17  70  39  55  -3  10   0 0.00  0.0    0  6.5 15 260   M    M   3        19 290
18  58  42  50  -8  15   0 0.00  0.0    0  6.7 13 130   M    M   6 1      16 150
19  71  48  60   3   5   0 0.01  0.0    0 13.7 26 190   M    M   5 18     35 180
20  76  54  65   8   0   0 0.18  0.0    0 12.2 26 300   M    M   5 13     36 310
21  59  40  50  -6  15   0 0.19  0.0    0 10.3 23 350   M    M   6 1      31 350
22  66  39  53  -3  12   0 0.00  0.0    0  6.0 18 280   M    M   1        23 270
23  73  44  59   4   6   0 0.00  0.0    0  3.9 12 180   M    M   0 1      15 190
24  70  47  59   4   6   0 0.02  0.0    0  4.7 14 190   M    M   2        18 170
25  74  53  64  10   1   0    T  0.0    0  3.3 10 190   M    M   6        12 190
26  75  47  61   7   4   0 0.00  0.0    0  4.2 10 180   M    M   0 1      13 170
27  79  52  66  12   0   1 0.00  0.0    0  5.0 12 230   M    M   1        15 210
28  80  53  67  14   0   2 0.00  0.0    0  3.5 10 230   M    M   1 1      14 220
29  59  41  50  -3  15   0 0.28  0.0    0  7.5 14  10   M    M   7 1      19  40
30  55  39  47  -5  18   0 0.00  0.0    0  6.9 15 140   M    M   7        17 150
================================================================================
SM 2059 1403       224  12  5.99     0.0 206.3          M      120
================================================================================
AV 68.6 46.8                               6.9 FASTST   M    M   4    MAX(MPH)
                                 MISC ---->  # 26 180               # 36  360
================================================================================
NOTES:
# LAST OF SEVERAL OCCURRENCES

COLUMN 17 PEAK WIND IN M.P.H.

PRELIMINARY LOCAL CLIMATOLOGICAL DATA (WS FORM: F-6) , PAGE 2

                                          STATION:  WAUSAU WI
                                          MONTH:    SEPTEMBER
                                          YEAR:     2014
                                          LATITUDE:   44 55 N
                                          LONGITUDE:  89 37 W

[TEMPERATURE DATA]      [PRECIPITATION DATA]       SYMBOLS USED IN COLUMN 16

AVERAGE MONTHLY: 57.7   TOTAL FOR MONTH:   5.99    1 = FOG OR MIST
DPTR FM NORMAL:  -0.8   DPTR FM NORMAL:    2.09    2 = FOG REDUCING VISIBILITY
HIGHEST:    80 ON 28, 9 GRTST 24HR  3.25 ON  3- 4      TO 1/4 MILE OR LESS
LOWEST:     37 ON 16,13                            3 = THUNDER
                        SNOW, ICE PELLETS, HAIL    4 = ICE PELLETS
                        TOTAL MONTH:   0.0 INCH    5 = HAIL
                        GRTST 24HR     0.0         6 = FREEZING RAIN OR DRIZZLE
                        GRTST DEPTH:   0           7 = DUSTSTORM OR SANDSTORM:
                                                       VSBY 1/2 MILE OR LESS
                                                   8 = SMOKE OR HAZE
[NO. OF DAYS WITH]      [WEATHER - DAYS WITH]      9 = BLOWING SNOW
                                                   X = TORNADO
MAX 32 OR BELOW:   0    0.01 INCH OR MORE:  11
MAX 90 OR ABOVE:   0    0.10 INCH OR MORE:   9
MIN 32 OR BELOW:   0    0.50 INCH OR MORE:   3
MIN  0 OR BELOW:   0    1.00 INCH OR MORE:   2

[HDD (BASE 65) ]
TOTAL THIS MO.   224    CLEAR  (SCALE 0-3)  13
DPTR FM NORMAL    -3    PTCLDY (SCALE 4-7)  15
TOTAL FM JUL 1   278    CLOUDY (SCALE 8-10)  2
DPTR FM NORMAL   -15

[CDD (BASE 65) ]
TOTAL THIS MO.    12
DPTR FM NORMAL   -18    [PRESSURE DATA]
TOTAL FM JAN 1   338    HIGHEST SLP M ON M
DPTR FM NORMAL   -67    LOWEST  SLP 29.42 ON 10

[REMARKS]
#FINAL-09-14#
SNOWFALL AND PRECIPITATION AMOUNTS, AND SNOWDEPTH DURING
MIXED OR ALL SNOW EVENTS PROVIDED BY WSAW-TV.
